000
CXUS53 KDDC 011614
CF6GCK
PRELIMINARY LOCAL CLIMATOLOGICAL DATA (WS FORM: F-6)
STATION: GARDEN CITY REGIONAL ARPT KS
MONTH: FEBRUARY
YEAR: 2024
LATITUDE: 37 55 N
LONGITUDE: 100 43 W
TEMPERATURE IN F: :PCPN: SNOW: WIND :SUNSHINE: SKY :PK WND
================================================================================
1 2 3 4 5 6A 6B 7 8 9 10 11 12 13 14 15 16 17 18
12Z AVG MX 2MIN
DY MAX MIN AVG DEP HDD CDD WTR SNW DPTH SPD SPD DIR MIN PSBL S-S WX SPD DR
================================================================================
1 63 33 48 16 17 0 0.00 M M 6.3 16 200 M M 0 25 200
2 57 28 43 11 22 0 0.04 M M 8.8 18 200 M M 3 1 25 200
3 56 39 48 16 17 0 0.00 M M 14.5 25 120 M M 6 12 32 130
4 45 39 42 9 23 0 0.04 M M 14.1 24 20 M M 10 12 32 20
5 54 36 45 12 20 0 0.00 M M 5.8 13 190 M M 5 12 17 200
6 59 35 47 14 18 0 0.00 M M 16.5 28 190 M M 0 39 200
7 56 42 49 16 16 0 0.00 M M 22.8 33 190 M M 2 45 180
8 59 32 46 13 19 0 0.00 M M 11.7 26 330 M M 0 35 300
9 53 25 39 6 26 0 0.00 M M 12.5 28 20 M M 1 35 30
10 33 23 28 -6 37 0 T M M 13.1 21 40 M M 6 18 27 40
11 40 22 31 -3 34 0 T M M 11.3 20 10 M M 8 1 23 20
12 51 17 34 0 31 0 0.00 M M 6.3 12 330 M M 0 15 340
13 59 21 40 6 25 0 0.00 M M 7.6 18 40 M M 0 24 40
14 64 22 43 9 22 0 0.00 M M 7.8 23 20 M M 0 30 20
15 44 22 33 -1 32 0 0.00 M M 11.3 20 10 M M 4 26 150
16 34 21 28 -7 37 0 0.01 M M 15.6 28 30 M M 10 1 36 40
17 34 13 24 -11 41 0 0.01 M M 9.6 20 320 M M 3 1 26 300
18 54 14 34 -1 31 0 0.00 M M 9.1 17 190 M M 0 23 190
19 62 28 45 10 20 0 0.00 M M 11.5 26 350 M M 0 35 350
20 71 30 51 15 14 0 0.00 M M 4.6 15 150 M M 0 18 150
21 68 33 51 15 14 0 0.00 M M 7.5 15 300 M M 0 19 300
22 62 33 48 12 17 0 0.00 M M 16.6 35 10 M M 0 45 10
23 61 26 44 7 21 0 0.00 M M 14.2 32 340 M M 0 44 340
24 70 20 45 8 20 0 0.00 M M 10.1 24 220 M M 0 34 240
25 76 24 50 13 15 0 0.00 M M 9.2 22 280 M M 0 29 250
26 82 32 57 19 8 0 0.00 M M 12.1 31 270 M M 0 45 280
27 73 22 48 10 17 0 T M M 20.2 43 360 M M 2 54 10
28 50 8 29 -9 36 0 0.00 M M 10.4 20 200 M M 1 25 210
29 50 26 38 0 27 0 0.00 M M 17.7 32 190 M M 3 44 200
================================================================================
SM 1640 766 677 0 0.10 M 338.8 M 64
================================================================================
AV 56.6 26.4 11.7 FASTST M M 2 MAX(MPH)
MISC ----> 43 360 54 10
================================================================================
NOTES:
# LAST OF SEVERAL OCCURRENCES
COLUMN 17 PEAK WIND IN M.P.H.
PRELIMINARY LOCAL CLIMATOLOGICAL DATA (WS FORM: F-6) , PAGE 2
STATION: GARDEN CITY REGIONAL ARPT KS
MONTH: FEBRUARY
YEAR: 2024
LATITUDE: 37 55 N
LONGITUDE: 100 43 W
[TEMPERATURE DATA] [PRECIPITATION DATA] SYMBOLS USED IN COLUMN 16
AVERAGE MONTHLY: 41.5 TOTAL FOR MONTH: 0.10 1 = FOG OR MIST
DPTR FM NORMAL: 6.8 DPTR FM NORMAL: -0.30 2 = FOG REDUCING VISIBILITY
HIGHEST: 82 ON 26 GRTST 24HR 0.04 ON 2, 4 TO 1/4 MILE OR LESS
LOWEST: 8 ON 28 3 = THUNDER
4 = ICE PELLETS
5 = HAIL
6 = FREEZING RAIN OR DRIZZLE
7 = DUSTSTORM OR SANDSTORM:
VSBY 1/2 MILE OR LESS
8 = SMOKE OR HAZE
[NO. OF DAYS WITH] [WEATHER - DAYS WITH] 9 = BLOWING SNOW
X = TORNADO
MAX 32 OR BELOW: 0 0.01 INCH OR MORE: 4
MAX 90 OR ABOVE: 0 0.10 INCH OR MORE: 0
MIN 32 OR BELOW: 21 0.50 INCH OR MORE: 0
MIN 0 OR BELOW: 0 1.00 INCH OR MORE: 0
[HDD (BASE 65) ]
TOTAL THIS MO. 677 CLEAR (SCALE 0-3) 20
DPTR FM NORMAL -171 PTCLDY (SCALE 4-7) 7
TOTAL FM JUL 1 3703 CLOUDY (SCALE 8-10) 2
DPTR FM NORMAL -345
[CDD (BASE 65) ]
TOTAL THIS MO. 0
DPTR FM NORMAL 0 [PRESSURE DATA]
TOTAL FM JAN 1 0 HIGHEST SLP 30.55 ON 17
DPTR FM NORMAL 0 LOWEST SLP 29.32 ON 27
[REMARKS]
#FINAL-02-24#