000
CXUS53 KDDC 021956 CCA
CLAGCK
CLIMATE REPORT
NATIONAL WEATHER SERVICE DODGE CITY, KANSAS
116 PM CST TUE JAN 02 2024
...................................
...THE GARDEN CITY REGIONAL ARPT KS CLIMATE SUMMARY FOR THE YEAR OF 2023...
CLIMATE NORMAL PERIOD 1991 TO 2020
CLIMATE RECORD PERIOD 1948 TO 2024
WEATHER OBSERVED NORMAL DEPART LAST YEAR`S
VALUE DATE(S) VALUE FROM VALUE DATE(S)
NORMAL
................................................................
TEMPERATURE (F)
RECORD
HIGH 110 06/08/1985
07/11/1954
06/24/1953
LOW -22 03/11/1948
HIGHEST 101 07/17 MM MM 108 07/19
09/04
LOWEST -1 01/31 MM MM -9 12/22
02/01
AVG. MAXIMUM 68.6 68.6 0.0 70.2
AVG. MINIMUM 40.2 40.2 -0.0 38.8
MEAN 54.4 54.4 -0.0 54.5
DAYS MAX >= 90 50 67.5 -17.5 91
DAYS MAX <= 32 11 19.3 -8.3 15
DAYS MIN <= 32 154 138.7 15.3 153
DAYS MIN <= 0 2 3.2 -1.2 9
PRECIPITATION (INCHES)
RECORD
MAXIMUM 30.75 1969
MINIMUM 5.03 2022
TOTALS 23.87 18.95 4.92 5.03
DAYS >= .01 60 70.3 -10.3 32
DAYS >= .10 38 35.1 2.9 14
DAYS >= .50 16 12.0 4.0 2
DAYS >= 1.00 6 4.5 1.5 1
GREATEST
24 HR. TOTAL 2.64 07/20 TO 07/20 1.42 07/29 TO 07/30
DEGREE DAYS
HEATING TOTAL 4941 5174 -233 5374
SINCE 7/1 1824 2096 -272 2129
COOLING TOTAL 1210 1325 -115 1689
SINCE 1/1 1210 1325 -115 1689
................................................................
WIND (MPH)
AVERAGE WIND SPEED 11.3
RESULTANT WIND SPEED/DIRECTION 1/100
HIGHEST WIND SPEED/DIRECTION 52/350 DATE 04/19
HIGHEST GUST SPEED/DIRECTION 66/250 DATE 02/26
66/350 04/19
SKY COVER
POSSIBLE SUNSHINE (PERCENT) MM
AVERAGE SKY COVER 0.22
NUMBER OF DAYS FAIR 270
NUMBER OF DAYS PC 69
NUMBER OF DAYS CLOUDY 26
AVERAGE RH (PERCENT) 64
WEATHER CONDITIONS. NUMBER OF DAYS WITH
THUNDERSTORM 53 MIXED PRECIP 0
HEAVY RAIN 30 RAIN 43
LIGHT RAIN 71 FREEZING RAIN 0
LT FREEZING RAIN 2 HAIL 0
HEAVY SNOW 1 SNOW 3
LIGHT SNOW 20 SLEET 0
FOG 140 FOG W/VIS <= 1/4 MILE 31
HAZE 58
- INDICATES NEGATIVE NUMBERS.
R INDICATES RECORD WAS SET OR TIED.
MM INDICATES DATA IS MISSING.
T INDICATES TRACE AMOUNT.
$$