000
CXUS56 KFGZ 012139
CF6GCN
PRELIMINARY LOCAL CLIMATOLOGICAL DATA (WS FORM: F-6)
STATION: GRAND CANYON AZ AIRPORT
MONTH: JANUARY
YEAR: 2022
LATITUDE: 35 57 N
LONGITUDE: 112 9 W
TEMPERATURE IN F: :PCPN: SNOW: WIND :SUNSHINE: SKY :PK WND
================================================================================
1 2 3 4 5 6A 6B 7 8 9 10 11 12 13 14 15 16 17 18
12Z AVG MX 2MIN
DY MAX MIN AVG DEP HDD CDD WTR SNW DPTH SPD SPD DIR MIN PSBL S-S WX SPD DR
================================================================================
1 26 -9 9 -20 56 0 0.02 M M 5.9 15 330 M M 3 1 25 330
2 38 -10 14 -15 51 0 0.00 M M 4.8 13 40 M M 0 15 40
3 45 3 24 -5 41 0 0.00 M M 4.3 13 220 M M 0 15 220
4 45 9 27 -2 38 0 0.00 M M 3.2 12 210 M M 0 14 230
5 47 9 28 -1 37 0 0.00 M M 2.3 13 270 M M 0 18 280
6 52 14 33 4 32 0 0.00 M M 2.3 9 270 M M 0 14 280
7 50 18 34 5 31 0 0.00 M M 7.9 23 220 M M 0 32 210
8 45 21 33 4 32 0 0.00 M M 5.9 16 220 M M 3 20 200
9 41 21 31 2 34 0 0.00 M M 10.4 22 50 M M 0 30 50
10 42 24 33 3 32 0 0.00 M M 10.3 21 50 M M 0 25 50
11 52 18 35 5 30 0 0.00 M M 3.5 13 40 M M 0 13 40
12 52 17 35 5 30 0 0.00 M M 6.9 17 80 M M 0 24 80
13 56 25 41 11 24 0 0.00 M M 2.9 12 220 M M 1 14 210
14 49 22 36 6 29 0 0.00 M M 6.4 20 60 M M 0 22 40
15 46 23 35 5 30 0 0.00 M M 8.5 23 40 M M 0 28 50
16 55 19 37 7 28 0 0.00 M M 4.9 10 40 M M 0 12 40
17 49 20 35 5 30 0 0.00 M M 2.6 14 220 M M 1 17 220
18 35 21 28 -2 37 0 0.22 M M 1.6 10 210 M M 8 128 13 210
19 43 20 32 2 33 0 0.00 M M 1.6 9 40 M M 4 12 11 280
20 46 16 31 1 34 0 0.00 M M 5.3 15 50 M M 0 19 40
21 39 16 28 -2 37 0 0.01 M M 8.3 26 50 M M 5 18 33 50
22 37 28 33 3 32 0 T M M 17.2 29 50 M M 3 8 38 40
23 47 22 35 5 30 0 0.00 M M 5.7 16 40 M M 0 20 30
24 52 16 34 4 31 0 0.00 M M 3.5 10 270 M M 0 14 260
25 44 15 30 0 35 0 0.00 M M 5.0 17 50 M M 2 22 270
26 42 13 28 -2 37 0 0.00 M M 2.7 12 40 M M 0 14 50
27 46 13 30 0 35 0 0.00 M M 9.5 29 50 M M 0 40 50
28 41 24 33 3 32 0 0.00 M M 16.4 33 60 M M 0 44 40
29 48 28 38 8 27 0 0.00 M M 10.3 22 50 M M 0 29 80
30 50 18 34 3 31 0 0.00 M M 2.6 10 360 M M 2 15 10
31 52 10 31 0 34 0 0.00 M M 2.5 15 240 M M 0 20 310
================================================================================
SM 1412 504 1050 0 0.25 M 185.2 M 32
================================================================================
AV 45.5 16.3 6.0 FASTST M M 1 MAX(MPH)
MISC ----> 33 60 44 40
================================================================================
NOTES:
# LAST OF SEVERAL OCCURRENCES
COLUMN 17 PEAK WIND IN M.P.H.
PRELIMINARY LOCAL CLIMATOLOGICAL DATA (WS FORM: F-6) , PAGE 2
STATION: GRAND CANYON AZ AIRPORT
MONTH: JANUARY
YEAR: 2022
LATITUDE: 35 57 N
LONGITUDE: 112 9 W
[TEMPERATURE DATA] [PRECIPITATION DATA] SYMBOLS USED IN COLUMN 16
AVERAGE MONTHLY: 30.9 TOTAL FOR MONTH: 0.25 1 = FOG OR MIST
DPTR FM NORMAL: 1.0 DPTR FM NORMAL: -0.98 2 = FOG REDUCING VISIBILITY
HIGHEST: 56 ON 13 GRTST 24HR 0.31 ON 31- 1 TO 1/4 MILE OR LESS
LOWEST: -10 ON 2 3 = THUNDER
SNOW, ICE PELLETS, HAIL 4 = ICE PELLETS
TOTAL MONTH: M 5 = HAIL
GRTST 24HR M ON M 6 = FREEZING RAIN OR DRIZZLE
GRTST DEPTH: M ON M 7 = DUSTSTORM OR SANDSTORM:
VSBY 1/2 MILE OR LESS
8 = SMOKE OR HAZE
[NO. OF DAYS WITH] [WEATHER - DAYS WITH] 9 = BLOWING SNOW
X = TORNADO
MAX 32 OR BELOW: 1 0.01 INCH OR MORE: 3
MAX 90 OR ABOVE: 0 0.10 INCH OR MORE: 1
MIN 32 OR BELOW: 31 0.50 INCH OR MORE: 0
MIN 0 OR BELOW: 2 1.00 INCH OR MORE: 0
[HDD (BASE 65) ]
TOTAL THIS MO. 1050 CLEAR (SCALE 0-3) 27
DPTR FM NORMAL -40 PTCLDY (SCALE 4-7) 3
TOTAL FM JUL 1 3515 CLOUDY (SCALE 8-10) 1
DPTR FM NORMAL -295
[CDD (BASE 65) ]
TOTAL THIS MO. 0
DPTR FM NORMAL 0 [PRESSURE DATA]
TOTAL FM JAN 1 0 HIGHEST SLP 30.66 ON 2
DPTR FM NORMAL 0 LOWEST SLP 29.55 ON 1
[REMARKS]
#FINAL-01-22#