000
CXUS54 KFWD 110128
CF6GDJ
PRELIMINARY LOCAL CLIMATOLOGICAL DATA (WS FORM: F-6)
STATION: GRANBURY
MONTH: JUNE
YEAR: 2020
LATITUDE: 32 26 N
LONGITUDE: 97 48 W
TEMPERATURE IN F: :PCPN: SNOW: WIND :SUNSHINE: SKY :PK WND
================================================================================
1 2 3 4 5 6A 6B 7 8 9 10 11 12 13 14 15 16 17 18
12Z AVG MX 2MIN
DY MAX MIN AVG DEP HDD CDD WTR SNW DPTH SPD SPD DIR MIN PSBL S-S WX SPD DR
================================================================================
1 86 70 78 2 0 13 M 0.0 0 5.4 10 120 M M 1 M M
2 90 71 81 5 0 16 0.00 0.0 0 6.9 13 120 M M 4 M M
3 93 73 83 6 0 18 0.00 0.0 0 5.9 10 140 M M 1 M M
4 98 75 87 10 0 22 0.00 0.0 0 7.4 13 130 M M 1 17 130
5 96 77 87 10 0 22 0.00 0.0 0 7.4 13 120 M M 1 17 130
6 97 71 84 6 0 19 0.00 0.0 0 4.6 12 120 M M 0 16 120
7 94 76 85 7 0 20 0.00 0.0 0 6.8 12 60 M M 3 M M
8 97 70 84 6 0 19 0.00 0.0 0 3.5 8 140 M M 0 M M
9 96 73 85 7 0 20 0.00 0.0 0 13.1 18 270 M M 2 28 330
10 90 56 73 -6 0 8 0.00 0.0 0 8.1 15 350 M M 0 21 320
11 94 56 75 -4 0 10 0.00 0.0 0 2.9 10 90 M M 0 M M
12 92 58 75 -4 0 10 0.00 0.0 0 4.4 8 100 M M 1 8 M M
13 94 60 77 -2 0 12 0.00 0.0 0 5.0 10 130 M M 0 M M
14 93 65 79 -1 0 14 0.00 0.0 0 5.8 13 120 M M 0 23 110
15 95 66 81 1 0 16 0.00 0.0 0 6.0 13 100 M M 2 20 110
16 96 74 85 5 0 20 0.00 0.0 0 8.2 14 140 M M 1 22 160
17 96 72 84 4 0 19 0.00 0.0 0 10.8 17 140 M M 0 24 190
18 96 73 85 5 0 20 0.00 0.0 0 12.2 22 200 M M 3 27 200
19 96 68 82 1 0 17 2.71 0.0 0 12.8 27 30 M M 5 3 31 30
20 90 66 78 -3 0 13 0.47 0.0 0 7.0 22 280 M M 5 3 35 280
21 88 70 79 -2 0 14 M 0.0 0 9.2 14 190 M M 1 3 25 20
22 92 70 81 0 0 16 0.13 0.0 0 10.5 27 50 M M 4 32 50
23 82 70 76 -6 0 11 0.38 0.0 0 7.3 14 350 M M 6 3 20 350
24 90 69 80 -2 0 15 0.00 0.0 0 4.3 10 30 M M 4 M M
25 90 71 81 -1 0 16 0.00 0.0 0 4.3 9 100 M M 2 M M
26 92 74 83 1 0 18 0.00 0.0 0 10.9 17 200 M M 3 8 24 190
27 95 76 86 4 0 21 0.00 0.0 0 12.6 24 190 M M 4 8 30 190
28 90 79 85 3 0 20 0.00 0.0 0 13.7 22 190 M M 5 30 190
29 95 81 88 6 0 23 0.00 0.0 0 15.2 21 170 M M 4 28 160
30 94 82 88 5 0 23 0.00 0.0 0 11.9 20 180 M M 5 27 160
================================================================================
SM 2787 2112 0 505 3.69 0.0 244.1 M 68
================================================================================
AV 92.9 70.4 8.1 FASTST M M 2 MAX(MPH)
MISC ----> # 27 30 # 35 280
================================================================================
NOTES:
# LAST OF SEVERAL OCCURRENCES
COLUMN 17 PEAK WIND IN M.P.H.
PRELIMINARY LOCAL CLIMATOLOGICAL DATA (WS FORM: F-6) , PAGE 2
STATION: GRANBURY
MONTH: JUNE
YEAR: 2020
LATITUDE: 32 26 N
LONGITUDE: 97 48 W
[TEMPERATURE DATA] [PRECIPITATION DATA] SYMBOLS USED IN COLUMN 16
AVERAGE MONTHLY: 81.7 TOTAL FOR MONTH: 3.69 1 = FOG OR MIST
DPTR FM NORMAL: 1.8 DPTR FM NORMAL: M 2 = FOG REDUCING VISIBILITY
HIGHEST: 98 ON 4 GRTST 24HR 2.71 ON 19-19 TO 1/4 MILE OR LESS
LOWEST: 56 ON 11,10 3 = THUNDER
SNOW, ICE PELLETS, HAIL 4 = ICE PELLETS
TOTAL MONTH: 0.0 INCH 5 = HAIL
GRTST 24HR 0.0 6 = FREEZING RAIN OR DRIZZLE
GRTST DEPTH: 0 7 = DUSTSTORM OR SANDSTORM:
VSBY 1/2 MILE OR LESS
8 = SMOKE OR HAZE
[NO. OF DAYS WITH] [WEATHER - DAYS WITH] 9 = BLOWING SNOW
X = TORNADO
MAX 32 OR BELOW: 0 0.01 INCH OR MORE: 4
MAX 90 OR ABOVE: 27 0.10 INCH OR MORE: 4
MIN 32 OR BELOW: 0 0.50 INCH OR MORE: 1
MIN 0 OR BELOW: 0 1.00 INCH OR MORE: 1
[HDD (BASE 65) ]
TOTAL THIS MO. 0 CLEAR (SCALE 0-3) 20
DPTR FM NORMAL 0 PTCLDY (SCALE 4-7) 10
TOTAL FM JUL 1 2069 CLOUDY (SCALE 8-10) 0
DPTR FM NORMAL -596
[CDD (BASE 65) ]
TOTAL THIS MO. 505
DPTR FM NORMAL 63 [PRESSURE DATA]
TOTAL FM JAN 1 1045 HIGHEST SLP M ON M
DPTR FM NORMAL 269 LOWEST SLP M ON M
[REMARKS]
#FINAL-06-20#