000
CXUS56 KOTX 010910
CF6GEG
PRELIMINARY LOCAL CLIMATOLOGICAL DATA (WS FORM: F-6)
STATION: SPOKANE WA AIRPORT
MONTH: MAY
YEAR: 2021
LATITUDE: 47 37 N
LONGITUDE: 117 32 W
TEMPERATURE IN F: :PCPN: SNOW: WIND :SUNSHINE: SKY :PK WND
================================================================================
1 2 3 4 5 6A 6B 7 8 9 10 11 12 13 14 15 16 17 18
12Z AVG MX 2MIN
DY MAX MIN AVG DEP HDD CDD WTR SNW DPTH SPD SPD DIR MIN PSBL S-S WX SPD DR
================================================================================
1 69 46 58 7 7 0 0.00 0.0 0 13.3 26 260 M M 7 32 250
2 64 37 51 -1 14 0 0.00 0.0 0 5.2 12 330 M M 3 15 40
3 66 40 53 1 12 0 T 0.0 0 10.6 29 250 M M 6 32 250
4 67 39 53 1 12 0 0.00 0.0 0 7.8 20 260 M M 3 27 230
5 73 43 58 5 7 0 0.00 0.0 0 6.7 15 70 M M 6 19 70
6 83 53 68 15 0 3 T 0.0 0 13.9 25 240 M M 7 3 36 210
7 59 41 50 -4 15 0 T 0.0 0 16.3 31 250 M M 7 42 230
8 59 34 47 -7 18 0 0.00 0.0 0 14.3 26 260 M M 6 35 260
9 61 37 49 -5 16 0 0.00 0.0 0 6.3 16 250 M M 6 19 230
10 65 42 54 0 11 0 0.00 0.0 0 5.1 14 260 M M 5 17 270
11 69 43 56 1 9 0 0.00 0.0 0 6.3 17 210 M M 5 8 23 220
12 71 46 59 4 6 0 T 0.0 0 4.8 21 300 M M 7 24 310
13 74 49 62 6 3 0 0.00 0.0 0 4.7 14 270 M M 6 20 280
14 76 47 62 6 3 0 0.00 0.0 0 5.5 17 290 M M 2 25 20
15 81 48 65 9 0 0 0.00 0.0 0 4.2 14 40 M M 2 16 30
16 82 53 68 12 0 3 0.00 0.0 0 5.8 15 250 M M 3 19 260
17 79 53 66 9 0 1 0.00 0.0 0 14.3 28 250 M M 3 32 220
18 60 42 51 -6 14 0 T 0.0 0 19.1 33 250 M M 5 39 250
19 54 41 48 -9 17 0 0.02 0.0 0 5.8 15 300 M M 8 19 300
20 53 43 48 -9 17 0 0.10 0.0 0 8.3 14 60 M M 9 1 21 50
21 63 38 51 -7 14 0 0.00 0.0 0 12.9 24 60 M M 6 32 60
22 66 45 56 -2 9 0 T 0.0 0 9.5 25 50 M M 7 31 40
23 68 37 53 -5 12 0 T 0.0 0 13.8 28 240 M M 7 35 250
24 70 45 58 0 7 0 0.08 0.0 0 19.9 32 240 M M 8 1 38 230
25 67 46 57 -1 8 0 0.00 0.0 0 8.5 20 140 M M 6 27 140
26 70 47 59 0 6 0 0.00 0.0 0 9.0 17 200 M M 5 23 200
27 72 47 60 1 5 0 T 0.0 0 18.1 39 230 M M 7 78 49 230
28 63 43 53 -6 12 0 0.00 0.0 0 14.2 25 220 M M 5 32 240
29 72 43 58 -1 7 0 0.00 0.0 M 4.8 9 30 M M 2 M M
30 79 47 63 4 2 0 0.00 0.0 0 6.2 15 290 M M 6 20 280
31 83 53 68 8 0 3 0.00 0.0 0 6.5 14 210 M M 4 18 210
================================================================================
SM 2138 1368 263 10 0.20 0.0 301.7 M 169
================================================================================
AV 69.0 44.1 9.7 FASTST M M 5 MAX(MPH)
MISC ----> 39 230 49 230
================================================================================
NOTES:
# LAST OF SEVERAL OCCURRENCES
COLUMN 17 PEAK WIND IN M.P.H.
PRELIMINARY LOCAL CLIMATOLOGICAL DATA (WS FORM: F-6) , PAGE 2
STATION: SPOKANE WA AIRPORT
MONTH: MAY
YEAR: 2021
LATITUDE: 47 37 N
LONGITUDE: 117 32 W
[TEMPERATURE DATA] [PRECIPITATION DATA] SYMBOLS USED IN COLUMN 16
AVERAGE MONTHLY: 56.5 TOTAL FOR MONTH: 0.20 1 = FOG OR MIST
DPTR FM NORMAL: 0.5 DPTR FM NORMAL: -1.35 2 = FOG REDUCING VISIBILITY
HIGHEST: 83 ON 31, 6 GRTST 24HR 0.12 ON 19-20 TO 1/4 MILE OR LESS
LOWEST: 34 ON 8 3 = THUNDER
SNOW, ICE PELLETS, HAIL 4 = ICE PELLETS
TOTAL MONTH: 0.0 INCH 5 = HAIL
GRTST 24HR 0.0 6 = FREEZING RAIN OR DRIZZLE
GRTST DEPTH: 0 7 = DUSTSTORM OR SANDSTORM:
VSBY 1/2 MILE OR LESS
8 = SMOKE OR HAZE
[NO. OF DAYS WITH] [WEATHER - DAYS WITH] 9 = BLOWING SNOW
X = TORNADO
MAX 32 OR BELOW: 0 0.01 INCH OR MORE: 3
MAX 90 OR ABOVE: 0 0.10 INCH OR MORE: 1
MIN 32 OR BELOW: 0 0.50 INCH OR MORE: 0
MIN 0 OR BELOW: 0 1.00 INCH OR MORE: 0
[HDD (BASE 65) ]
TOTAL THIS MO. 263 CLEAR (SCALE 0-3) 5
DPTR FM NORMAL -31 PTCLDY (SCALE 4-7) 25
TOTAL FM JUL 1 5913 CLOUDY (SCALE 8-10) 1
DPTR FM NORMAL -416
[CDD (BASE 65) ]
TOTAL THIS MO. 10
DPTR FM NORMAL -5 [PRESSURE DATA]
TOTAL FM JAN 1 10 HIGHEST SLP M ON M
DPTR FM NORMAL -5 LOWEST SLP 29.69 ON 17
[REMARKS]
#FINAL-05-21#