000
CXUS53 KIND 010600
CF6GEZ
PRELIMINARY LOCAL CLIMATOLOGICAL DATA (WS FORM: F-6)
STATION: SHELBYVILLE IN
MONTH: OCTOBER
YEAR: 2023
LATITUDE: 39 35 N
LONGITUDE: 85 48 W
TEMPERATURE IN F: :PCPN: SNOW: WIND :SUNSHINE: SKY :PK WND
================================================================================
1 2 3 4 5 6A 6B 7 8 9 10 11 12 13 14 15 16 17 18
12Z AVG MX 2MIN
DY MAX MIN AVG DEP HDD CDD WTR SNW DPTH SPD SPD DIR MIN PSBL S-S WX SPD DR
================================================================================
1 87 57 72 10 0 7 0.00 M M 4.4 10 100 M M 0 1 20 100
2 89 56 73 11 0 8 0.00 M M 3.0 9 130 M M 0 14 140
3 90 57 74 13 0 9 0.00 M M 4.4 8 130 M M 0 10 130
4 88 60 74 13 0 9 0.00 M M 7.3 18 180 M M 0 27 180
5 70 64 67 6 0 2 0.65 M M 6.1 14 210 M M 7 1 22 190
6 73 46 60 0 5 0 0.00 M M 8.6 24 320 M M 3 1 35 320
7 64 42 53 -7 12 0 0.00 M M 9.1 21 290 M M 2 30 290
8 57 40 49 -10 16 0 T M M 5.8 17 270 M M 7 8 25 290
9 65 40 53 -6 12 0 0.01 M M 5.2 16 290 M M 5 24 310
10 66 38 52 -7 13 0 0.00 M M 7.1 20 280 M M 1 28 290
11 73 38 56 -2 9 0 0.08 M M 5.0 16 210 M M 4 8 22 210
12 81 49 65 7 0 0 0.00 M M 5.5 8 150 M M 1 13 360
13 80 54 67 10 0 2 0.12 M M 8.0 16 170 M M 5 22 160
14 66 53 60 3 5 0 0.08 M M 8.1 16 270 M M 10 18 27 310
15 59 46 53 -3 12 0 0.03 M M 11.6 15 340 M M 9 25 340
16 58 49 54 -2 11 0 0.04 M M 7.0 15 340 M M 10 23 330
17 61 46 54 -2 11 0 0.00 M M 4.2 10 360 M M 7 16 360
18 69 43 56 1 9 0 0.00 M M 10.1 22 170 M M 1 1 30 190
19 60 55 58 3 7 0 0.28 M M 9.7 17 180 M M 8 1 25 170
20 60 44 52 -2 13 0 0.12 M M 8.7 21 290 M M 7 1 28 300
21 75 39 57 3 8 0 0.00 M M 9.8 25 310 M M 1 1 35 310
22 60 38 49 -5 16 0 0.00 M M 5.8 17 350 M M 2 26 350
23 72 34 53 0 12 0 0.00 M M 7.0 14 160 M M 0 8 17 170
24 81 47 64 11 1 0 0.00 M M 8.9 17 180 M M 0 24 200
25 76 63 70 18 0 5 T M M 10.7 21 190 M M 3 28 190
26 78 60 69 17 0 4 0.00 M M 10.9 21 190 M M 1 33 190
27 80 65 73 21 0 8 0.13 M M 10.0 20 220 M M 8 1 28 220
28 69 52 61 10 4 0 0.26 M M 7.6 16 320 M M 10 138 27 320
29 56 49 53 2 12 0 0.75 M M 6.6 14 360 M M 10 18 21 360
30 50 33 42 -8 23 0 0.03 M M 8.9 16 290 M M 7 1 23 300
31 44 26 35 -15 30 0 T M M 9.3 24 290 M M 4 8 33 290
================================================================================
SM 2157 1483 241 54 2.58 M 234.4 M 133
================================================================================
AV 69.6 47.8 7.6 FASTST M M 4 MAX(MPH)
MISC ----> 25 310 # 35 320
================================================================================
NOTES:
# LAST OF SEVERAL OCCURRENCES
COLUMN 17 PEAK WIND IN M.P.H.
PRELIMINARY LOCAL CLIMATOLOGICAL DATA (WS FORM: F-6) , PAGE 2
STATION: SHELBYVILLE IN
MONTH: OCTOBER
YEAR: 2023
LATITUDE: 39 35 N
LONGITUDE: 85 48 W
[TEMPERATURE DATA] [PRECIPITATION DATA] SYMBOLS USED IN COLUMN 16
AVERAGE MONTHLY: 58.7 TOTAL FOR MONTH: 2.58 1 = FOG OR MIST
DPTR FM NORMAL: 2.6 DPTR FM NORMAL: -0.62 2 = FOG REDUCING VISIBILITY
HIGHEST: 90 ON 3 GRTST 24HR 0.78 ON 28-29 TO 1/4 MILE OR LESS
LOWEST: 26 ON 31 3 = THUNDER
SNOW, ICE PELLETS, HAIL 4 = ICE PELLETS
TOTAL MONTH: M 5 = HAIL
GRTST 24HR M ON M 6 = FREEZING RAIN OR DRIZZLE
GRTST DEPTH: M ON M 7 = DUSTSTORM OR SANDSTORM:
VSBY 1/2 MILE OR LESS
8 = SMOKE OR HAZE
[NO. OF DAYS WITH] [WEATHER - DAYS WITH] 9 = BLOWING SNOW
X = TORNADO
MAX 32 OR BELOW: 0 0.01 INCH OR MORE: 13
MAX 90 OR ABOVE: 1 0.10 INCH OR MORE: 7
MIN 32 OR BELOW: 1 0.50 INCH OR MORE: 2
MIN 0 OR BELOW: 0 1.00 INCH OR MORE: 0
[HDD (BASE 65) ]
TOTAL THIS MO. 241 CLEAR (SCALE 0-3) 14
DPTR FM NORMAL -63 PTCLDY (SCALE 4-7) 12
TOTAL FM JUL 1 249 CLOUDY (SCALE 8-10) 5
DPTR FM NORMAL -115
[CDD (BASE 65) ]
TOTAL THIS MO. 54
DPTR FM NORMAL 28 [PRESSURE DATA]
TOTAL FM JAN 1 1264 HIGHEST SLP M ON M
DPTR FM NORMAL 116 LOWEST SLP 29.54 ON 21
[REMARKS]
#FINAL-10-23#