000
CXUS55 KALY 010810
CF6GFL
PRELIMINARY LOCAL CLIMATOLOGICAL DATA (WS FORM: F-6)
STATION: GLENS FALLS NY
MONTH: JANUARY
YEAR: 2021
LATITUDE: 43 20 N
LONGITUDE: 73 37 W
TEMPERATURE IN F: :PCPN: SNOW: WIND :SUNSHINE: SKY :PK WND
================================================================================
1 2 3 4 5 6A 6B 7 8 9 10 11 12 13 14 15 16 17 18
12Z AVG MX 2MIN
DY MAX MIN AVG DEP HDD CDD WTR SNW DPTH SPD SPD DIR MIN PSBL S-S WX SPD DR
================================================================================
1 32 13 23 3 42 0 0.12 M M 1.9 7 90 M M 2 1 9 90
2 39 27 33 14 32 0 0.60 M M 5.2 17 350 M M 7 16 22 360
3 31 29 30 11 35 0 0.12 M M 1.4 9 350 M M 9 1 11 350
4 34 29 32 13 33 0 0.01 M M 0.6 6 70 M M 10 1 7 10
5 32 28 30 11 35 0 T M M 5.3 13 40 M M 10 18 17 30
6 32 26 29 11 36 0 0.00 M M 5.1 12 40 M M 9 15 30
7 33 17 25 7 40 0 0.00 M M 5.5 13 360 M M 3 15 10
8 25 8 17 -1 48 0 0.00 M M 4.3 10 80 M M 6 13 80
9 30 7 19 1 46 0 0.00 M M 3.4 13 50 M M 3 16 50
10 28 10 19 1 46 0 0.00 M M 3.1 12 320 M M 4 14 340
11 26 7 17 -1 48 0 T M M 0.9 6 190 M M 7 1 8 190
12 32 22 27 9 38 0 T M M 1.9 9 200 M M 10 18 11 210
13 33 25 29 11 36 0 0.00 M M 4.2 10 190 M M 10 13 210
14 34 22 28 10 37 0 0.00 M M 0.4 5 160 M M 10 18 7 170
15 38 17 28 10 37 0 0.00 M M 1.8 8 60 M M 5 128 10 60
16 37 32 35 18 30 0 0.43 M M 6.4 16 30 M M 10 12 21 20
17 37 33 35 18 30 0 T M M 10.3 20 220 M M 9 28 220
18 35 18 27 10 38 0 T M M 6.8 15 300 M M 8 1 19 300
19 33 15 24 7 41 0 T M M 3.1 14 230 M M 8 20 230
20 32 11 22 5 43 0 T M M 6.3 21 300 M M 7 8 27 330
21 29 10 20 3 45 0 T M M 2.7 14 210 M M 8 18 19 200
22 37 23 30 13 35 0 0.02 M M 5.1 15 330 M M 10 18 20 260
23 29 4 17 -1 48 0 0.00 M M 9.5 24 330 M M 4 31 310
24 25 1 13 -5 52 0 0.00 M M 6.7 18 300 M M 0 25 350
25 26 1 14 -4 51 0 0.00 M M 0.8 7 160 M M 0 9 150
26 28 6 17 -1 48 0 0.21 M M 2.1 12 360 M M 6 128 14 360
27 32 24 28 10 37 0 0.03 M M 2.2 12 360 M M 10 18 14 10
28 28 9 19 1 46 0 0.00 M M 9.0 20 340 M M 6 1 26 340
29 13 -8 3 -15 62 0 0.00 M M 9.5 20 310 M M 4 33 330
30 16 -15 1 -17 64 0 0.00 M M 2.7 10 50 M M 0 8 13 50
31 17 -12 3 -15 62 0 0.00 M M 2.0 8 80 M M 0 10 60
================================================================================
SM 933 439 1321 0 1.54 M 130.2 M 195
================================================================================
AV 30.1 14.2 4.2 FASTST M M 6 MAX(MPH)
MISC ----> 24 330 33 330
================================================================================
NOTES:
# LAST OF SEVERAL OCCURRENCES
COLUMN 17 PEAK WIND IN M.P.H.
PRELIMINARY LOCAL CLIMATOLOGICAL DATA (WS FORM: F-6) , PAGE 2
STATION: GLENS FALLS NY
MONTH: JANUARY
YEAR: 2021
LATITUDE: 43 20 N
LONGITUDE: 73 37 W
[TEMPERATURE DATA] [PRECIPITATION DATA] SYMBOLS USED IN COLUMN 16
AVERAGE MONTHLY: 22.1 TOTAL FOR MONTH: 1.54 1 = FOG OR MIST
DPTR FM NORMAL: 4.1 DPTR FM NORMAL: -1.32 2 = FOG REDUCING VISIBILITY
HIGHEST: 39 ON 2 GRTST 24HR 0.66 ON 16-16 TO 1/4 MILE OR LESS
LOWEST: -15 ON 30 3 = THUNDER
SNOW, ICE PELLETS, HAIL 4 = ICE PELLETS
TOTAL MONTH: M 5 = HAIL
GRTST 24HR M ON M 6 = FREEZING RAIN OR DRIZZLE
GRTST DEPTH: M ON M 7 = DUSTSTORM OR SANDSTORM:
VSBY 1/2 MILE OR LESS
8 = SMOKE OR HAZE
[NO. OF DAYS WITH] [WEATHER - DAYS WITH] 9 = BLOWING SNOW
X = TORNADO
MAX 32 OR BELOW: 20 0.01 INCH OR MORE: 8
MAX 90 OR ABOVE: 0 0.10 INCH OR MORE: 5
MIN 32 OR BELOW: 30 0.50 INCH OR MORE: 1
MIN 0 OR BELOW: 3 1.00 INCH OR MORE: 0
[HDD (BASE 65) ]
TOTAL THIS MO. 1321 CLEAR (SCALE 0-3) 6
DPTR FM NORMAL -137 PTCLDY (SCALE 4-7) 13
TOTAL FM JUL 1 3975 CLOUDY (SCALE 8-10) 12
DPTR FM NORMAL -423
[CDD (BASE 65) ]
TOTAL THIS MO. 0
DPTR FM NORMAL 0 [PRESSURE DATA]
TOTAL FM JAN 1 0 HIGHEST SLP 30.56 ON 1
DPTR FM NORMAL 0 LOWEST SLP 29.26 ON 17
[REMARKS]
#FINAL-01-21#