634
CXUS55 KGGW 010810
CF6GGW
PRELIMINARY LOCAL CLIMATOLOGICAL DATA (WS FORM: F-6)
STATION: GLASGOW MT
MONTH: JULY
YEAR: 2020
LATITUDE: 48 13 N
LONGITUDE: 106 37 W
TEMPERATURE IN F: :PCPN: SNOW: WIND :SUNSHINE: SKY :PK WND
================================================================================
1 2 3 4 5 6A 6B 7 8 9 10 11 12 13 14 15 16 17 18
12Z AVG MX 2MIN
DY MAX MIN AVG DEP HDD CDD WTR SNW DPTH SPD SPD DIR MIN PSBL S-S WX SPD DR
================================================================================
1 80 50 65 -3 0 0 0.06 0.0 0 8.3 23 230 M M 1 3 35 230
2 83 51 67 -1 0 2 0.00 0.0 0 8.6 14 220 M M 0 18 210
3 89 56 73 4 0 8 0.00 0.0 0 7.2 16 150 M M 0 24 150
4 94 60 77 8 0 12 0.04 0.0 0 10.1 31 290 M M 1 3 55 310
5 86 60 73 4 0 8 0.00 0.0 0 6.9 17 330 M M 0 23 320
6 84 54 69 0 0 4 0.26 0.0 0 10.0 26 250 M M 1 3 38 240
7 87 56 72 2 0 7 0.53 0.0 0 13.7 39 270 M M 1 13 54 260
8 77 55 66 -4 0 1 T 0.0 0 17.7 30 270 M M 2 43 280
9 80 52 66 -4 0 1 0.00 0.0 0 9.4 18 310 M M 0 27 270
10 81 56 69 -1 0 4 T 0.0 0 13.6 32 310 M M 1 40 300
11 84 53 69 -1 0 4 0.00 0.0 0 5.9 13 110 M M 0 17 110
12 88 58 73 2 0 8 0.00 0.0 0 11.1 17 120 M M 1 25 300
13 78 52 65 -6 0 0 0.00 0.0 0 13.0 28 300 M M 1 43 280
14 81 46 64 -7 1 0 0.00 0.0 0 10.7 24 280 M M 0 37 300
15 86 48 67 -4 0 2 0.00 0.0 0 8.5 21 310 M M 1 31 320
16 93 51 72 1 0 7 0.00 0.0 0 7.2 13 100 M M 0 19 190
17 92 61 77 5 0 12 0.00 0.0 0 7.0 21 300 M M 1 25 250
18 82 60 71 -1 0 6 0.00 0.0 0 12.5 24 310 M M 3 30 310
19 83 52 68 -4 0 3 0.16 0.0 0 8.8 30 120 M M 2 3 35 120
20 81 59 70 -2 0 5 0.28 0.0 0 7.5 26 290 M M 6 13 32 280
21 85 55 70 -2 0 5 0.00 0.0 0 7.3 17 90 M M 0 17 170
22 96 62 79 7 0 14 0.00 0.0 0 11.6 15 110 M M 0 21 120
23 95 66 81 9 0 16 0.05 0.0 0 9.0 36 260 M M 1 3 41 260
24 93 60 77 4 0 12 0.00 0.0 0 7.4 17 230 M M 1 24 230
25 83 58 71 -2 0 6 0.07 0.0 0 12.4 25 310 M M 2 36 300
26 86 50 68 -5 0 3 0.00 0.0 0 7.4 16 320 M M 0 16 99
27 89 55 72 -1 0 7 0.00 0.0 0 7.0 14 110 M M 0 16 90
28 94 59 77 4 0 12 0.00 0.0 0 13.2 17 100 M M 0 25 120
29 94 65 80 7 0 15 T 0.0 0 11.5 20 70 M M 1 25 20
30 97 66 82 9 0 17 0.38 0.0 0 6.7 40 330 M M 2 3 52 340
31 88 63 76 3 0 11 0.09 0.0 0 8.7 21 120 M M 1 3 24 120
================================================================================
SM 2689 1749 1 212 1.92 0.0 299.9 M 30
================================================================================
AV 86.7 56.4 9.7 FASTST M M 1 MAX(MPH)
MISC ----> 40 330 55 310
================================================================================
NOTES:
# LAST OF SEVERAL OCCURRENCES
COLUMN 17 PEAK WIND IN M.P.H.
PRELIMINARY LOCAL CLIMATOLOGICAL DATA (WS FORM: F-6) , PAGE 2
STATION: GLASGOW MT
MONTH: JULY
YEAR: 2020
LATITUDE: 48 13 N
LONGITUDE: 106 37 W
[TEMPERATURE DATA] [PRECIPITATION DATA] SYMBOLS USED IN COLUMN 16
AVERAGE MONTHLY: 71.6 TOTAL FOR MONTH: 1.92 1 = FOG OR MIST
DPTR FM NORMAL: 0.5 DPTR FM NORMAL: 0.14 2 = FOG REDUCING VISIBILITY
HIGHEST: 97 ON 30 GRTST 24HR 0.53 ON 7- 7 TO 1/4 MILE OR LESS
LOWEST: 46 ON 14 3 = THUNDER
SNOW, ICE PELLETS, HAIL 4 = ICE PELLETS
TOTAL MONTH: 0.0 INCH 5 = HAIL
GRTST 24HR 0.0 6 = FREEZING RAIN OR DRIZZLE
GRTST DEPTH: 0 7 = DUSTSTORM OR SANDSTORM:
VSBY 1/2 MILE OR LESS
8 = SMOKE OR HAZE
[NO. OF DAYS WITH] [WEATHER - DAYS WITH] 9 = BLOWING SNOW
X = TORNADO
MAX 32 OR BELOW: 0 0.01 INCH OR MORE: 10
MAX 90 OR ABOVE: 9 0.10 INCH OR MORE: 5
MIN 32 OR BELOW: 0 0.50 INCH OR MORE: 1
MIN 0 OR BELOW: 0 1.00 INCH OR MORE: 0
[HDD (BASE 65) ]
TOTAL THIS MO. 1 CLEAR (SCALE 0-3) 30
DPTR FM NORMAL -17 PTCLDY (SCALE 4-7) 1
TOTAL FM JUL 1 1 CLOUDY (SCALE 8-10) 0
DPTR FM NORMAL -14
[CDD (BASE 65) ]
TOTAL THIS MO. 212
DPTR FM NORMAL 5 [PRESSURE DATA]
TOTAL FM JAN 1 319 HIGHEST SLP M ON M
DPTR FM NORMAL 20 LOWEST SLP 29.82 ON 21
[REMARKS]
#FINAL-07-20#