000
CXUS55 KGJT 012121
CF6GJT
PRELIMINARY LOCAL CLIMATOLOGICAL DATA (WS FORM: F-6)
STATION: GRAND JUNCTION CO
MONTH: APRIL
YEAR: 2022
LATITUDE: 39 7 N
LONGITUDE: 108 32 W
TEMPERATURE IN F: :PCPN: SNOW: WIND :SUNSHINE: SKY :PK WND
================================================================================
1 2 3 4 5 6A 6B 7 8 9 10 11 12 13 14 15 16 17 18
12Z AVG MX 2MIN
DY MAX MIN AVG DEP HDD CDD WTR SNW DPTH SPD SPD DIR MIN PSBL S-S WX SPD DR
================================================================================
1 61 39 50 1 15 0 0.00 0.0 0 5.9 17 50 M M 2 3 22 290
2 71 36 54 5 11 0 0.00 0.0 0 10.5 24 110 M M 1 31 270
3 62 42 52 3 13 0 0.01 0.0 0 8.4 24 40 M M 4 32 20
4 68 37 53 4 12 0 0.00 0.0 0 7.3 24 250 M M 1 34 250
5 65 37 51 1 14 0 T 0.0 0 18.6 37 350 M M 2 51 310
6 53 24 39 -11 26 0 0.00 0.0 0 7.9 21 300 M M 0 30 280
7 61 28 45 -5 20 0 0.00 0.0 0 6.1 14 130 M M 0 18 200
8 69 33 51 1 14 0 0.00 0.0 0 7.2 15 150 M M 0 19 160
9 75 40 58 8 7 0 T 0.0 0 11.9 32 300 M M 1 41 300
10 52 35 44 -6 21 0 0.00 0.0 0 8.1 21 300 M M 0 28 240
11 71 33 52 1 13 0 0.00 0.0 0 15.4 35 190 M M 2 51 210
12 62 25 44 -7 21 0 0.06 1.2 1 10.9 36 200 M M 7 1 49 210
13 48 23 36 -15 29 0 T T 0 9.0 28 270 M M 4 40 250
14 61 25 43 -8 22 0 0.00 0.0 0 9.3 25 260 M M 1 32 260
15 70 36 53 1 12 0 0.00 0.0 0 9.3 25 260 M M 1 37 230
16 74 41 58 6 7 0 T 0.0 0 13.8 38 310 M M 2 49 220
17 71 35 53 1 12 0 0.00 0.0 0 9.3 23 270 M M 1 32 250
18 78 39 59 7 6 0 0.00 0.0 0 8.1 17 120 M M 0 24 310
19 82 47 65 12 0 0 0.00 0.0 0 11.3 25 240 M M 0 38 210
20 74 39 57 4 8 0 0.00 0.0 0 7.6 22 260 M M 0 30 270
21 83 50 67 14 0 2 0.00 0.0 0 14.1 26 210 M M 0 35 180
22 74 40 57 4 8 0 0.11 0.0 0 17.3 48 180 M M 4 1 63 190
23 56 40 48 -6 17 0 0.01 0.0 0 11.1 30 320 M M 7 39 320
24 59 35 47 -7 18 0 0.01 0.0 0 7.5 24 350 M M 4 32 340
25 63 30 47 -7 18 0 0.00 0.0 0 5.5 14 250 M M 0 19 300
26 75 39 57 2 8 0 0.00 0.0 0 9.1 17 320 M M 0 21 270
27 79 51 65 10 0 0 0.00 0.0 0 10.5 25 240 M M 0 34 240
28 79 48 64 9 1 0 0.00 0.0 0 10.4 25 190 M M 0 46 200
29 63 41 52 -4 13 0 0.00 0.0 0 14.7 32 300 M M 0 44 310
30 68 37 53 -3 12 0 0.00 0.0 0 4.1 13 300 M M 0 19 270
================================================================================
SM 2027 1105 378 2 0.20 1.2 300.2 M 44
================================================================================
AV 67.6 36.8 10.0 FASTST M M 1 MAX(MPH)
MISC ----> 48 180 63 190
================================================================================
NOTES:
# LAST OF SEVERAL OCCURRENCES
COLUMN 17 PEAK WIND IN M.P.H.
PRELIMINARY LOCAL CLIMATOLOGICAL DATA (WS FORM: F-6) , PAGE 2
STATION: GRAND JUNCTION CO
MONTH: APRIL
YEAR: 2022
LATITUDE: 39 7 N
LONGITUDE: 108 32 W
[TEMPERATURE DATA] [PRECIPITATION DATA] SYMBOLS USED IN COLUMN 16
AVERAGE MONTHLY: 52.2 TOTAL FOR MONTH: 0.20 1 = FOG OR MIST
DPTR FM NORMAL: 0.3 DPTR FM NORMAL: -0.78 2 = FOG REDUCING VISIBILITY
HIGHEST: 83 ON 21 GRTST 24HR 0.12 ON 22-23 TO 1/4 MILE OR LESS
LOWEST: 23 ON 13 3 = THUNDER
SNOW, ICE PELLETS, HAIL 4 = ICE PELLETS
TOTAL MONTH: 1.2 INCHES 5 = HAIL
GRTST 24HR 1.2 ON 12-12 6 = FREEZING RAIN OR DRIZZLE
GRTST DEPTH: 1 ON 12 7 = DUSTSTORM OR SANDSTORM:
VSBY 1/2 MILE OR LESS
8 = SMOKE OR HAZE
[NO. OF DAYS WITH] [WEATHER - DAYS WITH] 9 = BLOWING SNOW
X = TORNADO
MAX 32 OR BELOW: 0 0.01 INCH OR MORE: 5
MAX 90 OR ABOVE: 0 0.10 INCH OR MORE: 1
MIN 32 OR BELOW: 6 0.50 INCH OR MORE: 0
MIN 0 OR BELOW: 0 1.00 INCH OR MORE: 0
[HDD (BASE 65) ]
TOTAL THIS MO. 378 CLEAR (SCALE 0-3) 24
DPTR FM NORMAL -16 PTCLDY (SCALE 4-7) 6
TOTAL FM JUL 1 5229 CLOUDY (SCALE 8-10) 0
DPTR FM NORMAL -98
[CDD (BASE 65) ]
TOTAL THIS MO. 2
DPTR FM NORMAL -1 [PRESSURE DATA]
TOTAL FM JAN 1 2 HIGHEST SLP 30.49 ON 7
DPTR FM NORMAL -1 LOWEST SLP 29.05 ON 11
[REMARKS]
#FINAL-04-22#