000
CXUS54 KFWD 010730
CF6GKY
PRELIMINARY LOCAL CLIMATOLOGICAL DATA (WS FORM: F-6)
STATION: ARLINGTON
MONTH: APRIL
YEAR: 2023
LATITUDE: 32 39 N
LONGITUDE: 97 6 W
TEMPERATURE IN F: :PCPN: SNOW: WIND :SUNSHINE: SKY :PK WND
================================================================================
1 2 3 4 5 6A 6B 7 8 9 10 11 12 13 14 15 16 17 18
12Z AVG MX 2MIN
DY MAX MIN AVG DEP HDD CDD WTR SNW DPTH SPD SPD DIR MIN PSBL S-S WX SPD DR
================================================================================
1 76 51 64 1 1 0 T M M 7.0 20 360 M M 1 27 360
2 79 49 64 1 1 0 T M M 9.1 25 160 M M 4 13 35 140
3 92 67 80 16 0 15 0.00 M M 13.4 24 160 M M 2 1 37 160
4 83 72 78 14 0 13 0.00 M M 15.9 24 150 M M 5 38 140
5 77 52 65 1 0 0 0.32 M M 13.4 25 310 M M 4 13 36 280
6 59 50 55 -9 10 0 0.00 M M 12.2 20 20 M M 4 27 30
7 61 54 58 -6 7 0 0.00 M M 9.3 17 30 M M 10 24 30
8 73 53 63 -1 2 0 0.00 M M 3.9 10 60 M M 6 15 60
9 72 49 61 -4 4 0 0.00 M M 2.9 12 100 M M 6 1 19 100
10 76 56 66 1 0 1 0.00 M M 5.4 14 80 M M 4 19 100
11 77 48 63 -2 2 0 0.00 M M 4.6 15 110 M M 1 1 22 50
12 79 47 63 -2 2 0 0.00 M M 6.2 18 140 M M 1 1 25 160
13 79 52 66 1 0 1 0.00 M M 8.5 16 120 M M 0 23 140
14 79 61 70 4 0 5 0.00 M M 14.1 24 160 M M 5 36 160
15 80 60 70 4 0 5 0.00 M M 14.9 26 330 M M 3 37 340
16 73 45 59 -7 6 0 0.00 M M 7.4 21 330 M M 0 28 340
17 81 42 62 -4 3 0 0.00 M M 7.9 22 140 M M 0 30 150
18 74 59 67 1 0 2 0.00 M M 13.7 23 150 M M 4 31 140
19 85 66 76 10 0 11 0.00 M M 16.2 28 140 M M 6 40 160
20 86 64 75 8 0 10 0.18 M M 13.0 24 170 M M 9 38 34 170
21 78 50 64 -3 1 0 0.00 M M 7.7 21 360 M M 1 27 10
22 76 46 61 -6 4 0 T M M 10.4 23 20 M M 4 30 10
23 59 47 53 -14 12 0 0.12 M M 9.7 22 20 M M 8 1 30 20
24 71 46 59 -9 6 0 T M M 7.8 21 140 M M 6 27 150
25 73 60 67 -1 0 2 T M M 10.2 17 120 M M 10 3 22 160
26 64 57 61 -7 4 0 0.83 M M 9.5 21 100 M M 9 13 26 120
27 70 50 60 -8 5 0 0.00 M M 7.6 20 300 M M 7 1 27 300
28 74 48 61 -7 4 0 0.59 M M 10.0 23 310 M M 5 13 33 320
29 71 51 61 -8 4 0 0.00 M M 15.2 25 310 M M 5 36 310
30 84 47 66 -3 0 1 0.00 M M 6.7 15 30 M M 0 21 50
================================================================================
SM 2261 1599 78 66 2.04 M 293.8 M 130
================================================================================
AV 75.4 53.3 9.8 FASTST M M 4 MAX(MPH)
MISC ----> 28 140 40 160
================================================================================
NOTES:
# LAST OF SEVERAL OCCURRENCES
COLUMN 17 PEAK WIND IN M.P.H.
PRELIMINARY LOCAL CLIMATOLOGICAL DATA (WS FORM: F-6) , PAGE 2
STATION: ARLINGTON
MONTH: APRIL
YEAR: 2023
LATITUDE: 32 39 N
LONGITUDE: 97 6 W
[TEMPERATURE DATA] [PRECIPITATION DATA] SYMBOLS USED IN COLUMN 16
AVERAGE MONTHLY: 64.3 TOTAL FOR MONTH: 2.04 1 = FOG OR MIST
DPTR FM NORMAL: -1.6 DPTR FM NORMAL: -1.09 2 = FOG REDUCING VISIBILITY
HIGHEST: 92 ON 3 GRTST 24HR 0.83 ON 26-26 TO 1/4 MILE OR LESS
LOWEST: 42 ON 17 3 = THUNDER
SNOW, ICE PELLETS, HAIL 4 = ICE PELLETS
TOTAL MONTH: M 5 = HAIL
GRTST 24HR M ON M 6 = FREEZING RAIN OR DRIZZLE
GRTST DEPTH: M ON M 7 = DUSTSTORM OR SANDSTORM:
VSBY 1/2 MILE OR LESS
8 = SMOKE OR HAZE
[NO. OF DAYS WITH] [WEATHER - DAYS WITH] 9 = BLOWING SNOW
X = TORNADO
MAX 32 OR BELOW: 0 0.01 INCH OR MORE: 5
MAX 90 OR ABOVE: 1 0.10 INCH OR MORE: 5
MIN 32 OR BELOW: 0 0.50 INCH OR MORE: 2
MIN 0 OR BELOW: 0 1.00 INCH OR MORE: 0
[HDD (BASE 65) ]
TOTAL THIS MO. 78 CLEAR (SCALE 0-3) 9
DPTR FM NORMAL -1 PTCLDY (SCALE 4-7) 16
TOTAL FM JUL 1 1922 CLOUDY (SCALE 8-10) 5
DPTR FM NORMAL -195
[CDD (BASE 65) ]
TOTAL THIS MO. 66
DPTR FM NORMAL -42 [PRESSURE DATA]
TOTAL FM JAN 1 147 HIGHEST SLP M ON M
DPTR FM NORMAL -15 LOWEST SLP 29.49 ON 4
[REMARKS]
#FINAL-04-23#