000
CXUS54 KJAN 190918
CF6GLH
PRELIMINARY LOCAL CLIMATOLOGICAL DATA (WS FORM: F-6)
STATION: GREENVILLE
MONTH: MARCH
YEAR: 2023
LATITUDE: 33 29 N
LONGITUDE: 90 59 W
TEMPERATURE IN F: :PCPN: SNOW: WIND :SUNSHINE: SKY :PK WND
================================================================================
1 2 3 4 5 6A 6B 7 8 9 10 11 12 13 14 15 16 17 18
12Z AVG MX 2MIN
DY MAX MIN AVG DEP HDD CDD WTR SNW DPTH SPD SPD DIR MIN PSBL S-S WX SPD DR
================================================================================
1 82 65 74 23 0 9 0.01 0.0 0 10.1 22 30 M M 6 138 28 360
2 74 63 69 17 0 4 0.80 0.0 0 10.4 24 140 M M 6 13 34 140
3 73 53 63 11 2 0 0.52 0.0 0 19.3 37 280 M M 6 1 52 190
4 66 51 59 7 6 0 0.00 0.0 0 4.7 12 330 M M 5 15 30
5 74 45 60 8 5 0 0.00 0.0 0 4.2 14 120 M M 0 17 130
6 79 51 65 12 0 0 0.00 0.0 0 8.9 23 220 M M 1 18 30 220
7 76 55 66 13 0 1 0.00 0.0 0 7.3 16 30 M M 2 12 21 20
8 64 52 58 5 7 0 0.96 0.0 0 9.5 24 330 M M 8 13 34 330
9 69 54 62 8 3 0 0.25 0.0 0 4.9 16 310 M M 8 13 21 300
10 60 49 55 1 10 0 0.12 0.0 0 10.8 21 360 M M 4 1 28 350
11 71 44 58 4 7 0 0.00 0.0 0 9.2 24 210 M M 6 35 200
12 70 43 57 3 8 0 0.63 0.0 0 13.5 36 270 M M 8 13 49 270
13 54 38 46 -9 19 0 0.00 0.0 0 8.2 18 320 M M 1 24 320
14 51 36 44 -11 21 0 0.00 0.0 0 8.8 16 20 M M 1 23 40
15 58 31 45 -10 20 0 0.00 0.0 0 5.3 10 100 M M 0 15 70
16 72 46 59 3 6 0 0.43 0.0 0 15.8 29 170 M M 6 13 38 180
17 63 40 52 -4 13 0 0.53 0.0 0 14.2 31 320 M M 5 1 40 320
18 56 37 47 -9 18 0 0.00 0.0 0 11.4 24 330 M M 0 8 29 340
19 44 30 37 -19 28 0 0.00 0.0 0 7.2 17 320 M M 1 23 340
20 53 26 40 -17 25 0 0.00 0.0 0 5.7 14 130 M M 1 20 120
21 64 46 55 -2 10 0 T 0.0 0 10.8 18 160 M M 9 23 160
22 79 55 67 10 0 2 0.04 0.0 0 13.7 24 230 M M 5 31 230
23 79 63 71 13 0 6 0.00 0.0 0 14.9 23 180 M M 5 1 32 200
24 81 64 73 15 0 8 0.61 0.0 0 18.6 44 230 M M 7 138 60 240
25 79 53 66 8 0 1 0.00 0.0 0 7.1 18 270 M M 0 8 26 290
26 82 51 67 9 0 2 0.01 0.0 0 5.5 12 160 M M 1 3 16 150
27 73 53 63 4 2 0 0.00 0.0 0 12.2 23 360 M M 0 32 10
28 67 50 59 0 6 0 0.00 0.0 0 13.7 25 360 M M 1 34 10
29 67 41 54 -5 11 0 0.00 0.0 0 4.6 13 70 M M 0 18 90
30 80 46 63 3 2 0 0.00 0.0 0 9.5 22 170 M M 3 32 140
31 82 65 74 14 0 9 0.02 0.0 0 19.0 32 190 M M 6 3 42 190
================================================================================
SM 2142 1496 229 42 4.93 0.0 319.0 M 112
================================================================================
AV 69.1 48.3 10.3 FASTST M M 4 MAX(MPH)
MISC ----> 44 230 60 240
================================================================================
NOTES:
# LAST OF SEVERAL OCCURRENCES
COLUMN 17 PEAK WIND IN M.P.H.
PRELIMINARY LOCAL CLIMATOLOGICAL DATA (WS FORM: F-6) , PAGE 2
STATION: GREENVILLE
MONTH: MARCH
YEAR: 2023
LATITUDE: 33 29 N
LONGITUDE: 90 59 W
[TEMPERATURE DATA] [PRECIPITATION DATA] SYMBOLS USED IN COLUMN 16
AVERAGE MONTHLY: 58.7 TOTAL FOR MONTH: 4.93 1 = FOG OR MIST
DPTR FM NORMAL: 3.1 DPTR FM NORMAL: 0.22 2 = FOG REDUCING VISIBILITY
HIGHEST: 82 ON 31, 1 GRTST 24HR 1.14 ON 8- 9 TO 1/4 MILE OR LESS
LOWEST: 26 ON 20 3 = THUNDER
SNOW, ICE PELLETS, HAIL 4 = ICE PELLETS
TOTAL MONTH: 0.0 INCH 5 = HAIL
GRTST 24HR 0.0 6 = FREEZING RAIN OR DRIZZLE
GRTST DEPTH: 0 7 = DUSTSTORM OR SANDSTORM:
VSBY 1/2 MILE OR LESS
8 = SMOKE OR HAZE
[NO. OF DAYS WITH] [WEATHER - DAYS WITH] 9 = BLOWING SNOW
X = TORNADO
MAX 32 OR BELOW: 0 0.01 INCH OR MORE: 13
MAX 90 OR ABOVE: 0 0.10 INCH OR MORE: 9
MIN 32 OR BELOW: 3 0.50 INCH OR MORE: 6
MIN 0 OR BELOW: 0 1.00 INCH OR MORE: 0
[HDD (BASE 65) ]
TOTAL THIS MO. 229 CLEAR (SCALE 0-3) 15
DPTR FM NORMAL -82 PTCLDY (SCALE 4-7) 15
TOTAL FM JUL 1 1858 CLOUDY (SCALE 8-10) 1
DPTR FM NORMAL -641
[CDD (BASE 65) ]
TOTAL THIS MO. 42
DPTR FM NORMAL 22 [PRESSURE DATA]
TOTAL FM JAN 1 91 HIGHEST SLP 30.57 ON 19
DPTR FM NORMAL 64 LOWEST SLP 29.19 ON 3
[REMARKS]
#FINAL-03-23#