000
CXUS54 KJAN 020307
CF6GLH
PRELIMINARY LOCAL CLIMATOLOGICAL DATA (WS FORM: F-6)
STATION: GREENVILLE
MONTH: APRIL
YEAR: 2021
LATITUDE: 33 29 N
LONGITUDE: 90 59 W
TEMPERATURE IN F: :PCPN: SNOW: WIND :SUNSHINE: SKY :PK WND
================================================================================
1 2 3 4 5 6A 6B 7 8 9 10 11 12 13 14 15 16 17 18
12Z AVG MX 2MIN
DY MAX MIN AVG DEP HDD CDD WTR SNW DPTH SPD SPD DIR MIN PSBL S-S WX SPD DR
================================================================================
1 57 39 48 -11 17 0 0.00 0.0 0 11.0 23 350 M M 0 31 20
2 59 35 47 -12 18 0 0.00 0.0 0 4.9 15 70 M M 0 22 60
3 67 40 54 -5 11 0 0.00 0.0 0 5.5 13 180 M M 0 19 170
4 73 51 62 2 3 0 0.00 0.0 0 4.8 12 210 M M 5 17 160
5 77 52 65 5 0 0 0.00 0.0 0 6.7 16 180 M M 4 22 230
6 78 55 67 7 0 2 T 0.0 0 10.6 18 200 M M 4 26 180
7 77 65 71 10 0 6 0.75 0.0 0 15.2 39 170 M M 5 13 54 160
8 75 53 64 3 1 0 0.00 0.0 0 9.5 22 220 M M 1 12 30 240
9 81 57 69 8 0 4 0.54 0.0 0 12.4 38 200 M M 5 3 55 210
10 75 54 65 4 0 0 0.31 0.0 0 11.7 28 260 M M 3 3 41 270
11 75 47 61 -1 4 0 0.00 0.0 0 7.0 14 250 M M 0 21 240
12 85 52 69 7 0 4 0.00 0.0 0 4.3 12 150 M M 0 17 170
13 84 57 71 9 0 6 0.00 0.0 0 6.3 15 170 M M 0 22 170
14 63 55 59 -4 6 0 0.23 0.0 0 8.1 21 40 M M 7 13 27 30
15 69 54 62 -1 3 0 0.02 0.0 0 10.2 17 10 M M 3 24 10
16 64 55 60 -3 5 0 T 0.0 0 7.5 15 80 M M 8 20 80
17 67 53 60 -4 5 0 T 0.0 0 7.4 17 330 M M 7 27 340
18 66 48 57 -7 8 0 0.00 0.0 0 7.2 17 330 M M 6 25 330
19 72 44 58 -6 7 0 0.00 0.0 0 2.7 13 340 M M 0 19 330
20 77 45 61 -4 4 0 0.00 0.0 0 10.1 28 10 M M 2 39 360
21 61 38 50 -15 15 0 0.00 0.0 0 10.6 24 360 M M 1 8 35 360
22 68 45 57 -8 8 0 0.00 0.0 0 3.8 10 170 M M 4 8 15 170
23 68 56 62 -4 3 0 0.92 0.0 0 10.1 18 140 M M 9 13 25 150
24 71 54 63 -3 2 0 0.35 0.0 0 12.4 29 310 M M 5 13 39 290
25 75 47 61 -5 4 0 0.00 0.0 0 2.9 12 50 M M 2 12 16 50
26 81 54 68 1 0 3 0.00 0.0 0 9.5 17 150 M M 0 23 150
27 80 59 70 3 0 5 0.00 0.0 0 10.8 22 200 M M 4 31 200
28 85 73 79 12 0 14 T 0.0 0 12.0 20 170 M M 5 27 170
29 82 70 76 8 0 11 0.05 0.0 0 8.4 22 160 M M 5 3 28 170
30 76 60 68 0 0 3 T 0.0 0 5.6 13 80 M M 3 18 60
================================================================================
SM 2188 1567 124 58 3.17 0.0 249.2 M 98
================================================================================
AV 72.9 52.2 8.3 FASTST M M 3 MAX(MPH)
MISC ----> 39 170 55 210
================================================================================
NOTES:
# LAST OF SEVERAL OCCURRENCES
COLUMN 17 PEAK WIND IN M.P.H.
PRELIMINARY LOCAL CLIMATOLOGICAL DATA (WS FORM: F-6) , PAGE 2
STATION: GREENVILLE
MONTH: APRIL
YEAR: 2021
LATITUDE: 33 29 N
LONGITUDE: 90 59 W
[TEMPERATURE DATA] [PRECIPITATION DATA] SYMBOLS USED IN COLUMN 16
AVERAGE MONTHLY: 62.6 TOTAL FOR MONTH: 3.17 1 = FOG OR MIST
DPTR FM NORMAL: -0.7 DPTR FM NORMAL: -1.64 2 = FOG REDUCING VISIBILITY
HIGHEST: 85 ON 28,12 GRTST 24HR 1.27 ON 23-24 TO 1/4 MILE OR LESS
LOWEST: 35 ON 2 3 = THUNDER
SNOW, ICE PELLETS, HAIL 4 = ICE PELLETS
TOTAL MONTH: 0.0 INCH 5 = HAIL
GRTST 24HR 0.0 6 = FREEZING RAIN OR DRIZZLE
GRTST DEPTH: 0 7 = DUSTSTORM OR SANDSTORM:
VSBY 1/2 MILE OR LESS
8 = SMOKE OR HAZE
[NO. OF DAYS WITH] [WEATHER - DAYS WITH] 9 = BLOWING SNOW
X = TORNADO
MAX 32 OR BELOW: 0 0.01 INCH OR MORE: 8
MAX 90 OR ABOVE: 0 0.10 INCH OR MORE: 6
MIN 32 OR BELOW: 0 0.50 INCH OR MORE: 3
MIN 0 OR BELOW: 0 1.00 INCH OR MORE: 0
[HDD (BASE 65) ]
TOTAL THIS MO. 124 CLEAR (SCALE 0-3) 13
DPTR FM NORMAL 8 PTCLDY (SCALE 4-7) 16
TOTAL FM JUL 1 2486 CLOUDY (SCALE 8-10) 1
DPTR FM NORMAL -275
[CDD (BASE 65) ]
TOTAL THIS MO. 58
DPTR FM NORMAL -6 [PRESSURE DATA]
TOTAL FM JAN 1 119 HIGHEST SLP 30.57 ON 2
DPTR FM NORMAL 33 LOWEST SLP 29.55 ON 10
[REMARKS]
#FINAL-04-21#