064
CXUS53 KAPX 010831
CF6GLR
PRELIMINARY LOCAL CLIMATOLOGICAL DATA (WS FORM: F-6)
STATION: GAYLORD
MONTH: DECEMBER
YEAR: 2020
LATITUDE: 45 0 N
LONGITUDE: 84 42 W
TEMPERATURE IN F: :PCPN: SNOW: WIND :SUNSHINE: SKY :PK WND
================================================================================
1 2 3 4 5 6A 6B 7 8 9 10 11 12 13 14 15 16 17 18
12Z AVG MX 2MIN
DY MAX MIN AVG DEP HDD CDD WTR SNW DPTH SPD SPD DIR MIN PSBL S-S WX SPD DR
================================================================================
1 34 24 29 2 36 0 0.00 M M 8.5 12 320 M M 5 25 320
2 42 29 36 9 29 0 0.00 M M 10.1 20 260 M M 0 28 260
3 36 32 34 8 31 0 T M M 11.7 21 240 M M 10 8 28 250
4 36 28 32 6 33 0 0.01 M M 6.9 18 250 M M 10 1 24 230
5 29 23 26 0 39 0 0.00 M M 3.8 9 50 M M 10 16 360
6 30 24 27 2 38 0 0.00 M M 2.7 9 250 M M 10 12 170
7 36 24 30 5 35 0 0.00 M M 1.9 9 280 M M 7 14 350
8 34 21 28 3 37 0 T M M 11.2 28 250 M M 9 18 37 250
9 40 34 37 13 28 0 0.00 M M 7.8 24 250 M M 10 8 33 240
10 46 27 37 13 28 0 0.00 M M 4.6 13 200 M M 2 128 18 220
11 39 32 36 12 29 0 0.00 M M 5.9 13 40 M M 8 18 19 340
12 35 25 30 6 35 0 0.24 M M 12.1 22 40 M M 10 128 33 60
13 30 24 27 4 38 0 T M M 7.8 20 240 M M 10 18 26 240
14 29 20 25 2 40 0 0.05 M M 9.4 21 240 M M 10 18 31 300
15 22 16 19 -4 46 0 T M M 2.1 7 120 M M 7 12 320
16 28 17 23 1 42 0 T M M 5.8 12 80 M M 9 8 21 60
17 26 22 24 2 41 0 T M M 4.2 10 40 M M 10 18 13 50
18 31 25 28 6 37 0 0.00 M M 7.3 17 180 M M 8 18 24 180
19 33 30 32 10 33 0 0.04 M M 7.9 15 180 M M 10 128 22 190
20 35 32 34 13 31 0 0.00 M M 9.8 16 240 M M 10 128 28 240
21 34 27 31 10 34 0 0.04 M M 5.6 16 230 M M 10 18 21 240
22 33 27 30 9 35 0 T M M 7.5 14 180 M M 10 18 27 270
23 46 32 39 18 26 0 0.04 M M 16.3 26 180 M M 7 1 40 190
24 45 18 32 12 33 0 0.03 M M 11.8 30 240 M M 10 18 44 240
25 24 18 21 1 44 0 0.03 M M 7.5 16 260 M M 10 8 26 310
26 26 23 25 5 40 0 0.01 M M 8.5 15 270 M M 10 24 280
27 30 25 28 8 37 0 0.05 M M 5.8 14 150 M M 10 8 19 140
28 30 20 25 5 40 0 0.04 M M 10.5 23 270 M M 10 18 38 260
29 23 17 20 1 45 0 T M M 8.1 15 150 M M 5 23 290
30 33 23 28 9 37 0 0.02 M M 15.0 25 260 M M 10 18 48 260
31 29 22 26 7 39 0 T M M 8.6 16 240 M M 10 22 270
================================================================================
SM 1024 761 1116 0 0.60 M 246.7 M 267
================================================================================
AV 33.0 24.5 8.0 FASTST M M 9 MAX(MPH)
MISC ----> 30 240 48 260
================================================================================
NOTES:
# LAST OF SEVERAL OCCURRENCES
COLUMN 17 PEAK WIND IN M.P.H.
PRELIMINARY LOCAL CLIMATOLOGICAL DATA (WS FORM: F-6) , PAGE 2
STATION: GAYLORD
MONTH: DECEMBER
YEAR: 2020
LATITUDE: 45 0 N
LONGITUDE: 84 42 W
[TEMPERATURE DATA] [PRECIPITATION DATA] SYMBOLS USED IN COLUMN 16
AVERAGE MONTHLY: 28.8 TOTAL FOR MONTH: 0.60 1 = FOG OR MIST
DPTR FM NORMAL: 6.2 DPTR FM NORMAL: -1.10 2 = FOG REDUCING VISIBILITY
HIGHEST: 46 ON 23,10 GRTST 24HR 0.24 ON 12-12 TO 1/4 MILE OR LESS
LOWEST: 16 ON 15 3 = THUNDER
SNOW, ICE PELLETS, HAIL 4 = ICE PELLETS
TOTAL MONTH: M 5 = HAIL
GRTST 24HR M ON M 6 = FREEZING RAIN OR DRIZZLE
GRTST DEPTH: M ON M 7 = DUSTSTORM OR SANDSTORM:
VSBY 1/2 MILE OR LESS
8 = SMOKE OR HAZE
[NO. OF DAYS WITH] [WEATHER - DAYS WITH] 9 = BLOWING SNOW
X = TORNADO
MAX 32 OR BELOW: 14 0.01 INCH OR MORE: 12
MAX 90 OR ABOVE: 0 0.10 INCH OR MORE: 1
MIN 32 OR BELOW: 30 0.50 INCH OR MORE: 0
MIN 0 OR BELOW: 0 1.00 INCH OR MORE: 0
[HDD (BASE 65) ]
TOTAL THIS MO. 1116 CLEAR (SCALE 0-3) 2
DPTR FM NORMAL -198 PTCLDY (SCALE 4-7) 6
TOTAL FM JUL 1 2900 CLOUDY (SCALE 8-10) 23
DPTR FM NORMAL -388
[CDD (BASE 65) ]
TOTAL THIS MO. 0
DPTR FM NORMAL 0 [PRESSURE DATA]
TOTAL FM JAN 1 382 HIGHEST SLP 30.53 ON 29
DPTR FM NORMAL 141 LOWEST SLP 29.26 ON 24
[REMARKS]
#FINAL-12-20#