000
CXUS52 KJAX 040820
CF6GNV
PRELIMINARY LOCAL CLIMATOLOGICAL DATA (WS FORM: F-6)
STATION: GAINESVILLE
MONTH: AUGUST
YEAR: 2021
LATITUDE: 29 40 N
LONGITUDE: 82 16 W
TEMPERATURE IN F: :PCPN: SNOW: WIND :SUNSHINE: SKY :PK WND
================================================================================
1 2 3 4 5 6A 6B 7 8 9 10 11 12 13 14 15 16 17 18
12Z AVG MX 2MIN
DY MAX MIN AVG DEP HDD CDD WTR SNW DPTH SPD SPD DIR MIN PSBL S-S WX SPD DR
================================================================================
1 87 72 80 -2 0 15 0.32 0.0 0 6.8 23 360 M M 3 13 36 10
2 91 72 82 0 0 17 1.13 0.0 0 4.4 20 250 M M 3 13 37 250
3 80 74 77 -5 0 12 0.85 0.0 0 7.4 16 260 M M 7 1 27 230
4 85 74 80 -2 0 15 0.74 0.0 0 4.2 14 190 M M 6 13 19 210
5 81 74 78 -4 0 13 0.33 0.0 0 5.2 16 180 M M 7 1 27 180
6 87 73 80 -2 0 15 0.40 0.0 0 4.9 23 220 M M 3 13 33 210
7 88 72 80 -2 0 15 T 0.0 0 3.5 17 320 M M 1 13 23 320
8 93 73 83 1 0 18 0.03 0.0 0 2.7 14 220 M M 3 123 19 220
9 93 73 83 1 0 18 0.02 0.0 0 2.7 20 120 M M 2 13 27 120
10 93 75 84 2 0 19 0.81 0.0 0 2.9 29 50 M M 2 13 38 40
11 94 72 83 1 0 18 0.00 0.0 0 2.6 13 110 M M 1 17 130
12 93 73 83 2 0 18 0.00 0.0 0 2.7 14 100 M M 1 3 21 110
13 91 72 82 1 0 17 0.00 0.0 0 4.1 14 130 M M 1 17 140
14 88 74 81 0 0 16 0.54 0.0 0 4.9 20 90 M M 2 13 28 90
15 90 74 82 1 0 17 0.00 0.0 0 5.7 16 130 M M 1 19 120
16 86 76 81 0 0 16 T 0.0 0 6.9 15 110 M M 2 1 20 120
17 90 76 83 2 0 18 0.05 0.0 0 5.9 15 220 M M 3 13 22 230
18 94 75 85 4 0 20 0.00 0.0 0 3.2 16 120 M M 1 1 20 130
19 94 75 85 4 0 20 0.73 0.0 0 2.4 20 190 M M 2 13 26 340
20 95 74 85 4 0 20 0.00 0.0 0 4.1 15 260 M M 2 20 230
21 92 74 83 2 0 18 0.00 0.0 0 5.5 15 240 M M 0 21 260
22 92 76 84 3 0 19 T 0.0 0 4.9 21 310 M M 2 3 32 310
23 91 76 84 3 0 19 0.07 0.0 0 5.8 20 220 M M 1 3 27 220
24 88 70 79 -2 0 14 0.94 0.0 0 4.6 29 220 M M 3 13 37 220
25 90 72 81 0 0 16 0.39 0.0 0 3.0 32 120 M M 4 13 41 120
26 88 72 80 -1 0 15 0.01 0.0 0 5.6 17 70 M M 2 13 24 110
27 88 73 81 0 0 16 0.67 0.0 0 6.2 33 120 M M 5 13 45 120
28 90 75 83 2 0 18 0.17 0.0 0 6.6 21 140 M M 2 13 26 170
29 93 77 85 4 0 20 0.00 0.0 0 6.6 13 130 M M 3 1 17 120
30 92 75 84 3 0 19 0.00 0.0 0 4.1 10 140 M M 1 1 16 100
31 91 74 83 2 0 18 0.01 0.0 0 7.0 31 270 M M 2 13 43 280
================================================================================
SM 2788 2287 0 529 8.21 0.0 147.1 M 78
================================================================================
AV 89.9 73.8 4.7 FASTST M M 3 MAX(MPH)
MISC ----> 33 120 45 120
================================================================================
NOTES:
# LAST OF SEVERAL OCCURRENCES
COLUMN 17 PEAK WIND IN M.P.H.
PRELIMINARY LOCAL CLIMATOLOGICAL DATA (WS FORM: F-6) , PAGE 2
STATION: GAINESVILLE
MONTH: AUGUST
YEAR: 2021
LATITUDE: 29 40 N
LONGITUDE: 82 16 W
[TEMPERATURE DATA] [PRECIPITATION DATA] SYMBOLS USED IN COLUMN 16
AVERAGE MONTHLY: 81.9 TOTAL FOR MONTH: 8.21 1 = FOG OR MIST
DPTR FM NORMAL: 0.6 DPTR FM NORMAL: 1.81 2 = FOG REDUCING VISIBILITY
HIGHEST: 95 ON 20 GRTST 24HR 1.55 ON 2- 3 TO 1/4 MILE OR LESS
LOWEST: 70 ON 24 3 = THUNDER
SNOW, ICE PELLETS, HAIL 4 = ICE PELLETS
TOTAL MONTH: 0.0 INCH 5 = HAIL
GRTST 24HR 0.0 6 = FREEZING RAIN OR DRIZZLE
GRTST DEPTH: 0 7 = DUSTSTORM OR SANDSTORM:
VSBY 1/2 MILE OR LESS
8 = SMOKE OR HAZE
[NO. OF DAYS WITH] [WEATHER - DAYS WITH] 9 = BLOWING SNOW
X = TORNADO
MAX 32 OR BELOW: 0 0.01 INCH OR MORE: 19
MAX 90 OR ABOVE: 20 0.10 INCH OR MORE: 13
MIN 32 OR BELOW: 0 0.50 INCH OR MORE: 8
MIN 0 OR BELOW: 0 1.00 INCH OR MORE: 1
[HDD (BASE 65) ]
TOTAL THIS MO. 0 CLEAR (SCALE 0-3) 23
DPTR FM NORMAL 0 PTCLDY (SCALE 4-7) 8
TOTAL FM JUL 1 0 CLOUDY (SCALE 8-10) 0
DPTR FM NORMAL 0
[CDD (BASE 65) ]
TOTAL THIS MO. 529
DPTR FM NORMAL 25 [PRESSURE DATA]
TOTAL FM JAN 1 2049 HIGHEST SLP 30.23 ON 10
DPTR FM NORMAL 32 LOWEST SLP 29.86 ON 31
[REMARKS]
#FINAL-08-21#