000
CXUS52 KJAX 061606
CF6GNV
PRELIMINARY LOCAL CLIMATOLOGICAL DATA (WS FORM: F-6)
STATION: GAINESVILLE
MONTH: JANUARY
YEAR: 2024
LATITUDE: 29 40 N
LONGITUDE: 82 16 W
TEMPERATURE IN F: :PCPN: SNOW: WIND :SUNSHINE: SKY :PK WND
================================================================================
1 2 3 4 5 6A 6B 7 8 9 10 11 12 13 14 15 16 17 18
12Z AVG MX 2MIN
DY MAX MIN AVG DEP HDD CDD WTR SNW DPTH SPD SPD DIR MIN PSBL S-S WX SPD DR
================================================================================
1 72 37 55 0 10 0 0.00 0.0 0 5.7 17 230 M M 1 1 25 290
2 61 39 50 -5 15 0 0.00 0.0 0 5.4 12 60 M M 0 17 350
3 67 37 52 -3 13 0 0.02 0.0 0 2.5 14 160 M M 3 1 19 160
4 64 41 53 -2 12 0 0.10 0.0 0 5.9 15 340 M M 3 1 23 10
5 73 36 55 0 10 0 0.00 0.0 0 8.2 18 110 M M 1 27 120
6 78 55 67 13 0 2 0.75 0.0 0 10.6 22 170 M M 6 1 33 170
7 61 47 54 0 11 0 0.00 0.0 0 6.0 12 270 M M 1 18 280
8 61 46 54 0 11 0 0.02 0.0 0 6.6 17 110 M M 4 21 90
9 76 57 67 13 0 2 1.58 0.0 0 13.2 37 270 M M 9 13 52 260
10 61 41 51 -3 14 0 0.00 0.0 0 7.9 23 260 M M 0 38 260
11 65 40 53 -1 12 0 0.00 0.0 0 2.8 8 320 M M 2 12 360
12 76 50 63 9 2 0 0.04 0.0 0 8.3 23 230 M M 9 1 35 220
13 73 43 58 4 7 0 0.00 0.0 0 8.2 23 250 M M 1 36 260
14 58 40 49 -5 16 0 0.00 0.0 0 3.9 10 30 M M 0 15 120
15 72 39 56 2 9 0 T 0.0 0 1.9 9 120 M M 6 1 14 110
16 71 43 57 3 8 0 0.24 0.0 0 6.3 15 330 M M 10 123 25 340
17 53 32 43 -11 22 0 0.00 0.0 0 5.6 13 330 M M 0 19 340
18 61 34 48 -7 17 0 0.02 0.0 0 3.2 9 310 M M 6 1 13 290
19 72 45 59 4 6 0 0.00 0.0 0 5.9 16 290 M M 3 1 25 290
20 55 36 46 -9 19 0 0.00 0.0 0 7.5 14 340 M M 0 19 330
21 52 30 41 -14 24 0 0.00 0.0 0 10.0 20 40 M M 2 27 50
22 69 38 54 -1 11 0 0.00 0.0 0 6.3 18 120 M M 3 23 120
23 74 59 67 12 0 2 T 0.0 0 6.9 16 120 M M 4 1 22 110
24 81 61 71 16 0 6 0.00 0.0 0 6.9 16 150 M M 4 1 21 130
25 83 63 73 18 0 8 0.33 0.0 0 5.4 15 140 M M 8 12 21 120
26 81 64 73 18 0 8 0.27 0.0 0 3.9 13 220 M M 6 13 18 230
27 84 61 73 17 0 8 0.03 0.0 0 7.6 21 230 M M 4 12 30 240
28 70 52 61 5 4 0 0.04 0.0 0 11.6 20 270 M M 4 1 29 310
29 64 42 53 -3 12 0 0.00 0.0 0 7.0 17 310 M M 1 27 290
30 67 37 52 -4 13 0 0.00 0.0 0 4.8 15 240 M M 0 20 220
31 68 44 56 0 9 0 0.00 0.0 0 7.3 21 280 M M 0 31 290
================================================================================
SM 2123 1389 287 36 3.44 0.0 203.3 M 101
================================================================================
AV 68.5 44.8 6.6 FASTST M M 3 MAX(MPH)
MISC ----> 37 270 52 260
================================================================================
NOTES:
# LAST OF SEVERAL OCCURRENCES
COLUMN 17 PEAK WIND IN M.P.H.
PRELIMINARY LOCAL CLIMATOLOGICAL DATA (WS FORM: F-6) , PAGE 2
STATION: GAINESVILLE
MONTH: JANUARY
YEAR: 2024
LATITUDE: 29 40 N
LONGITUDE: 82 16 W
[TEMPERATURE DATA] [PRECIPITATION DATA] SYMBOLS USED IN COLUMN 16
AVERAGE MONTHLY: 56.6 TOTAL FOR MONTH: 3.44 1 = FOG OR MIST
DPTR FM NORMAL: 1.8 DPTR FM NORMAL: 0.15 2 = FOG REDUCING VISIBILITY
HIGHEST: 84 ON 27 GRTST 24HR 1.58 ON 9- 9 TO 1/4 MILE OR LESS
LOWEST: 30 ON 21 3 = THUNDER
SNOW, ICE PELLETS, HAIL 4 = ICE PELLETS
TOTAL MONTH: 0.0 INCH 5 = HAIL
GRTST 24HR 0.0 6 = FREEZING RAIN OR DRIZZLE
GRTST DEPTH: 0 7 = DUSTSTORM OR SANDSTORM:
VSBY 1/2 MILE OR LESS
8 = SMOKE OR HAZE
[NO. OF DAYS WITH] [WEATHER - DAYS WITH] 9 = BLOWING SNOW
X = TORNADO
MAX 32 OR BELOW: 0 0.01 INCH OR MORE: 12
MAX 90 OR ABOVE: 0 0.10 INCH OR MORE: 6
MIN 32 OR BELOW: 2 0.50 INCH OR MORE: 2
MIN 0 OR BELOW: 0 1.00 INCH OR MORE: 1
[HDD (BASE 65) ]
TOTAL THIS MO. 287 CLEAR (SCALE 0-3) 16
DPTR FM NORMAL -43 PTCLDY (SCALE 4-7) 12
TOTAL FM JUL 1 593 CLOUDY (SCALE 8-10) 3
DPTR FM NORMAL -164
[CDD (BASE 65) ]
TOTAL THIS MO. 36
DPTR FM NORMAL 20 [PRESSURE DATA]
TOTAL FM JAN 1 36 HIGHEST SLP 30.57 ON 21
DPTR FM NORMAL 20 LOWEST SLP 29.60 ON 9
[REMARKS]
#FINAL-01-24#