000
CXUS54 KOUN 010810
CF6GOK
PRELIMINARY LOCAL CLIMATOLOGICAL DATA (WS FORM: F-6)
STATION: GUTHRIE MUNICIPAL
MONTH: JULY
YEAR: 2023
LATITUDE: 35 50 N
LONGITUDE: 97 25 W
TEMPERATURE IN F: :PCPN: SNOW: WIND :SUNSHINE: SKY :PK WND
================================================================================
1 2 3 4 5 6A 6B 7 8 9 10 11 12 13 14 15 16 17 18
12Z AVG MX 2MIN
DY MAX MIN AVG DEP HDD CDD WTR SNW DPTH SPD SPD DIR MIN PSBL S-S WX SPD DR
================================================================================
1 91 72 82 1 0 17 0.00 M M 7.9 18 260 M M 1 25 230
2 91 65 78 -4 0 13 0.00 M M 4.3 8 360 M M 0 12 330
3 94 68 81 -1 0 16 0.10 M M 8.7 21 100 M M 1 138 29 90
4 95 66 81 -1 0 16 0.00 M M 8.2 16 160 M M 0 22 150
5 86 67 77 -5 0 12 0.11 M M 8.8 21 50 M M 2 13 30 50
6 83 70 77 -5 0 12 0.35 M M 6.2 22 90 M M 5 13 30 110
7 79 66 73 -9 0 8 2.03 M M 7.7 33 300 M M 4 123 44 300
8 87 67 77 -5 0 12 0.02 M M 5.4 20 170 M M 2 3 40 270
9 82 65 74 -9 0 9 1.01 M M 6.0 24 50 M M 5 13 36 40
10 88 63 76 -7 0 11 0.20 0.0 M 4.5 13 160 M M 0 13 16 150
11 88 69 79 -4 0 14 1.43 0.0 M 8.0 25 300 M M 2 13 33 300
12 97 74 86 3 0 21 0.00 0.0 M 8.8 18 180 M M 0 23 180
13 94 76 85 2 0 20 0.01 M M 8.4 23 180 M M 1 13 33 180
14 94 72 83 0 0 18 0.09 M M 8.6 18 130 M M 2 13 25 120
15 88 71 80 -3 0 15 0.00 M M 5.6 13 60 M M 2 17 80
16 92 69 81 -2 0 16 0.00 M M 6.4 16 170 M M 0 24 40
17 94 72 83 -1 0 18 0.00 M M 9.2 17 180 M M 0 23 170
18 100 76 88 4 0 23 0.00 M M 11.3 21 220 M M 0 30 220
19 96 83 90 6 0 25 0.00 M M 10.6 17 220 M M 0 27 200
20 93 77 85 1 0 20 0.00 M M 6.1 13 80 M M 0 18 170
21 84 68 76 -8 0 11 0.59 M M 5.3 24 320 M M 5 13 43 330
22 88 65 77 -7 0 12 0.00 M M 1.7 8 130 M M 0 18 10 280
23 93 66 80 -4 0 15 0.00 M M 7.8 13 190 M M 0 17 160
24 97 72 85 1 0 20 0.00 M M 10.9 17 180 M M 0 25 180
25 101 78 90 6 0 25 0.00 M M 12.1 21 200 M M 0 28 190
26 99 80 90 6 0 25 0.00 M M 12.2 20 200 M M 0 27 200
27 97 78 88 4 0 23 0.00 M M 10.7 17 180 M M 0 8 25 180
28 100 79 90 6 0 25 0.00 M M 12.3 20 200 M M 0 8 28 190
29 100 74 87 3 0 22 0.00 M M 8.0 15 190 M M 0 8 21 190
30 100 72 86 2 0 21 0.00 M M 6.7 14 170 M M 0 19 150
31 101 75 88 4 0 23 0.00 M M 10.8 18 170 M M 0 27 170
================================================================================
SM 2872 2215 0 538 5.94 0.0 249.2 M 32
================================================================================
AV 92.6 71.5 8.0 FASTST M M 1 MAX(MPH)
MISC ----> 33 300 44 300
================================================================================
NOTES:
# LAST OF SEVERAL OCCURRENCES
COLUMN 17 PEAK WIND IN M.P.H.
PRELIMINARY LOCAL CLIMATOLOGICAL DATA (WS FORM: F-6) , PAGE 2
STATION: GUTHRIE MUNICIPAL
MONTH: JULY
YEAR: 2023
LATITUDE: 35 50 N
LONGITUDE: 97 25 W
[TEMPERATURE DATA] [PRECIPITATION DATA] SYMBOLS USED IN COLUMN 16
AVERAGE MONTHLY: 82.0 TOTAL FOR MONTH: 5.94 1 = FOG OR MIST
DPTR FM NORMAL: -1.2 DPTR FM NORMAL: 3.21 2 = FOG REDUCING VISIBILITY
HIGHEST: 101 ON 31,25 GRTST 24HR 2.05 ON 7- 8 TO 1/4 MILE OR LESS
LOWEST: 63 ON 10 3 = THUNDER
SNOW, ICE PELLETS, HAIL 4 = ICE PELLETS
TOTAL MONTH: 0.0 INCH 5 = HAIL
GRTST 24HR 0.0 6 = FREEZING RAIN OR DRIZZLE
GRTST DEPTH: M ON M 7 = DUSTSTORM OR SANDSTORM:
VSBY 1/2 MILE OR LESS
8 = SMOKE OR HAZE
[NO. OF DAYS WITH] [WEATHER - DAYS WITH] 9 = BLOWING SNOW
X = TORNADO
MAX 32 OR BELOW: 0 0.01 INCH OR MORE: 11
MAX 90 OR ABOVE: 21 0.10 INCH OR MORE: 8
MIN 32 OR BELOW: 0 0.50 INCH OR MORE: 4
MIN 0 OR BELOW: 0 1.00 INCH OR MORE: 3
[HDD (BASE 65) ]
TOTAL THIS MO. 0 CLEAR (SCALE 0-3) 27
DPTR FM NORMAL 0 PTCLDY (SCALE 4-7) 4
TOTAL FM JUL 1 0 CLOUDY (SCALE 8-10) 0
DPTR FM NORMAL 0
[CDD (BASE 65) ]
TOTAL THIS MO. 538
DPTR FM NORMAL -25 [PRESSURE DATA]
TOTAL FM JAN 1 1105 HIGHEST SLP M ON M
DPTR FM NORMAL -100 LOWEST SLP 29.69 ON 13
[REMARKS]
#FINAL-07-23#