627
CXUS53 KGRB 102222
CF6GRB
PRELIMINARY LOCAL CLIMATOLOGICAL DATA (WS FORM: F-6)
STATION: GREEN BAY WI
MONTH: JUNE
YEAR: 2020
LATITUDE: 44 28 N
LONGITUDE: 88 8 W
TEMPERATURE IN F: :PCPN: SNOW: WIND :SUNSHINE: SKY :PK WND
================================================================================
1 2 3 4 5 6A 6B 7 8 9 10 11 12 13 14 15 16 17 18
12Z AVG MX 2MIN
DY MAX MIN AVG DEP HDD CDD WTR SNW DPTH SPD SPD DIR MIN PSBL S-S WX SPD DR
================================================================================
1 68 48 58 -2 7 0 0.12 0.0 0 8.1 17 190 M M 5 25 190
2 93 65 79 18 0 14 0.08 0.0 0 8.7 26 270 M M 1 3 39 270
3 85 63 74 13 0 9 0.00 0.0 0 10.1 20 30 M M 1 27 280
4 84 60 72 11 0 7 0.00 0.0 0 4.4 12 290 M M 0 15 310
5 79 59 69 7 0 4 0.27 0.0 0 5.9 17 310 M M 2 13 28 320
6 73 55 64 2 1 0 0.00 0.0 0 8.5 16 50 M M 1 8 20 50
7 72 52 62 0 3 0 T 0.0 0 8.3 14 140 M M 2 19 110
8 88 52 70 7 0 5 0.00 0.0 0 9.1 20 160 M M 0 24 150
9 81 61 71 8 0 6 0.48 0.0 0 9.0 24 140 M M 3 1 40 150
10 81 60 71 8 0 6 0.47 0.0 0 14.2 30 300 M M 7 13 46 210
11 75 50 63 -1 2 0 0.27 0.0 0 11.7 37 270 M M 1 3 54 260
12 65 47 56 -8 9 0 0.03 0.0 0 5.8 14 100 M M 5 18 100
13 64 42 53 -11 12 0 0.00 0.0 0 8.4 18 40 M M 0 25 40
14 69 45 57 -7 8 0 0.00 0.0 0 7.8 18 120 M M 0 24 120
15 73 46 60 -5 5 0 0.00 0.0 0 6.1 16 150 M M 0 23 140
16 82 49 66 1 0 1 0.00 0.0 0 6.3 15 160 M M 0 23 170
17 86 56 71 6 0 6 0.00 0.0 0 6.5 18 130 M M 0 1 24 150
18 86 60 73 7 0 8 0.00 0.0 0 7.2 17 150 M M 1 25 150
19 89 62 76 10 0 11 0.00 0.0 0 5.1 15 300 M M 1 21 200
20 73 67 70 4 0 5 0.84 0.0 0 5.3 12 90 M M 9 13 16 60
21 81 64 73 7 0 8 T 0.0 0 7.6 14 260 M M 2 1 20 240
22 75 59 67 0 0 2 0.61 0.0 0 5.9 20 350 M M 7 1 28 350
23 75 57 66 -1 0 1 0.51 0.0 0 9.8 22 310 M M 8 1 30 360
24 78 55 67 0 0 2 0.05 0.0 0 6.0 18 360 M M 5 22 360
25 81 54 68 1 0 3 0.00 0.0 0 5.3 15 270 M M 0 22 310
26 81 61 71 3 0 6 0.02 0.0 0 5.6 15 200 M M 2 22 210
27 87 65 76 8 0 11 0.00 0.0 0 5.5 14 110 M M 2 1 19 260
28 83 64 74 6 0 9 0.00 0.0 0 5.9 13 110 M M 1 17 110
29 85 64 75 7 0 10 0.46 0.0 0 5.1 21 270 M M 2 13 27 270
30 87 66 77 9 0 12 0.00 0.0 0 6.4 15 140 M M 0 1 20 150
================================================================================
SM 2379 1708 47 146 4.21 0.0 219.6 M 68
================================================================================
AV 79.3 56.9 7.3 FASTST M M 2 MAX(MPH)
MISC ----> # 37 270 # 54 260
================================================================================
NOTES:
# LAST OF SEVERAL OCCURRENCES
COLUMN 17 PEAK WIND IN M.P.H.
PRELIMINARY LOCAL CLIMATOLOGICAL DATA (WS FORM: F-6) , PAGE 2
STATION: GREEN BAY WI
MONTH: JUNE
YEAR: 2020
LATITUDE: 44 28 N
LONGITUDE: 88 8 W
[TEMPERATURE DATA] [PRECIPITATION DATA] SYMBOLS USED IN COLUMN 16
AVERAGE MONTHLY: 68.1 TOTAL FOR MONTH: 4.21 1 = FOG OR MIST
DPTR FM NORMAL: 3.4 DPTR FM NORMAL: 0.33 2 = FOG REDUCING VISIBILITY
HIGHEST: 93 ON 2 GRTST 24HR 0.84 ON 20-20 TO 1/4 MILE OR LESS
LOWEST: 42 ON 13 3 = THUNDER
SNOW, ICE PELLETS, HAIL 4 = ICE PELLETS
TOTAL MONTH: 0.0 INCH 5 = HAIL
GRTST 24HR 0.0 6 = FREEZING RAIN OR DRIZZLE
GRTST DEPTH: 0 7 = DUSTSTORM OR SANDSTORM:
VSBY 1/2 MILE OR LESS
8 = SMOKE OR HAZE
[NO. OF DAYS WITH] [WEATHER - DAYS WITH] 9 = BLOWING SNOW
X = TORNADO
MAX 32 OR BELOW: 0 0.01 INCH OR MORE: 13
MAX 90 OR ABOVE: 1 0.10 INCH OR MORE: 9
MIN 32 OR BELOW: 0 0.50 INCH OR MORE: 3
MIN 0 OR BELOW: 0 1.00 INCH OR MORE: 0
[HDD (BASE 65) ]
TOTAL THIS MO. 47 CLEAR (SCALE 0-3) 23
DPTR FM NORMAL -45 PTCLDY (SCALE 4-7) 6
TOTAL FM JUL 1 7313 CLOUDY (SCALE 8-10) 1
DPTR FM NORMAL -642
[CDD (BASE 65) ]
TOTAL THIS MO. 146
DPTR FM NORMAL 63 [PRESSURE DATA]
TOTAL FM JAN 1 185 HIGHEST SLP 30.47 ON 14
DPTR FM NORMAL 84 LOWEST SLP 29.12 ON 10
[REMARKS]
#FINAL-06-20#