000
CXUS53 KIWX 010910
CF6GSH
PRELIMINARY LOCAL CLIMATOLOGICAL DATA (WS FORM: F-6)
STATION: GOSHEN
MONTH: OCTOBER
YEAR: 2020
LATITUDE: 41 31 N
LONGITUDE: 85 47 W
TEMPERATURE IN F: :PCPN: SNOW: WIND :SUNSHINE: SKY :PK WND
================================================================================
1 2 3 4 5 6A 6B 7 8 9 10 11 12 13 14 15 16 17 18
12Z AVG MX 2MIN
DY MAX MIN AVG DEP HDD CDD WTR SNW DPTH SPD SPD DIR MIN PSBL S-S WX SPD DR
================================================================================
1 62 41 52 -5 13 0 0.05 0.0 0 8.6 26 340 M M 4 13 34 330
2 54 34 44 -12 21 0 T 0.0 0 5.0 17 280 M M 6 1 22 280
3 58 35 47 -9 18 0 0.04 0.0 0 4.2 13 170 M M 9 1 16 160
4 56 38 47 -8 18 0 0.41 0.0 0 5.8 21 310 M M 8 1 29 310
5 61 34 48 -7 17 0 0.00 0.0 0 6.0 18 180 M M 4 12 24 180
6 73 49 61 6 4 0 0.00 0.0 0 12.4 21 230 M M 2 27 240
7 73 44 59 5 6 0 0.00 0.0 0 10.6 24 320 M M 0 34 300
8 71 39 55 1 10 0 0.00 0.0 0 3.6 15 330 M M 0 1 20 320
9 83 42 63 9 2 0 0.00 0.0 0 10.1 25 220 M M 0 32 230
10 76 59 68 15 0 3 0.00 0.0 0 10.6 21 240 M M 4 28 220
11 76 53 65 12 0 0 0.00 0.0 0 10.1 17 110 M M 3 24 120
12 73 45 59 7 6 0 0.39 0.0 0 10.6 36 300 M M 6 13 45 300
13 67 41 54 2 11 0 0.00 0.0 0 8.6 22 190 M M 0 1 30 180
14 73 39 56 4 9 0 0.00 0.0 0 10.0 28 190 M M 0 37 170
15 64 40 52 1 13 0 0.02 0.0 0 12.5 22 290 M M 8 31 270
16 56 32 44 -7 21 0 T 0.0 0 7.8 24 200 M M 3 34 260
17 60 32 46 -5 19 0 0.00 0.0 0 13.5 26 190 M M 3 36 180
18 63 40 52 2 13 0 0.10 0.0 0 9.1 21 280 M M 10 1 32 280
19 43 39 41 -9 24 0 0.02 0.0 0 4.5 13 30 M M 5 1 17 40
20 56 37 47 -3 18 0 0.21 0.0 0 9.6 20 120 M M 6 13 26 140
21 58 49 54 4 11 0 0.09 0.0 0 8.8 20 260 M M 9 138 28 260
22 78 49 64 15 1 0 0.51 0.0 0 10.4 20 220 M M 6 138 27 220
23 74 43 59 10 6 0 0.24 0.0 0 15.0 28 300 M M 6 138 40 270
24 49 33 41 -8 24 0 T M M 6.6 18 340 M M 3 23 10
25 49 36 43 -5 22 0 0.00 M M 7.8 15 50 M M 10 18 70
26 47 40 44 -4 21 0 0.00 M M 7.5 14 340 M M 10 19 330
27 41 39 40 -8 25 0 0.05 M M 2.6 10 210 M M 10 18 12 210
28 49 35 42 -5 23 0 0.00 M M 6.9 14 220 M M 3 1 19 250
29 53 41 47 0 18 0 T M M 8.9 22 20 M M 6 18 29 10
30 42 26 34 -13 31 0 T M M 5.5 14 350 M M 8 1 17 360
31 55 24 40 -6 25 0 0.00 M M 10.9 21 190 M M 0 1 30 170
================================================================================
SM 1893 1228 450 3 2.13 0.0 264.1 M 152
================================================================================
AV 61.1 39.6 8.5 FASTST M M 5 MAX(MPH)
MISC ----> 36 300 45 300
================================================================================
NOTES:
# LAST OF SEVERAL OCCURRENCES
COLUMN 17 PEAK WIND IN M.P.H.
PRELIMINARY LOCAL CLIMATOLOGICAL DATA (WS FORM: F-6) , PAGE 2
STATION: GOSHEN
MONTH: OCTOBER
YEAR: 2020
LATITUDE: 41 31 N
LONGITUDE: 85 47 W
[TEMPERATURE DATA] [PRECIPITATION DATA] SYMBOLS USED IN COLUMN 16
AVERAGE MONTHLY: 50.3 TOTAL FOR MONTH: 2.13 1 = FOG OR MIST
DPTR FM NORMAL: -1.0 DPTR FM NORMAL: -1.03 2 = FOG REDUCING VISIBILITY
HIGHEST: 83 ON 9 GRTST 24HR 0.59 ON 21-22 TO 1/4 MILE OR LESS
LOWEST: 24 ON 31 3 = THUNDER
SNOW, ICE PELLETS, HAIL 4 = ICE PELLETS
TOTAL MONTH: 0.0 INCH 5 = HAIL
GRTST 24HR 0.0 6 = FREEZING RAIN OR DRIZZLE
GRTST DEPTH: 0 7 = DUSTSTORM OR SANDSTORM:
VSBY 1/2 MILE OR LESS
8 = SMOKE OR HAZE
[NO. OF DAYS WITH] [WEATHER - DAYS WITH] 9 = BLOWING SNOW
X = TORNADO
MAX 32 OR BELOW: 0 0.01 INCH OR MORE: 12
MAX 90 OR ABOVE: 0 0.10 INCH OR MORE: 6
MIN 32 OR BELOW: 4 0.50 INCH OR MORE: 1
MIN 0 OR BELOW: 0 1.00 INCH OR MORE: 0
[HDD (BASE 65) ]
TOTAL THIS MO. 450 CLEAR (SCALE 0-3) 11
DPTR FM NORMAL 14 PTCLDY (SCALE 4-7) 13
TOTAL FM JUL 1 550 CLOUDY (SCALE 8-10) 7
DPTR FM NORMAL -28
[CDD (BASE 65) ]
TOTAL THIS MO. 3
DPTR FM NORMAL -7 [PRESSURE DATA]
TOTAL FM JAN 1 900 HIGHEST SLP 30.39 ON 31
DPTR FM NORMAL 238 LOWEST SLP 29.59 ON 14
[REMARKS]
#FINAL-10-20#