219
CXGM50 PGUM 011630
CF6GSN
PRELIMINARY LOCAL CLIMATOLOGICAL DATA (WS FORM: F-6)
STATION: SAIPAN/ISLEY_(CGS) MP
MONTH: MARCH
YEAR: 2021
LATITUDE: 15 7 N
LONGITUDE: 145-44 E
TEMPERATURE IN F: :PCPN: SNOW: WIND :SUNSHINE: SKY :PK WND
================================================================================
1 2 3 4 5 6A 6B 7 8 9 10 11 12 13 14 15 16 17 18
12Z AVG MX 2MIN
DY MAX MIN AVG DEP HDD CDD WTR SNW DPTH SPD SPD DIR MIN PSBL S-S WX SPD DR
================================================================================
1 90 78 84 M 0 19 T M M 13.4 22 90 M M 3 27 80
2 89 77 83 M 0 18 0.00 M M 10.8 20 80 M M 3 24 80
3 89 78 84 M 0 19 T M M 10.3 15 30 M M 3 20 70
4 90 78 84 M 0 19 T M M 12.7 20 70 M M 4 24 60
5 90 79 85 M 0 20 T M M 13.4 18 70 M M 2 23 70
6 90 75 83 M 0 18 0.02 M M 15.9 23 80 M M 2 29 70
7 90 80 85 M 0 20 0.03 M M 16.1 22 60 M M 3 27 80
8 90 78 84 M 0 19 0.03 M M 16.4 23 80 M M 4 29 80
9 90 77 84 M 0 19 0.29 M M 17.2 25 80 M M 5 32 90
10 89 77 83 M 0 18 T M M 19.3 25 70 M M 3 31 70
11 89 77 83 M 0 18 0.00 M M 17.2 24 70 M M 1 28 70
12 90 79 85 M 0 20 0.00 M M 20.1 26 80 M M 1 32 90
13 90 80 85 M 0 20 T M M 16.2 22 90 M M 3 27 80
14 90 80 85 M 0 20 0.00 M M 13.9 22 100 M M 3 26 130
15 90 79 85 M 0 20 0.01 M M 12.7 18 110 M M 3 24 100
16 90 79 85 M 0 20 0.00 M M 15.1 22 70 M M 3 26 70
17 90 79 85 M 0 20 0.01 M M 14.9 21 80 M M 5 27 80
18 90 78 84 M 0 19 0.02 M M 13.8 21 80 M M 4 26 80
19 90 76 83 M 0 18 T 0.0 0 10.3 16 80 M M 3 22 80
20 90 78 84 M 0 19 0.15 M M 7.9 13 120 M M 4 19 120
21 90 79 85 M 0 20 0.00 M M 8.6 15 100 M M 3 21 60
22 90 78 84 M 0 19 T M M 8.2 16 90 M M 3 19 120
23 91 78 85 M 0 20 0.04 M M 12.3 18 70 M M 3 23 90
24 91 81 86 M 0 21 0.00 M M 17.1 23 80 M M 4 28 70
25 90 78 84 M 0 19 0.16 M M 17.1 26 80 M M 4 32 80
26 89 77 83 M 0 18 0.32 0.0 0 13.8 21 80 M M 4 26 90
27 90 76 83 M 0 18 0.23 0.0 0 11.2 23 70 M M 4 1 27 60
28 90 78 84 M 0 19 0.11 M M 14.9 24 60 M M 4 29 50
29 90 78 84 M 0 19 T 0.0 0 12.7 18 90 M M 3 22 90
30 89 77 83 M 0 18 0.03 M M 9.4 16 70 M M 3 24 60
31 88 78 83 M 0 18 0.00 M M 6.0 10 180 M M 3 16 160
================================================================================
SM 2784 2420 0 592 1.45 0.0 418.9 M 100
================================================================================
AV 89.8 78.1 13.5 FASTST M M 3 MAX(MPH)
MISC ----> # 26 80 # 32 90
================================================================================
NOTES:
# LAST OF SEVERAL OCCURRENCES
COLUMN 17 PEAK WIND IN M.P.H.
PRELIMINARY LOCAL CLIMATOLOGICAL DATA (WS FORM: F-6) , PAGE 2
STATION: SAIPAN/ISLEY_(CGS) MP
MONTH: MARCH
YEAR: 2021
LATITUDE: 15 7 N
LONGITUDE: 145-44 E
[TEMPERATURE DATA] [PRECIPITATION DATA] SYMBOLS USED IN COLUMN 16
AVERAGE MONTHLY: 83.9 TOTAL FOR MONTH: 1.45 1 = FOG OR MIST
DPTR FM NORMAL: 0.0 DPTR FM NORMAL: -0.48 2 = FOG REDUCING VISIBILITY
HIGHEST: 91 ON 24,23 GRTST 24HR 0.55 ON 26-27 TO 1/4 MILE OR LESS
LOWEST: 75 ON 6 3 = THUNDER
SNOW, ICE PELLETS, HAIL 4 = ICE PELLETS
TOTAL MONTH: 0.0 INCH 5 = HAIL
GRTST 24HR 0.0 6 = FREEZING RAIN OR DRIZZLE
GRTST DEPTH: 0 7 = DUSTSTORM OR SANDSTORM:
VSBY 1/2 MILE OR LESS
8 = SMOKE OR HAZE
[NO. OF DAYS WITH] [WEATHER - DAYS WITH] 9 = BLOWING SNOW
X = TORNADO
MAX 32 OR BELOW: 0 0.01 INCH OR MORE: 14
MAX 90 OR ABOVE: 24 0.10 INCH OR MORE: 6
MIN 32 OR BELOW: 0 0.50 INCH OR MORE: 0
MIN 0 OR BELOW: 0 1.00 INCH OR MORE: 0
[HDD (BASE 65) ]
TOTAL THIS MO. 0 CLEAR (SCALE 0-3) 16
DPTR FM NORMAL M PTCLDY (SCALE 4-7) 15
TOTAL FM JUL 1 0 CLOUDY (SCALE 8-10) 0
DPTR FM NORMAL M
[CDD (BASE 65) ]
TOTAL THIS MO. 592
DPTR FM NORMAL M [PRESSURE DATA]
TOTAL FM JAN 1 1632 HIGHEST SLP 30.02 ON 1
DPTR FM NORMAL M LOWEST SLP 29.91 ON 1
[REMARKS]
#FINAL-03-21#