000
CXUS52 KRAH 010845
CF6GSO
PRELIMINARY LOCAL CLIMATOLOGICAL DATA (WS FORM: F-6)
STATION: GREENSBORO NC
MONTH: OCTOBER
YEAR: 2023
LATITUDE: 36 4 N
LONGITUDE: 79 57 W
TEMPERATURE IN F: :PCPN: SNOW: WIND :SUNSHINE: SKY :PK WND
================================================================================
1 2 3 4 5 6A 6B 7 8 9 10 11 12 13 14 15 16 17 18
12Z AVG MX 2MIN
DY MAX MIN AVG DEP HDD CDD WTR SNW DPTH SPD SPD DIR MIN PSBL S-S WX SPD DR
================================================================================
1 79 59 69 3 0 4 0.00 0.0 0 4.2 15 90 M M 3 19 50
2 81 57 69 4 0 4 0.00 0.0 0 3.9 14 50 M M 1 19 50
3 81 58 70 5 0 5 0.00 0.0 0 1.5 9 90 M M 3 13 60
4 80 57 69 4 0 4 0.00 0.0 0 4.2 13 70 M M 2 19 70
5 77 55 66 2 0 1 0.00 0.0 0 3.8 9 80 M M 5 19 70
6 78 62 70 6 0 5 T 0.0 0 2.4 8 200 M M 8 11 200
7 69 46 58 -6 7 0 0.12 0.0 0 9.4 20 310 M M 4 1 26 300
8 63 40 52 -11 13 0 0.00 0.0 0 8.4 21 270 M M 3 26 260
9 68 40 54 -9 11 0 0.00 0.0 0 8.0 22 240 M M 4 29 240
10 72 48 60 -2 5 0 0.00 0.0 0 2.1 13 200 M M 6 18 210
11 68 51 60 -2 5 0 0.00 0.0 0 3.1 9 230 M M 8 13 10
12 76 56 66 4 0 1 0.01 0.0 0 2.6 8 150 M M 5 14 230
13 79 53 66 5 0 1 0.00 0.0 0 3.5 12 80 M M 3 17 50
14 70 56 63 2 2 0 0.79 0.0 0 6.3 28 320 M M 8 1 40 310
15 60 47 54 -6 11 0 0.00 0.0 0 7.7 17 20 M M 7 28 20
16 59 44 52 -8 13 0 0.00 0.0 0 6.7 15 320 M M 7 20 310
17 66 43 55 -5 10 0 0.00 0.0 0 2.8 12 10 M M 7 17 20
18 68 49 59 0 6 0 0.00 0.0 0 4.4 13 250 M M 5 16 220
19 70 44 57 -2 8 0 0.00 0.0 0 7.0 16 220 M M 4 24 200
20 65 48 57 -2 8 0 0.30 T 0 7.5 33 290 M M 7 135 45 290
21 69 44 57 -1 8 0 0.00 0.0 0 9.8 25 300 M M 2 32 300
22 70 45 58 0 7 0 0.00 0.0 0 8.2 18 310 M M 2 28 320
23 69 36 53 -5 12 0 0.00 0.0 0 1.9 8 60 M M 1 13 60
24 72 39 56 -1 9 0 0.00 0.0 0 1.2 8 220 M M 2 11 240
25 75 43 59 2 6 0 0.00 0.0 0 3.1 12 270 M M 2 15 290
26 77 49 63 7 2 0 0.00 0.0 0 3.9 12 160 M M 5 17 190
27 78 55 67 11 0 2 0.00 0.0 0 6.4 13 250 M M 7 22 210
28 83 55 69 13 0 4 0.00 0.0 0 5.1 9 250 M M 3 12 320
29 81 57 69 13 0 4 0.00 0.0 0 7.2 15 220 M M 1 21 220
30 83 56 70 15 0 5 0.00 0.0 0 9.2 18 250 M M 3 26 340
31 56 42 49 -6 16 0 0.04 0.0 0 8.3 20 70 M M 10 1 24 60
================================================================================
SM 2242 1534 159 40 1.26 T 163.8 M 138
================================================================================
AV 72.3 49.5 5.3 FASTST M M 4 MAX(MPH)
MISC ----> 33 290 45 290
================================================================================
NOTES:
# LAST OF SEVERAL OCCURRENCES
COLUMN 17 PEAK WIND IN M.P.H.
PRELIMINARY LOCAL CLIMATOLOGICAL DATA (WS FORM: F-6) , PAGE 2
STATION: GREENSBORO NC
MONTH: OCTOBER
YEAR: 2023
LATITUDE: 36 4 N
LONGITUDE: 79 57 W
[TEMPERATURE DATA] [PRECIPITATION DATA] SYMBOLS USED IN COLUMN 16
AVERAGE MONTHLY: 60.9 TOTAL FOR MONTH: 1.26 1 = FOG OR MIST
DPTR FM NORMAL: 0.7 DPTR FM NORMAL: -1.84 2 = FOG REDUCING VISIBILITY
HIGHEST: 83 ON 30,28 GRTST 24HR 0.79 ON 14-14 TO 1/4 MILE OR LESS
LOWEST: 36 ON 23 3 = THUNDER
SNOW, ICE PELLETS, HAIL 4 = ICE PELLETS
TOTAL MONTH: T 5 = HAIL
GRTST 24HR T ON 20-20 6 = FREEZING RAIN OR DRIZZLE
GRTST DEPTH: 0 7 = DUSTSTORM OR SANDSTORM:
VSBY 1/2 MILE OR LESS
8 = SMOKE OR HAZE
[NO. OF DAYS WITH] [WEATHER - DAYS WITH] 9 = BLOWING SNOW
X = TORNADO
MAX 32 OR BELOW: 0 0.01 INCH OR MORE: 5
MAX 90 OR ABOVE: 0 0.10 INCH OR MORE: 3
MIN 32 OR BELOW: 0 0.50 INCH OR MORE: 1
MIN 0 OR BELOW: 0 1.00 INCH OR MORE: 0
[HDD (BASE 65) ]
TOTAL THIS MO. 159 CLEAR (SCALE 0-3) 13
DPTR FM NORMAL -28 PTCLDY (SCALE 4-7) 16
TOTAL FM JUL 1 169 CLOUDY (SCALE 8-10) 2
DPTR FM NORMAL -40
[CDD (BASE 65) ]
TOTAL THIS MO. 40
DPTR FM NORMAL 1 [PRESSURE DATA]
TOTAL FM JAN 1 1368 HIGHEST SLP 30.42 ON 25
DPTR FM NORMAL -181 LOWEST SLP 29.53 ON 14
[REMARKS]
#FINAL-10-23#