000
CXUS52 KRAH 050847 RRB
CLSGSO
CLIMATE REPORT
NATIONAL WEATHER SERVICE RALEIGH NC
436 AM EDT SUN JUN 05 2022
...................................
...THE GREENSBORO NC CLIMATE SUMMARY FOR THE SEASON, FROM
3/1/2022 TO 5/31/2022...
CLIMATE NORMAL PERIOD 1991 TO 2020
CLIMATE RECORD PERIOD 1903 TO 2022
WEATHER OBSERVED NORMAL DEPART LAST YEAR`S
VALUE DATE(S) VALUE FROM VALUE
NORMAL
..............................................................
TEMPERATURE (F)
RECORD
HIGH 100 05/12/1916
05/27/1911
LOW 5 03/06/1960
HIGHEST 91 05/20
LOWEST 19 03/13
AVG. MAXIMUM 71.8 70.1 1.7
AVG. MINIMUM 49.1 48.1 1.0
MEAN 60.5 59.1 1.4
DAYS MAX >= 90 2 1.1 0.9
DAYS MAX <= 32 0 0.1 -0.1
DAYS MIN <= 32 6 9.1 -3.1
DAYS MIN <= 0 0 0.0 0.0
PRECIPITATION (INCHES)
RECORD
MAXIMUM 19.91 2003
MINIMUM 3.59 1986
TOTALS 11.09 10.99 0.10
DAYS >= .01 23 31.4 -8.4
DAYS >= 1.00 4 2.5 1.5
GREATEST
24 HR. TOTAL 1.95 05/23 TO 05/24
SNOWFALL (INCHES)
RECORDS
TOTAL 21.3 1960
TOTALS T 0.9 -0.9
DAYS >= TRACE 1 0.5 0.5
DAYS >= 1.0 0 0.3 -0.3
GREATEST
SNOW DEPTH 0
DEGREE DAYS
HEATING TOTAL 598 725 -127
SINCE 7/1 3071 3495 -424
COOLING TOTAL 205 182 23
SINCE 1/1 210 183 27
..............................................................
WIND (MPH)
AVERAGE WIND SPEED 8.7
HIGHEST WIND SPEED/DIRECTION 38/240 DATE 03/31
HIGHEST GUST SPEED/DIRECTION 52/240 DATE 05/06
SKY COVER
POSSIBLE SUNSHINE (PERCENT) MM
AVERAGE SKY COVER 0.59
NUMBER OF DAYS FAIR 20
NUMBER OF DAYS PC 37
NUMBER OF DAYS CLOUDY 35
AVERAGE RH (PERCENT) 61
WEATHER CONDITIONS. NUMBER OF DAYS WITH
THUNDERSTORM 12 MIXED PRECIP 0
HEAVY RAIN 13 RAIN 15
LIGHT RAIN 32 FREEZING RAIN 0
LT FREEZING RAIN 0 HAIL 0
HEAVY SNOW 0 SNOW 0
LIGHT SNOW 1 SLEET 0
FOG 27 FOG W/VIS <= 1/4 MILE 3
HAZE 8
- INDICATES NEGATIVE NUMBERS.
R INDICATES RECORD WAS SET OR TIED.
MM INDICATES DATA IS MISSING.
T INDICATES TRACE AMOUNT.
&&
MARCH-APRIL-MAY(MAM)2022 WAS THE 14TH WARMEST ON RECORD.
$$