000
CXUS52 KGSP 010817
CF6GSP
PRELIMINARY LOCAL CLIMATOLOGICAL DATA (WS FORM: F-6)
STATION: GREENVILLE-SPARTANBURG SC
MONTH: MARCH
YEAR: 2023
LATITUDE: 34 54 N
LONGITUDE: 82 13 W
TEMPERATURE IN F: :PCPN: SNOW: WIND :SUNSHINE: SKY :PK WND
================================================================================
1 2 3 4 5 6A 6B 7 8 9 10 11 12 13 14 15 16 17 18
12Z AVG MX 2MIN
DY MAX MIN AVG DEP HDD CDD WTR SNW DPTH SPD SPD DIR MIN PSBL S-S WX SPD DR
================================================================================
1 74 44 59 10 6 0 0.00 0.0 0 5.2 14 160 M M 2 8 17 170
2 68 58 63 14 2 0 0.11 0.0 0 6.0 15 190 M M 9 18 21 220
3 74 56 65 15 0 0 0.81 0.0 0 10.6 30 270 M M 9 13 43 290
4 69 45 57 7 8 0 0.00 0.0 0 5.7 15 20 M M 0 22 340
5 68 40 54 4 11 0 0.00 0.0 0 3.2 10 60 M M 0 13 120
6 75 39 57 7 8 0 0.00 0.0 0 6.5 20 210 M M 0 23 200
7 78 53 66 16 0 1 0.00 0.0 0 9.7 17 360 M M 0 27 10
8 67 38 53 2 12 0 0.00 0.0 0 4.6 16 20 M M 1 21 20
9 66 39 53 2 12 0 T 0.0 0 4.3 15 220 M M 4 18 220
10 70 46 58 7 7 0 0.01 0.0 0 8.3 15 230 M M 6 18 21 10
11 61 40 51 -1 14 0 0.02 0.0 0 7.1 17 360 M M 1 24 10
12 47 38 43 -9 22 0 0.89 0.0 0 8.1 14 30 M M 10 1 18 20
13 56 38 47 -5 18 0 0.00 0.0 0 3.6 16 10 M M 6 1 21 360
14 50 29 40 -12 25 0 0.00 0.0 0 9.1 21 10 M M 0 28 360
15 61 31 46 -6 19 0 0.00 0.0 0 4.8 12 290 M M 0 17 10
16 68 29 49 -4 16 0 0.00 0.0 0 7.2 18 230 M M 0 25 200
17 58 49 54 1 11 0 0.51 0.0 0 9.6 21 210 M M 7 1 26 210
18 59 40 50 -3 15 0 0.00 0.0 0 5.2 15 260 M M 4 19 250
19 49 31 40 -14 25 0 0.00 0.0 0 7.1 15 360 M M 0 21 10
20 54 26 40 -14 25 0 0.00 0.0 0 5.6 13 50 M M 0 17 40
21 63 28 46 -8 19 0 0.00 0.0 0 2.5 13 140 M M 0 17 130
22 53 40 47 -7 18 0 0.25 0.0 0 3.5 9 160 M M 7 1 12 180
23 79 49 64 9 1 0 0.00 0.0 0 9.7 24 230 M M 2 1 30 230
24 83 55 69 14 0 4 0.00 0.0 0 12.0 23 220 M M 0 32 220
25 78 60 69 14 0 4 0.06 0.0 0 12.1 28 210 M M 4 1 37 210
26 75 56 66 11 0 1 0.69 0.0 0 4.6 15 250 M M 5 13 22 240
27 79 58 69 13 0 4 0.72 0.0 0 10.1 23 210 M M 4 13 29 210
28 73 49 61 5 4 0 0.00 0.0 0 6.2 16 360 M M 2 24 340
29 64 42 53 -3 12 0 0.00 0.0 0 6.6 16 50 M M 0 27 330
30 70 36 53 -3 12 0 0.00 0.0 0 4.7 13 70 M M 0 17 60
31 71 46 59 2 6 0 0.00 0.0 0 6.9 18 210 M M 4 24 170
================================================================================
SM 2060 1328 328 14 4.07 0.0 210.4 M 87
================================================================================
AV 66.5 42.8 6.8 FASTST M M 3 MAX(MPH)
MISC ----> 30 270 43 290
================================================================================
NOTES:
# LAST OF SEVERAL OCCURRENCES
COLUMN 17 PEAK WIND IN M.P.H.
PRELIMINARY LOCAL CLIMATOLOGICAL DATA (WS FORM: F-6) , PAGE 2
STATION: GREENVILLE-SPARTANBURG SC
MONTH: MARCH
YEAR: 2023
LATITUDE: 34 54 N
LONGITUDE: 82 13 W
[TEMPERATURE DATA] [PRECIPITATION DATA] SYMBOLS USED IN COLUMN 16
AVERAGE MONTHLY: 54.6 TOTAL FOR MONTH: 4.07 1 = FOG OR MIST
DPTR FM NORMAL: 1.8 DPTR FM NORMAL: -0.41 2 = FOG REDUCING VISIBILITY
HIGHEST: 83 ON 24 GRTST 24HR 1.41 ON 26-27 TO 1/4 MILE OR LESS
LOWEST: 26 ON 20 3 = THUNDER
SNOW, ICE PELLETS, HAIL 4 = ICE PELLETS
TOTAL MONTH: 0.0 INCH 5 = HAIL
GRTST 24HR 0.0 6 = FREEZING RAIN OR DRIZZLE
GRTST DEPTH: 0 7 = DUSTSTORM OR SANDSTORM:
VSBY 1/2 MILE OR LESS
8 = SMOKE OR HAZE
[NO. OF DAYS WITH] [WEATHER - DAYS WITH] 9 = BLOWING SNOW
X = TORNADO
MAX 32 OR BELOW: 0 0.01 INCH OR MORE: 10
MAX 90 OR ABOVE: 0 0.10 INCH OR MORE: 7
MIN 32 OR BELOW: 6 0.50 INCH OR MORE: 5
MIN 0 OR BELOW: 0 1.00 INCH OR MORE: 0
[HDD (BASE 65) ]
TOTAL THIS MO. 328 CLEAR (SCALE 0-3) 18
DPTR FM NORMAL -59 PTCLDY (SCALE 4-7) 10
TOTAL FM JUL 1 2477 CLOUDY (SCALE 8-10) 3
DPTR FM NORMAL -339
[CDD (BASE 65) ]
TOTAL THIS MO. 14
DPTR FM NORMAL 5 [PRESSURE DATA]
TOTAL FM JAN 1 24 HIGHEST SLP 30.47 ON 21
DPTR FM NORMAL 14 LOWEST SLP 29.35 ON 3
[REMARKS]
#FINAL-03-23#