000
CXUS52 KFFC 011010
CF6GVL
PRELIMINARY LOCAL CLIMATOLOGICAL DATA (WS FORM: F-6)
STATION: GAINESVILLE
MONTH: AUGUST
YEAR: 2020
LATITUDE: 34 16 N
LONGITUDE: 83 50 W
TEMPERATURE IN F: :PCPN: SNOW: WIND :SUNSHINE: SKY :PK WND
================================================================================
1 2 3 4 5 6A 6B 7 8 9 10 11 12 13 14 15 16 17 18
12Z AVG MX 2MIN
DY MAX MIN AVG DEP HDD CDD WTR SNW DPTH SPD SPD DIR MIN PSBL S-S WX SPD DR
================================================================================
1 90 70 80 1 0 15 T 0.0 M 4.9 17 240 M M 3 1 24 260
2 89 71 80 1 0 15 0.30 M M 5.1 15 120 M M 2 13 19 110
3 82 66 74 -5 0 9 0.21 M M 4.8 18 300 M M 4 13 24 300
4 87 65 76 -3 0 11 0.00 M M 5.2 16 320 M M 1 20 330
5 88 69 79 0 0 14 0.00 M M 4.9 13 110 M M 1 3 17 110
6 89 70 80 1 0 15 T M M 5.7 15 300 M M 4 13 23 290
7 88 69 79 0 0 14 0.00 M M 5.0 18 250 M M 5 13 25 250
8 90 68 79 0 0 14 0.00 M M 3.2 14 360 M M 0 16 360
9 91 71 81 2 0 16 0.00 M M 3.4 13 300 M M 1 23 240
10 89 70 80 1 0 15 0.32 M M 6.0 17 340 M M 3 13 22 330
11 91 70 81 2 0 16 0.00 M M 4.8 12 320 M M 1 16 320
12 93 72 83 4 0 18 0.00 M M 4.1 15 90 M M 0 20 80
13 91 70 81 2 0 16 0.85 M M 4.3 15 150 M M 1 13 19 160
14 85 70 78 0 0 13 0.00 M M 4.1 9 180 M M 5 3 14 190
15 84 71 78 0 0 13 0.21 M M 5.2 21 310 M M 6 13 27 320
16 90 68 79 1 0 14 0.00 M M 4.7 12 310 M M 0 15 310
17 88 69 79 1 0 14 0.00 M M 4.7 14 310 M M 2 17 280
18 87 67 77 -1 0 12 0.00 M M 5.8 15 80 M M 2 20 60
19 87 69 78 0 0 13 0.11 M M 4.4 21 320 M M 4 13 30 320
20 81 66 74 -4 0 9 0.77 M M 7.6 18 140 M M 4 13 26 150
21 79 67 73 -5 0 8 0.69 M M 5.5 13 70 M M 8 1 16 60
22 83 67 75 -3 0 10 0.00 M M 4.4 9 160 M M 4 12 14 150
23 84 69 77 -1 0 12 0.00 M M 4.4 10 130 M M 5 12 14 120
24 84 71 78 0 0 13 0.03 M M 5.5 9 150 M M 6 1 14 120
25 76 71 74 -3 0 9 0.40 M M 2.4 9 80 M M 7 1 11 80
26 87 73 80 3 0 15 0.69 M M 2.8 14 150 M M 5 138 22 160
27 89 70 80 3 0 15 0.00 M M 2.4 7 130 M M 2 12 11 130
28 85 73 79 2 0 14 0.17 M M 4.6 12 220 M M 5 1 16 220
29 87 74 81 4 0 16 T M M 10.4 21 250 M M 5 1 27 250
30 90 70 80 3 0 15 0.84 M M 6.6 17 190 M M 4 13 29 150
31 86 70 78 2 0 13 0.00 M M 2.6 8 250 M M 4 1 10 270
================================================================================
SM 2690 2156 0 416 5.59 0.0 149.5 M 104
================================================================================
AV 86.8 69.5 4.8 FASTST M M 3 MAX(MPH)
MISC ----> # 21 310 30 320
================================================================================
NOTES:
# LAST OF SEVERAL OCCURRENCES
COLUMN 17 PEAK WIND IN M.P.H.
PRELIMINARY LOCAL CLIMATOLOGICAL DATA (WS FORM: F-6) , PAGE 2
STATION: GAINESVILLE
MONTH: AUGUST
YEAR: 2020
LATITUDE: 34 16 N
LONGITUDE: 83 50 W
[TEMPERATURE DATA] [PRECIPITATION DATA] SYMBOLS USED IN COLUMN 16
AVERAGE MONTHLY: 78.2 TOTAL FOR MONTH: 5.59 1 = FOG OR MIST
DPTR FM NORMAL: 0.0 DPTR FM NORMAL: 1.16 2 = FOG REDUCING VISIBILITY
HIGHEST: 93 ON 12 GRTST 24HR 1.71 ON 31- 1 TO 1/4 MILE OR LESS
LOWEST: 65 ON 4 3 = THUNDER
SNOW, ICE PELLETS, HAIL 4 = ICE PELLETS
TOTAL MONTH: 0.0 INCH 5 = HAIL
GRTST 24HR 0.0 6 = FREEZING RAIN OR DRIZZLE
GRTST DEPTH: M ON M 7 = DUSTSTORM OR SANDSTORM:
VSBY 1/2 MILE OR LESS
8 = SMOKE OR HAZE
[NO. OF DAYS WITH] [WEATHER - DAYS WITH] 9 = BLOWING SNOW
X = TORNADO
MAX 32 OR BELOW: 0 0.01 INCH OR MORE: 13
MAX 90 OR ABOVE: 8 0.10 INCH OR MORE: 12
MIN 32 OR BELOW: 0 0.50 INCH OR MORE: 5
MIN 0 OR BELOW: 0 1.00 INCH OR MORE: 0
[HDD (BASE 65) ]
TOTAL THIS MO. 0 CLEAR (SCALE 0-3) 14
DPTR FM NORMAL 0 PTCLDY (SCALE 4-7) 17
TOTAL FM JUL 1 0 CLOUDY (SCALE 8-10) 0
DPTR FM NORMAL 0
[CDD (BASE 65) ]
TOTAL THIS MO. 416
DPTR FM NORMAL 12 [PRESSURE DATA]
TOTAL FM JAN 1 1366 HIGHEST SLP 30.19 ON 24
DPTR FM NORMAL 40 LOWEST SLP 29.78 ON 30
[REMARKS]
#FINAL-08-20#