000
CXUS54 KEWX 011111
CF6GYB
PRELIMINARY LOCAL CLIMATOLOGICAL DATA (WS FORM: F-6)
STATION: GIDDINGS-LEE COUNTY AIRPORT
MONTH: DECEMBER
YEAR: 2023
LATITUDE: 30 10 N
LONGITUDE: 96 59 W
TEMPERATURE IN F: :PCPN: SNOW: WIND :SUNSHINE: SKY :PK WND
================================================================================
1 2 3 4 5 6A 6B 7 8 9 10 11 12 13 14 15 16 17 18
12Z AVG MX 2MIN
DY MAX MIN AVG DEP HDD CDD WTR SNW DPTH SPD SPD DIR MIN PSBL S-S WX SPD DR
================================================================================
1 67 54 61 M 4 0 0.01 M M 1.1 10 10 M M 6 12 18 360
2 67 48 58 M 7 0 0.00 M M 0.1 3 350 M M 4 M M
3 72 43 58 M 7 0 0.00 M M 0.2 5 210 M M 0 M M
4 68 41 55 M 10 0 0.00 M M 1.7 12 330 M M 0 8 22 330
5 71 37 54 M 11 0 0.00 M M 0.0 M M M M 0 M M
6 68 40 54 M 11 0 0.00 M M 0.1 3 110 M M 0 M M
7 72 39 56 M 9 0 0.00 M M 3.5 13 200 M M 5 21 200
8 79 65 72 M 0 7 0.00 M M 7.6 15 210 M M 8 22 200
9 79 53 66 M 0 1 0.00 M M 9.0 20 360 M M 7 28 350
10 56 30 43 M 22 0 0.00 M M 6.5 20 350 M M 0 26 350
11 64 27 46 M 19 0 0.00 M M 0.2 5 210 M M 0 M M
12 69 36 53 M 12 0 0.00 M M 1.4 9 120 M M 4 16 0
13 61 51 56 M 9 0 0.03 M M 0.8 9 80 M M 10 16 80
14 70 50 60 M 5 0 0.00 M M 2.2 13 130 M M 6 21 130
15 67 55 61 M 4 0 0.05 M M 0.7 9 350 M M 10 1 16 350
16 62 39 51 M 14 0 0.00 M M 4.3 15 360 M M 1 23 360
17 69 32 51 M 14 0 0.00 M M 0.0 M M M M 0 M M
18 67 37 52 M 13 0 0.00 M M 0.9 8 350 M M 0 16 0
19 68 36 52 M 13 0 0.00 0.0 M 0.2 5 130 M M 0 M M
20 73 52 63 M 2 0 0.00 M M 2.4 13 150 M M 7 20 0
21 65 60 63 M 2 0 0.00 M M 0.6 7 130 M M 9 M M
22 70 56 63 M 2 0 0.04 M M 0.0 M M M M 9 12 M M
23 72 57 65 M 0 0 0.59 M M 1.5 10 160 M M 10 12 20 160
24 71 56 64 M 1 0 1.27 M M 1.2 16 340 M M 5 24 0
25 56 41 49 M 16 0 0.00 M M 7.6 16 350 M M 0 28 340
26 58 33 46 M 19 0 0.00 M M 0.4 6 200 M M 1 M M
27 61 35 48 M 17 0 0.00 M M 0.5 8 320 M M 0 16 340
28 59 34 47 M 18 0 0.00 M M 1.0 13 320 M M 1 17 0
29 58 34 46 M 19 0 0.00 M M 0.3 5 280 M M 0 M M
30 67 30 49 M 16 0 0.00 M M 0.0 M M M M 0 M M
31 72 38 55 M 10 0 0.00 M M 1.5 13 190 M M 1 17 0
================================================================================
SM 2078 1339 306 8 1.99 0.0 57.4 M 104
================================================================================
AV 67.0 43.2 1.9 FASTST M M 3 MAX(MPH)
MISC ----> # 20 360 # 28 350
================================================================================
NOTES:
# LAST OF SEVERAL OCCURRENCES
COLUMN 17 PEAK WIND IN M.P.H.
PRELIMINARY LOCAL CLIMATOLOGICAL DATA (WS FORM: F-6) , PAGE 2
STATION: GIDDINGS-LEE COUNTY AIRPORT
MONTH: DECEMBER
YEAR: 2023
LATITUDE: 30 10 N
LONGITUDE: 96 59 W
[TEMPERATURE DATA] [PRECIPITATION DATA] SYMBOLS USED IN COLUMN 16
AVERAGE MONTHLY: 55.1 TOTAL FOR MONTH: 1.99 1 = FOG OR MIST
DPTR FM NORMAL: 0.0 DPTR FM NORMAL: M 2 = FOG REDUCING VISIBILITY
HIGHEST: 79 ON 9, 8 GRTST 24HR 1.27 ON 24-24 TO 1/4 MILE OR LESS
LOWEST: 27 ON 11 3 = THUNDER
SNOW, ICE PELLETS, HAIL 4 = ICE PELLETS
TOTAL MONTH: 0.0 INCH 5 = HAIL
GRTST 24HR 0.0 6 = FREEZING RAIN OR DRIZZLE
GRTST DEPTH: M ON M 7 = DUSTSTORM OR SANDSTORM:
VSBY 1/2 MILE OR LESS
8 = SMOKE OR HAZE
[NO. OF DAYS WITH] [WEATHER - DAYS WITH] 9 = BLOWING SNOW
X = TORNADO
MAX 32 OR BELOW: 0 0.01 INCH OR MORE: 6
MAX 90 OR ABOVE: 0 0.10 INCH OR MORE: 2
MIN 32 OR BELOW: 4 0.50 INCH OR MORE: 2
MIN 0 OR BELOW: 0 1.00 INCH OR MORE: 1
[HDD (BASE 65) ]
TOTAL THIS MO. 306 CLEAR (SCALE 0-3) 17
DPTR FM NORMAL M PTCLDY (SCALE 4-7) 9
TOTAL FM JUL 1 582 CLOUDY (SCALE 8-10) 5
DPTR FM NORMAL M
[CDD (BASE 65) ]
TOTAL THIS MO. 8
DPTR FM NORMAL M [PRESSURE DATA]
TOTAL FM JAN 1 3581 HIGHEST SLP M ON M
DPTR FM NORMAL M LOWEST SLP M ON M
[REMARKS]
#FINAL-12-23#