000
CXUS51 KGYX 020517
CF6GYX
PRELIMINARY LOCAL CLIMATOLOGICAL DATA (WS FORM: F-6)
STATION: GRAY ME
MONTH: NOVEMBER
YEAR: 2020
LATITUDE: 43 53 N
LONGITUDE: 70 15 W
TEMPERATURE IN F: :PCPN: SNOW: WIND :SUNSHINE: SKY :PK WND
================================================================================
1 2 3 4 5 6A 6B 7 8 9 10 11 12 13 14 15 16 17 18
12Z AVG MX 2MIN
DY MAX MIN AVG DEP HDD CDD WTR SNW DPTH SPD SPD DIR MIN PSBL S-S WX SPD DR
================================================================================
1 50 29 40 -4 25 0 0.50 0.0 0 M M M M M M M M
2 45 26 36 -8 29 0 0.12 T 0 M M M M M M M M
3 37 25 31 -12 34 0 T T 0 M M M M M M M M
4 44 25 35 -8 30 0 0.00 0.0 0 M M M M M M M M
5 64 34 49 7 16 0 0.00 0.0 0 M M M M M M 1 M M
6 69 48 59 17 6 0 0.00 0.0 0 M M M M M M M M
7 74 53 64 22 1 0 0.00 0.0 0 M M M M M M M M
8 62 46 54 13 11 0 0.00 0.0 0 M M M M M M M M
9 68 41 55 14 10 0 0.00 0.0 0 M M M M M M M M
10 75 43 59 18 6 0 0.00 0.0 0 M M M M M M M M
11 71 49 60 20 5 0 T 0.0 0 M M M M M M M M
12 66 38 52 12 13 0 0.06 0.0 0 M M M M M M M M
13 39 33 36 -4 29 0 0.06 0.0 0 M M M M M M M M
14 49 30 40 1 25 0 0.00 0.0 0 M M M M M M 1 M M
15 50 28 39 0 26 0 0.55 0.0 0 M M M M M M M M
16 52 39 46 8 19 0 0.22 0.0 0 M M M M M M M M
17 44 30 37 -1 28 0 T T 0 M M M M M M M M
18 30 17 24 -14 41 0 0.00 0.0 0 M M M M M M M M
19 34 18 26 -11 39 0 0.00 0.0 0 M M M M M M M M
20 54 34 44 7 21 0 T 0.0 0 M M M M M M M M
21 53 34 44 8 21 0 0.00 0.0 0 M M M M M M M M
22 38 26 32 -4 33 0 T T 0 M M M M M M M M
23 47 33 40 4 25 0 2.35 0.0 0 M M M M M M M M
24 34 21 28 -7 37 0 0.00 0.0 0 M M M M M M M M
25 29 19 24 -11 41 0 0.01 0.1 0 M M M M M M 6 M M
26 37 29 33 -1 32 0 0.49 0.0 T M M M M M M 126 M M
27 46 31 39 5 26 0 0.06 0.0 0 M M M M M M M M
28 43 34 39 5 26 0 0.01 0.0 0 M M M M M M 1 M M
29 47 32 40 7 25 0 0.00 0.0 0 M M M M M M M M
30 56 29 43 10 22 0 2.30 0.0 0 M M M M M M 1 M M
================================================================================
SM 1507 974 702 0 6.73 0.1 M M M
================================================================================
AV 50.2 32.5 M FASTST M M 5 MAX(MPH)
MISC ----> M M M M
================================================================================
NOTES:
# LAST OF SEVERAL OCCURRENCES
COLUMN 17 PEAK WIND IN M.P.H.
PRELIMINARY LOCAL CLIMATOLOGICAL DATA (WS FORM: F-6) , PAGE 2
STATION: GRAY ME
MONTH: NOVEMBER
YEAR: 2020
LATITUDE: 43 53 N
LONGITUDE: 70 15 W
[TEMPERATURE DATA] [PRECIPITATION DATA] SYMBOLS USED IN COLUMN 16
AVERAGE MONTHLY: 41.4 TOTAL FOR MONTH: 6.73 1 = FOG OR MIST
DPTR FM NORMAL: 2.8 DPTR FM NORMAL: 1.38 2 = FOG REDUCING VISIBILITY
HIGHEST: 75 ON 10 GRTST 24HR 2.35 ON 23-23 TO 1/4 MILE OR LESS
LOWEST: 17 ON 18 3 = THUNDER
SNOW, ICE PELLETS, HAIL 4 = ICE PELLETS
TOTAL MONTH: 0.1 INCH 5 = HAIL
GRTST 24HR 0.1 ON 25-25 6 = FREEZING RAIN OR DRIZZLE
GRTST DEPTH: T 7 = DUSTSTORM OR SANDSTORM:
VSBY 1/2 MILE OR LESS
8 = SMOKE OR HAZE
[NO. OF DAYS WITH] [WEATHER - DAYS WITH] 9 = BLOWING SNOW
X = TORNADO
MAX 32 OR BELOW: 2 0.01 INCH OR MORE: 12
MAX 90 OR ABOVE: 0 0.10 INCH OR MORE: 7
MIN 32 OR BELOW: 16 0.50 INCH OR MORE: 4
MIN 0 OR BELOW: 0 1.00 INCH OR MORE: 2
[HDD (BASE 65) ]
TOTAL THIS MO. 702 CLEAR (SCALE 0-3) 0
DPTR FM NORMAL -95 PTCLDY (SCALE 4-7) 0
TOTAL FM JUL 1 1384 CLOUDY (SCALE 8-10) 0
DPTR FM NORMAL -113
[CDD (BASE 65) ]
TOTAL THIS MO. 0
DPTR FM NORMAL 0 [PRESSURE DATA]
TOTAL FM JAN 1 548 HIGHEST SLP M ON M
DPTR FM NORMAL 159 LOWEST SLP M ON M
[REMARKS]
#FINAL-11-20#