846
CXUS54 KJAN 011530
CF6HBG
PRELIMINARY LOCAL CLIMATOLOGICAL DATA (WS FORM: F-6)
STATION: HATTIESBURG
MONTH: OCTOBER
YEAR: 2020
LATITUDE: 31 16 N
LONGITUDE: 89 15 W
TEMPERATURE IN F: :PCPN: SNOW: WIND :SUNSHINE: SKY :PK WND
================================================================================
1 2 3 4 5 6A 6B 7 8 9 10 11 12 13 14 15 16 17 18
12Z AVG MX 2MIN
DY MAX MIN AVG DEP HDD CDD WTR SNW DPTH SPD SPD DIR MIN PSBL S-S WX SPD DR
================================================================================
1 86 50 68 -4 0 3 0.00 0.0 0 4.5 14 350 M M 0 22 300
2 78 50 64 -8 1 0 0.00 0.0 0 3.1 14 340 M M 0 22 350
3 78 44 61 -10 4 0 0.00 0.0 0 2.2 10 10 M M 0 19 30
4 79 48 64 -7 1 0 0.00 0.0 0 2.3 12 340 M M 0 17 40
5 82 52 67 -4 0 2 0.00 0.0 0 2.5 12 20 M M 0 1 17 20
6 86 53 70 0 0 5 0.00 0.0 0 3.4 12 20 M M 3 8 17 350
7 90 63 77 7 0 12 0.00 0.0 0 2.5 12 50 M M 3 16 60
8 86 69 78 8 0 13 0.54 0.0 0 3.5 14 60 M M 5 13 21 60
9 86 71 79 10 0 14 0.05 0.0 0 10.6 28 130 M M 7 1 42 110
10 83 73 78 9 0 13 0.32 0.0 0 12.8 25 150 M M 9 1 38 150
11 81 65 73 4 0 8 0.00 0.0 0 4.5 16 290 M M 7 1 22 280
12 88 63 76 8 0 11 0.00 0.0 0 3.8 14 240 M M 3 12 22 240
13 84 56 70 2 0 5 T 0.0 0 4.0 12 350 M M 1 17 330
14 84 49 67 -1 0 2 0.00 0.0 0 1.7 8 180 M M 0 12 200
15 85 55 70 3 0 5 0.00 0.0 0 2.1 13 200 M M 2 1 17 190
16 70 49 60 -7 5 0 0.00 0.0 0 7.6 17 340 M M 6 1 30 30
17 74 42 58 -9 7 0 0.00 0.0 0 2.6 14 60 M M 0 19 80
18 83 47 65 -1 0 0 0.00 0.0 0 2.9 13 140 M M 1 1 22 140
19 88 61 75 9 0 10 0.00 0.0 0 1.7 10 70 M M 3 12 15 140
20 86 59 73 7 0 8 0.00 0.0 0 2.3 10 70 M M 3 12 14 110
21 86 61 74 9 0 9 0.00 0.0 0 2.2 12 100 M M 2 17 40
22 85 62 74 9 0 9 0.00 0.0 0 2.7 12 80 M M 2 1 18 100
23 85 62 74 9 0 9 0.70 0.0 0 1.9 21 190 M M 3 13 29 180
24 76 59 68 4 0 3 0.26 0.0 0 5.1 14 310 M M 10 13 18 320
25 69 57 63 -1 2 0 0.00 0.0 0 3.8 8 360 M M 8 1 13 300
26 80 57 69 5 0 4 0.00 0.0 0 3.5 10 120 M M 5 1 15 130
27 82 63 73 9 0 8 0.31 0.0 0 3.8 10 90 M M 9 13 15 90
28 79 73 76 13 0 11 3.78 0.0 0 10.0 37 350 M M 10 1 57 350
29 74 50 62 -1 3 0 0.04 0.0 0 10.9 22 260 M M 4 1 35 260
30 62 46 54 -9 11 0 0.00 0.0 0 8.2 18 10 M M 6 31 30
31 72 41 57 -5 8 0 0.00 0.0 0 0.9 8 290 M M 0 1 11 120
================================================================================
SM 2507 1750 42 164 6.00 0.0 133.6 M 112
================================================================================
AV 80.9 56.5 4.3 FASTST M M 4 MAX(MPH)
MISC ----> # 37 350 # 57 350
================================================================================
NOTES:
# LAST OF SEVERAL OCCURRENCES
COLUMN 17 PEAK WIND IN M.P.H.
PRELIMINARY LOCAL CLIMATOLOGICAL DATA (WS FORM: F-6) , PAGE 2
STATION: HATTIESBURG
MONTH: OCTOBER
YEAR: 2020
LATITUDE: 31 16 N
LONGITUDE: 89 15 W
[TEMPERATURE DATA] [PRECIPITATION DATA] SYMBOLS USED IN COLUMN 16
AVERAGE MONTHLY: 68.7 TOTAL FOR MONTH: 6.00 1 = FOG OR MIST
DPTR FM NORMAL: 1.7 DPTR FM NORMAL: 2.25 2 = FOG REDUCING VISIBILITY
HIGHEST: 90 ON 7 GRTST 24HR 3.78 ON 28-28 TO 1/4 MILE OR LESS
LOWEST: 41 ON 31 3 = THUNDER
SNOW, ICE PELLETS, HAIL 4 = ICE PELLETS
TOTAL MONTH: 0.0 INCH 5 = HAIL
GRTST 24HR 0.0 6 = FREEZING RAIN OR DRIZZLE
GRTST DEPTH: 0 7 = DUSTSTORM OR SANDSTORM:
VSBY 1/2 MILE OR LESS
8 = SMOKE OR HAZE
[NO. OF DAYS WITH] [WEATHER - DAYS WITH] 9 = BLOWING SNOW
X = TORNADO
MAX 32 OR BELOW: 0 0.01 INCH OR MORE: 8
MAX 90 OR ABOVE: 1 0.10 INCH OR MORE: 6
MIN 32 OR BELOW: 0 0.50 INCH OR MORE: 3
MIN 0 OR BELOW: 0 1.00 INCH OR MORE: 1
[HDD (BASE 65) ]
TOTAL THIS MO. 42 CLEAR (SCALE 0-3) 15
DPTR FM NORMAL -31 PTCLDY (SCALE 4-7) 12
TOTAL FM JUL 1 44 CLOUDY (SCALE 8-10) 4
DPTR FM NORMAL -31
[CDD (BASE 65) ]
TOTAL THIS MO. 164
DPTR FM NORMAL 29 [PRESSURE DATA]
TOTAL FM JAN 1 2516 HIGHEST SLP M ON M
DPTR FM NORMAL 154 LOWEST SLP 29.40 ON 10
[REMARKS]
#FINAL-10-20#