000
CXUS54 KOUN 010810
CF6HBR
PRELIMINARY LOCAL CLIMATOLOGICAL DATA (WS FORM: F-6)
STATION: HOBART
MONTH: APRIL
YEAR: 2022
LATITUDE: 35 0 N
LONGITUDE: 99 3 W
TEMPERATURE IN F: :PCPN: SNOW: WIND :SUNSHINE: SKY :PK WND
================================================================================
1 2 3 4 5 6A 6B 7 8 9 10 11 12 13 14 15 16 17 18
12Z AVG MX 2MIN
DY MAX MIN AVG DEP HDD CDD WTR SNW DPTH SPD SPD DIR MIN PSBL S-S WX SPD DR
================================================================================
1 75 38 57 0 8 0 0.40 M M 15.0 29 180 M M 2 1 36 170
2 70 39 55 -2 10 0 0.00 M M 8.9 16 60 M M 1 12 20 150
3 84 48 66 9 0 1 T M M 17.2 30 10 M M 1 3 39 360
4 63 52 58 1 7 0 T 0.0 0 14.5 24 50 M M 9 13 31 60
5 87 51 69 11 0 4 0.00 M M 17.4 51 30 M M 4 128 61 40
6 69 47 58 0 7 0 0.00 M M 19.2 43 30 M M 2 53 30
7 66 42 54 -4 11 0 0.00 M M 19.2 46 340 M M 1 8 58 340
8 66 36 51 -7 14 0 0.00 M M 14.4 32 330 M M 0 42 350
9 89 33 61 3 4 0 0.00 M M 17.3 36 210 M M 0 50 210
10 86 57 72 13 0 7 0.00 0.0 M 13.1 24 220 M M 0 28 220
11 77 54 66 7 0 1 0.00 0.0 M 16.3 33 50 M M 3 44 40
12 94 55 75 16 0 10 0.00 0.0 M 24.1 36 220 M M 0 18 45 210
13 68 36 52 -7 13 0 0.00 0.0 M 16.1 33 30 M M 0 44 30
14 72 30 51 -9 14 0 0.00 M M 11.7 24 150 M M 0 31 150
15 94 57 76 16 0 11 0.00 M M 21.2 31 240 M M 0 39 260
16 59 49 54 -6 11 0 0.00 M M 18.0 30 40 M M 9 37 40
17 76 48 62 2 3 0 0.00 M M 9.4 20 360 M M 4 27 310
18 67 37 52 -9 13 0 0.00 M M 12.4 25 70 M M 0 33 50
19 68 39 54 -7 11 0 0.09 M M 19.8 37 190 M M 3 3 47 190
20 94 59 77 16 0 12 0.00 M M 17.8 32 190 M M 3 40 190
21 93 58 76 15 0 11 0.00 M M 23.6 36 170 M M 0 45 160
22 84 67 76 14 0 11 0.00 M M 28.3 37 180 M M 3 47 170
23 87 62 75 13 0 10 0.00 M M 21.0 38 180 M M 2 47 180
24 75 47 61 -1 4 0 0.00 M M 15.6 29 40 M M 5 37 60
25 70 44 57 -6 8 0 0.00 M M 13.8 29 30 M M 0 37 40
26 73 36 55 -8 10 0 0.00 M M 10.0 18 180 M M 0 23 140
27 75 52 64 1 1 0 0.00 M M 19.2 28 180 M M 5 36 170
28 84 63 74 10 0 9 T 0.0 0 21.8 30 170 M M 5 39 170
29 98 65 82 18 0 17 0.00 0.0 0 23.2 37 220 M M 0 48 220
30 80 50 65 1 0 0 0.00 0.0 0 10.9 25 350 M M 0 34 330
================================================================================
SM 2343 1451 149 104 0.49 0.0 510.4 M 62
================================================================================
AV 78.1 48.4 17.0 FASTST M M 2 MAX(MPH)
MISC ----> 51 30 61 40
================================================================================
NOTES:
# LAST OF SEVERAL OCCURRENCES
COLUMN 17 PEAK WIND IN M.P.H.
PRELIMINARY LOCAL CLIMATOLOGICAL DATA (WS FORM: F-6) , PAGE 2
STATION: HOBART
MONTH: APRIL
YEAR: 2022
LATITUDE: 35 0 N
LONGITUDE: 99 3 W
[TEMPERATURE DATA] [PRECIPITATION DATA] SYMBOLS USED IN COLUMN 16
AVERAGE MONTHLY: 63.2 TOTAL FOR MONTH: 0.49 1 = FOG OR MIST
DPTR FM NORMAL: 3.1 DPTR FM NORMAL: -2.45 2 = FOG REDUCING VISIBILITY
HIGHEST: 98 ON 29 GRTST 24HR 0.40 ON 1- 1 TO 1/4 MILE OR LESS
LOWEST: 30 ON 14 3 = THUNDER
SNOW, ICE PELLETS, HAIL 4 = ICE PELLETS
TOTAL MONTH: 0.0 INCH 5 = HAIL
GRTST 24HR 0.0 6 = FREEZING RAIN OR DRIZZLE
GRTST DEPTH: 0 7 = DUSTSTORM OR SANDSTORM:
VSBY 1/2 MILE OR LESS
8 = SMOKE OR HAZE
[NO. OF DAYS WITH] [WEATHER - DAYS WITH] 9 = BLOWING SNOW
X = TORNADO
MAX 32 OR BELOW: 0 0.01 INCH OR MORE: 2
MAX 90 OR ABOVE: 5 0.10 INCH OR MORE: 1
MIN 32 OR BELOW: 1 0.50 INCH OR MORE: 0
MIN 0 OR BELOW: 0 1.00 INCH OR MORE: 0
[HDD (BASE 65) ]
TOTAL THIS MO. 149 CLEAR (SCALE 0-3) 21
DPTR FM NORMAL -42 PTCLDY (SCALE 4-7) 7
TOTAL FM JUL 1 3069 CLOUDY (SCALE 8-10) 2
DPTR FM NORMAL -294
[CDD (BASE 65) ]
TOTAL THIS MO. 104
DPTR FM NORMAL 58 [PRESSURE DATA]
TOTAL FM JAN 1 112 HIGHEST SLP M ON M
DPTR FM NORMAL 55 LOWEST SLP 29.31 ON 5
[REMARKS]
#FINAL-04-22#