000
CXUS51 KLWX 010815
CF6HGR
PRELIMINARY LOCAL CLIMATOLOGICAL DATA (WS FORM: F-6)
STATION: HAGERSTOWN MD
MONTH: OCTOBER
YEAR: 2023
LATITUDE: 39 42 N
LONGITUDE: 77 43 W
TEMPERATURE IN F: :PCPN: SNOW: WIND :SUNSHINE: SKY :PK WND
================================================================================
1 2 3 4 5 6A 6B 7 8 9 10 11 12 13 14 15 16 17 18
12Z AVG MX 2MIN
DY MAX MIN AVG DEP HDD CDD WTR SNW DPTH SPD SPD DIR MIN PSBL S-S WX SPD DR
================================================================================
1 81 56 69 6 0 4 0.00 M M 5.3 14 40 M M 0 17 350
2 82 57 70 8 0 5 0.00 M M 2.7 12 310 M M 0 15 340
3 83 58 71 9 0 6 0.00 M M 2.4 7 90 M M 1 1 9 50
4 83 57 70 9 0 5 0.00 M M 4.0 12 180 M M 1 12 18 150
5 76 55 66 5 0 1 T M M 5.8 17 150 M M 5 1 23 150
6 77 63 70 10 0 5 0.21 M M 5.8 12 160 M M 8 1 17 160
7 64 48 56 -4 9 0 0.10 M M 10.4 28 300 M M 6 1 35 310
8 58 47 53 -7 12 0 0.00 M M 10.0 24 270 M M 4 28 260
9 62 42 52 -7 13 0 T M M 6.5 15 270 M M 6 21 240
10 66 46 56 -3 9 0 0.03 M M 4.8 17 280 M M 4 1 22 260
11 68 42 55 -3 10 0 0.00 M M 4.6 14 270 M M 0 17 280
12 72 47 60 2 5 0 0.00 M M 2.8 8 10 M M 4 13 240
13 68 51 60 2 5 0 0.00 M M 5.6 14 20 M M 3 20 20
14 55 48 52 -5 13 0 0.94 M M 7.6 15 10 M M 10 1 20 10
15 59 45 52 -5 13 0 T M M 9.8 22 330 M M 6 1 27 320
16 61 45 53 -4 12 0 T M M 9.1 17 320 M M 9 21 320
17 57 50 54 -2 11 0 T M M 5.8 16 320 M M 10 19 320
18 58 45 52 -4 13 0 0.00 M M 3.5 12 310 M M 8 16 290
19 67 43 55 -1 10 0 0.00 M M 6.4 18 170 M M 0 24 170
20 60 54 57 2 8 0 0.22 M M 8.2 17 160 M M 8 1 23 160
21 61 52 57 2 8 0 T M M 10.0 29 290 M M 8 35 290
22 59 45 52 -2 13 0 T M M 12.5 26 310 M M 5 36 310
23 63 38 51 -3 14 0 0.00 M M 6.0 17 310 M M 0 23 310
24 70 39 55 1 10 0 0.00 M M 3.9 12 190 M M 0 16 180
25 74 47 61 8 4 0 0.00 M M 3.1 10 110 M M 0 13 110
26 79 49 64 11 1 0 0.00 M M 3.5 8 170 M M 0 11 170
27 78 57 68 15 0 3 0.00 M M 4.4 12 220 M M 1 16 230
28 83 59 71 19 0 6 0.00 M M 5.6 17 300 M M 3 21 290
29 67 54 61 9 4 0 0.10 M M 6.5 12 350 M M 9 1 14 350
30 61 47 54 2 11 0 0.03 M M 7.8 20 310 M M 8 1 25 310
31 50 37 44 -7 21 0 0.00 M M 4.5 15 320 M M 3 18 320
================================================================================
SM 2102 1523 229 35 1.63 M 188.9 M 130
================================================================================
AV 67.8 49.1 6.1 FASTST M M 4 MAX(MPH)
MISC ----> 29 290 36 310
================================================================================
NOTES:
# LAST OF SEVERAL OCCURRENCES
COLUMN 17 PEAK WIND IN M.P.H.
PRELIMINARY LOCAL CLIMATOLOGICAL DATA (WS FORM: F-6) , PAGE 2
STATION: HAGERSTOWN MD
MONTH: OCTOBER
YEAR: 2023
LATITUDE: 39 42 N
LONGITUDE: 77 43 W
[TEMPERATURE DATA] [PRECIPITATION DATA] SYMBOLS USED IN COLUMN 16
AVERAGE MONTHLY: 58.5 TOTAL FOR MONTH: 1.63 1 = FOG OR MIST
DPTR FM NORMAL: 1.8 DPTR FM NORMAL: -1.13 2 = FOG REDUCING VISIBILITY
HIGHEST: 83 ON 28, 4 GRTST 24HR 0.94 ON 14-14 TO 1/4 MILE OR LESS
LOWEST: 37 ON 31 3 = THUNDER
SNOW, ICE PELLETS, HAIL 4 = ICE PELLETS
TOTAL MONTH: M 5 = HAIL
GRTST 24HR M ON M 6 = FREEZING RAIN OR DRIZZLE
GRTST DEPTH: M ON M 7 = DUSTSTORM OR SANDSTORM:
VSBY 1/2 MILE OR LESS
8 = SMOKE OR HAZE
[NO. OF DAYS WITH] [WEATHER - DAYS WITH] 9 = BLOWING SNOW
X = TORNADO
MAX 32 OR BELOW: 0 0.01 INCH OR MORE: 7
MAX 90 OR ABOVE: 0 0.10 INCH OR MORE: 5
MIN 32 OR BELOW: 0 0.50 INCH OR MORE: 1
MIN 0 OR BELOW: 0 1.00 INCH OR MORE: 0
[HDD (BASE 65) ]
TOTAL THIS MO. 229 CLEAR (SCALE 0-3) 12
DPTR FM NORMAL -50 PTCLDY (SCALE 4-7) 12
TOTAL FM JUL 1 266 CLOUDY (SCALE 8-10) 7
DPTR FM NORMAL -60
[CDD (BASE 65) ]
TOTAL THIS MO. 35
DPTR FM NORMAL 13 [PRESSURE DATA]
TOTAL FM JAN 1 1177 HIGHEST SLP 30.42 ON 24
DPTR FM NORMAL -71 LOWEST SLP 29.46 ON 21
[REMARKS]
#FINAL-10-23#