000
CXUS56 KLOX 011655
CF6HHR
PRELIMINARY LOCAL CLIMATOLOGICAL DATA (WS FORM: F-6)
STATION: HAWTHORNE AIRPORT CA
MONTH: SEPTEMBER
YEAR: 2020
LATITUDE: 33 55 N
LONGITUDE: 118 20 W
TEMPERATURE IN F: :PCPN: SNOW: WIND :SUNSHINE: SKY :PK WND
================================================================================
1 2 3 4 5 6A 6B 7 8 9 10 11 12 13 14 15 16 17 18
12Z AVG MX 2MIN
DY MAX MIN AVG DEP HDD CDD WTR SNW DPTH SPD SPD DIR MIN PSBL S-S WX SPD DR
================================================================================
1 75 65 70 -2 0 5 0.00 0.0 0 6.6 17 250 M M 5 21 250
2 73 64 69 -2 0 4 0.00 0.0 0 7.1 18 260 M M 1 8 23 260
3 77 65 71 0 0 6 0.00 0.0 0 4.3 15 270 M M 0 8 20 270
4 81 66 74 3 0 9 0.00 0.0 0 3.5 16 260 M M 0 8 19 260
5 92 68 80 9 0 15 0.00 0.0 0 3.7 14 270 M M 0 8 17 270
6 103 73 88 17 0 23 0.00 0.0 0 4.4 14 260 M M 0 8 17 130
7 81 71 76 5 0 11 0.00 0.0 0 5.3 13 110 M M 3 16 130
8 78 70 74 3 0 9 0.00 0.0 0 4.7 10 140 M M 9 16 150
9 78 65 72 1 0 7 0.00 0.0 0 5.2 13 260 M M 0 18 16 260
10 74 62 68 -3 0 3 0.00 0.0 0 3.2 12 270 M M 2 128 14 260
11 79 62 71 0 0 6 0.00 0.0 0 3.0 13 260 M M 1 8 16 270
12 78 61 70 -1 0 5 0.00 0.0 0 4.0 13 270 M M 0 18 16 270
13 79 60 70 -1 0 5 0.00 0.0 0 3.2 14 260 M M 0 18 18 260
14 81 62 72 1 0 7 0.00 0.0 0 3.7 14 260 M M 0 8 17 260
15 81 63 72 1 0 7 0.00 0.0 0 3.0 14 260 M M 0 8 17 250
16 86 62 74 4 0 9 0.00 0.0 0 3.7 13 260 M M 0 8 16 270
17 89 62 76 6 0 11 0.00 0.0 0 2.7 14 260 M M 0 8 16 260
18 90 66 78 8 0 13 0.00 0.0 0 3.6 16 260 M M 0 8 20 260
19 79 65 72 2 0 7 0.00 0.0 0 4.4 13 270 M M 0 8 17 270
20 76 61 69 -1 0 4 0.00 0.0 0 4.2 12 250 M M 3 128 16 260
21 75 65 70 0 0 5 0.00 0.0 0 5.7 14 270 M M 6 8 17 260
22 77 65 71 1 0 6 0.00 0.0 0 4.7 13 260 M M 4 8 20 260
23 79 64 72 2 0 7 0.00 0.0 0 3.2 13 270 M M 2 18 16 270
24 83 63 73 3 0 8 0.00 0.0 0 3.2 13 260 M M 0 18 16 260
25 78 66 72 2 0 7 0.00 0.0 0 5.4 14 250 M M 4 18 18 260
26 79 65 72 3 0 7 0.00 0.0 0 4.0 14 260 M M 4 8 18 260
27 77 67 72 3 0 7 0.00 0.0 0 4.1 12 260 M M 6 8 16 260
28 79 66 73 4 0 8 0.00 0.0 0 4.5 14 260 M M 3 18 18 260
29 87 65 76 7 0 11 0.00 0.0 0 5.4 14 250 M M 4 18 17 270
30 95 67 81 12 0 16 0.00 0.0 0 3.6 16 260 M M 0 8 21 260
================================================================================
SM 2439 1946 0 248 0.00 0.0 127.3 M 57
================================================================================
AV 81.3 64.9 4.2 FASTST M M 2 MAX(MPH)
MISC ----> # 18 260 # 23 260
================================================================================
NOTES:
# LAST OF SEVERAL OCCURRENCES
COLUMN 17 PEAK WIND IN M.P.H.
PRELIMINARY LOCAL CLIMATOLOGICAL DATA (WS FORM: F-6) , PAGE 2
STATION: HAWTHORNE AIRPORT CA
MONTH: SEPTEMBER
YEAR: 2020
LATITUDE: 33 55 N
LONGITUDE: 118 20 W
[TEMPERATURE DATA] [PRECIPITATION DATA] SYMBOLS USED IN COLUMN 16
AVERAGE MONTHLY: 73.1 TOTAL FOR MONTH: 0.00 1 = FOG OR MIST
DPTR FM NORMAL: 2.7 DPTR FM NORMAL: -0.21 2 = FOG REDUCING VISIBILITY
HIGHEST: 103 ON 6 GRTST 24HR 0.00 ON 30-30 TO 1/4 MILE OR LESS
LOWEST: 60 ON 13 3 = THUNDER
SNOW, ICE PELLETS, HAIL 4 = ICE PELLETS
TOTAL MONTH: 0.0 INCH 5 = HAIL
GRTST 24HR 0.0 6 = FREEZING RAIN OR DRIZZLE
GRTST DEPTH: 0 7 = DUSTSTORM OR SANDSTORM:
VSBY 1/2 MILE OR LESS
8 = SMOKE OR HAZE
[NO. OF DAYS WITH] [WEATHER - DAYS WITH] 9 = BLOWING SNOW
X = TORNADO
MAX 32 OR BELOW: 0 0.01 INCH OR MORE: 0
MAX 90 OR ABOVE: 4 0.10 INCH OR MORE: 0
MIN 32 OR BELOW: 0 0.50 INCH OR MORE: 0
MIN 0 OR BELOW: 0 1.00 INCH OR MORE: 0
[HDD (BASE 65) ]
TOTAL THIS MO. 0 CLEAR (SCALE 0-3) 21
DPTR FM NORMAL -2 PTCLDY (SCALE 4-7) 8
TOTAL FM JUL 1 0 CLOUDY (SCALE 8-10) 1
DPTR FM NORMAL -3
[CDD (BASE 65) ]
TOTAL THIS MO. 248
DPTR FM NORMAL 84 [PRESSURE DATA]
TOTAL FM JAN 1 947 HIGHEST SLP 30.05 ON 15
DPTR FM NORMAL 267 LOWEST SLP 29.65 ON 8
[REMARKS]
#FINAL-09-20#