000
CXUS53 KGID 230830
CF6HJH
PRELIMINARY LOCAL CLIMATOLOGICAL DATA (WS FORM: F-6)
STATION: HEBRON NE
MONTH: APRIL
YEAR: 2024
LATITUDE: 40 9 N
LONGITUDE: 97 35 W
TEMPERATURE IN F: :PCPN: SNOW: WIND :SUNSHINE: SKY :PK WND
================================================================================
1 2 3 4 5 6A 6B 7 8 9 10 11 12 13 14 15 16 17 18
12Z AVG MX 2MIN
DY MAX MIN AVG DEP HDD CDD WTR SNW DPTH SPD SPD DIR MIN PSBL S-S WX SPD DR
================================================================================
1 51 41 46 M 19 0 0.00 M M 12.1 18 350 M M 10 12 25 350
2 61 37 49 M 16 0 T M M 19.0 31 350 M M 5 1 41 350
3 59 33 46 M 19 0 0.00 M M 13.9 21 340 M M 1 30 330
4 65 31 48 M 17 0 0.00 M M 6.2 12 360 M M 0 20 330
5 71 28 50 M 15 0 0.00 M M 9.7 23 140 M M 0 28 140
6 76 45 61 M 4 0 0.16 M M 20.7 43 150 M M 3 52 150
7 63 41 52 M 13 0 0.00 M M 13.4 22 260 M M 5 32 260
8 68 35 52 M 13 0 0.00 M M 9.0 17 290 M M 0 28 280
9 70 30 50 M 15 0 0.00 M M 2.6 7 300 M M 0 M M
10 74 37 56 M 9 0 0.00 M M 7.4 20 360 M M 3 8 25 360
11 65 38 52 M 13 0 0.00 M M 14.0 28 340 M M 0 8 39 340
12 73 32 53 M 12 0 0.00 M M 4.3 14 190 M M 0 18 160
13 92 49 71 M 0 6 0.00 M M 10.7 20 200 M M 0 32 190
14 90 48 69 M 0 4 0.00 M M 7.9 22 70 M M 0 28 70
15 89 58 74 M 0 9 T M M 19.6 36 160 M M 3 40 160
16 71 57 64 M 1 0 0.31 M M 15.3 24 170 M M 7 32 170
17 75 51 63 M 2 0 0.51 M M 10.4 16 290 M M 2 3 25 30
18 58 43 51 M 14 0 T M M 16.2 24 20 M M 6 8 37 30
19 58 35 47 M 18 0 0.00 M M 3.6 14 360 M M 7 20 360
20 55 35 45 M 20 0 0.00 M M 5.8 10 310 M M 4 18 350
21 63 33 48 M 17 0 0.00 M M 5.7 9 190 M M 1 M M
22 79 45 62 M 3 0 0.01 M M 14.2 28 220 M M 2 8 40 220
================================================================================
SM 1526 882 240 19 0.99 M 241.7 M 59
================================================================================
AV 69.4 40.1 11.0 FASTST M M 3 MAX(MPH)
MISC ----> 43 150 52 150
================================================================================
NOTES:
# LAST OF SEVERAL OCCURRENCES
COLUMN 17 PEAK WIND IN M.P.H.
PRELIMINARY LOCAL CLIMATOLOGICAL DATA (WS FORM: F-6) , PAGE 2
STATION: HEBRON NE
MONTH: APRIL
YEAR: 2024
LATITUDE: 40 9 N
LONGITUDE: 97 35 W
[TEMPERATURE DATA] [PRECIPITATION DATA] SYMBOLS USED IN COLUMN 16
AVERAGE MONTHLY: 54.7 TOTAL FOR MONTH: 0.99 1 = FOG OR MIST
DPTR FM NORMAL: 0.0 DPTR FM NORMAL: -0.89 2 = FOG REDUCING VISIBILITY
HIGHEST: 92 ON 13 GRTST 24HR 0.51 ON 17-17 TO 1/4 MILE OR LESS
LOWEST: 28 ON 5 3 = THUNDER
SNOW, ICE PELLETS, HAIL 4 = ICE PELLETS
TOTAL MONTH: M 5 = HAIL
GRTST 24HR M ON M 6 = FREEZING RAIN OR DRIZZLE
GRTST DEPTH: M ON M 7 = DUSTSTORM OR SANDSTORM:
VSBY 1/2 MILE OR LESS
8 = SMOKE OR HAZE
[NO. OF DAYS WITH] [WEATHER - DAYS WITH] 9 = BLOWING SNOW
X = TORNADO
MAX 32 OR BELOW: 0 0.01 INCH OR MORE: 4
MAX 90 OR ABOVE: 2 0.10 INCH OR MORE: 3
MIN 32 OR BELOW: 4 0.50 INCH OR MORE: 1
MIN 0 OR BELOW: 0 1.00 INCH OR MORE: 0
[HDD (BASE 65) ]
TOTAL THIS MO. 240 CLEAR (SCALE 0-3) 15
DPTR FM NORMAL M PTCLDY (SCALE 4-7) 6
TOTAL FM JUL 1 4615 CLOUDY (SCALE 8-10) 1
DPTR FM NORMAL M
[CDD (BASE 65) ]
TOTAL THIS MO. 19
DPTR FM NORMAL M [PRESSURE DATA]
TOTAL FM JAN 1 19 HIGHEST SLP M ON M
DPTR FM NORMAL M LOWEST SLP M ON M
[REMARKS]