000
CXUS56 KHNX 030957
CLMHJO
CLIMATE REPORT
NATIONAL WEATHER SERVICE
257 AM PDT SAT JUN 03 2023
...................................
...THE HANFORD CA AIRPORT CLIMATE SUMMARY FOR THE MONTH OF MAY 2023...
CLIMATE NORMAL PERIOD 1991 TO 2020
CLIMATE RECORD PERIOD 1898 TO 2023
WEATHER OBSERVED NORMAL DEPART LAST YEAR`S
VALUE DATE(S) VALUE FROM VALUE DATE(S)
NORMAL
................................................................
TEMPERATURE (F)
RECORD
HIGH 107 05/30/1984
LOW 30 05/26/1917
05/18/1917
HIGHEST 99 05/14 MM 102 05/25
LOWEST 47 05/03 MM 43 05/11
MEAN 70.0 69.2 0.8
DAYS MAX >= 90 11 8.6 2.4 11
DAYS MIN <= 32 0 0.0 0.0 0
PRECIPITATION (INCHES)
RECORD
MAXIMUM 2.06 1906
MINIMUM 0.00 2022
TOTALS 0.08 0.35 -0.27
DAYS >= .01 4 2.5 1.5 0
DAYS >= .10 0 1.0 -1.0 0
DAYS >= .50 0 0.2 -0.2 0
DAYS >= 1.00 0 0.0 0.0 0
SNOWFALL (INCHES)
RECORDS
TOTAL MM MM
TOTALS 0.0 MM
DEGREE DAYS
HEATING TOTAL 36 32 4 30
SINCE 7/1 2554 2417 137 MM
COOLING TOTAL 200 162 38 182
SINCE 1/1 260 207 53 MM
................................................................
WIND (MPH)
AVERAGE WIND SPEED 7.0
HIGHEST WIND SPEED/DIRECTION 21/310 DATE 05/16
HIGHEST GUST SPEED/DIRECTION 26/310 DATE 05/16
26/330 05/19
AVERAGE RH (PERCENT) 52
WEATHER CONDITIONS. NUMBER OF DAYS WITH
THUNDERSTORM 0 RAIN 0
HAIL 0 FOG 2
FOG W/VIS <= 1/4 MILE 0 HAZE 3
- INDICATES NEGATIVE NUMBERS.
R INDICATES RECORD WAS SET OR TIED.
MM INDICATES DATA IS MISSING.
T INDICATES TRACE AMOUNT.
$$