000
CXUS53 KGLD 051850
CF6HLC
PRELIMINARY LOCAL CLIMATOLOGICAL DATA (WS FORM: F-6)
STATION: HILL CITY KS
MONTH: DECEMBER
YEAR: 2020
LATITUDE: 39 22 N
LONGITUDE: 99 50 W
TEMPERATURE IN F: :PCPN: SNOW: WIND :SUNSHINE: SKY :PK WND
================================================================================
1 2 3 4 5 6A 6B 7 8 9 10 11 12 13 14 15 16 17 18
12Z AVG MX 2MIN
DY MAX MIN AVG DEP HDD CDD WTR SNW DPTH SPD SPD DIR MIN PSBL S-S WX SPD DR
================================================================================
1 52 11 32 -2 33 0 0.00 M M 9.5 24 360 M M 0 33 360
2 44 26 35 2 30 0 0.00 M M 18.4 30 20 M M 5 41 20
3 48 22 35 2 30 0 0.00 M M 8.6 16 330 M M 3 22 350
4 63 22 43 10 22 0 0.00 M M 9.4 16 330 M M 0 21 320
5 61 27 44 12 21 0 0.00 M M 10.9 21 350 M M 0 29 360
6 55 24 40 8 25 0 0.00 M M 6.7 13 320 M M 0 16 40
7 65 27 46 14 19 0 0.00 M M 9.3 20 350 M M 0 25 350
8 69 27 48 17 17 0 0.00 M M 8.5 15 300 M M 0 20 300
9 71 30 51 20 14 0 0.00 M M 5.5 14 300 M M 0 8 18 300
10 52 23 38 7 27 0 0.00 M M 12.0 25 30 M M 2 33 30
11 38 30 34 3 31 0 T M M 13.4 21 360 M M 10 16 27 10
12 35 21 28 -2 37 0 T M M 8.9 21 340 M M 7 1 27 350
13 39 14 27 -3 38 0 0.00 M M 7.9 18 330 M M 4 1 24 330
14 36 6 21 -9 44 0 0.00 M M 11.1 30 140 M M 1 40 140
15 29 14 22 -8 43 0 T M M 6.1 12 80 M M 10 18 16 120
16 43 8 26 -4 39 0 0.00 M M 8.5 22 340 M M 1 1 29 340
17 53 23 38 8 27 0 0.00 M M 8.6 17 180 M M 1 25 170
18 52 23 38 9 27 0 0.00 M M 11.6 26 350 M M 1 34 350
19 52 15 34 5 31 0 0.00 M M 8.3 17 220 M M 0 26 220
20 57 31 44 15 21 0 0.00 M M 11.3 20 220 M M 2 29 320
21 59 28 44 15 21 0 0.00 M M 4.5 12 330 M M 0 14 330
22 65 26 46 17 19 0 0.00 M M 12.9 45 330 M M 0 62 330
23 53 13 33 4 32 0 T M M 22.3 45 330 M M 6 8 63 330
24 41 13 27 -2 38 0 0.00 M M 10.5 28 350 M M 6 35 350
25 63 22 43 14 22 0 0.00 M M 6.9 16 290 M M 0 22 270
26 63 16 40 11 25 0 0.00 M M 2.3 8 270 M M 0 11 330
27 51 23 37 8 28 0 0.00 M M 12.7 29 340 M M 0 41 330
28 35 22 29 0 36 0 T M M 5.4 13 110 M M 9 18 19 110
29 35 27 31 2 34 0 T M M 8.7 18 110 M M 8 16 27 130
30 37 14 26 -3 39 0 0.00 M M 6.7 22 330 M M 0 30 340
31 43 11 27 -2 38 0 0.00 M M M M M M M M M M
================================================================================
SM 1559 639 908 0 T M 287.4 M 76
================================================================================
AV 50.3 20.6 9.6 FASTST M M 3 MAX(MPH)
MISC ----> # 45 330 63 330
================================================================================
NOTES:
# LAST OF SEVERAL OCCURRENCES
COLUMN 17 PEAK WIND IN M.P.H.
PRELIMINARY LOCAL CLIMATOLOGICAL DATA (WS FORM: F-6) , PAGE 2
STATION: HILL CITY KS
MONTH: DECEMBER
YEAR: 2020
LATITUDE: 39 22 N
LONGITUDE: 99 50 W
[TEMPERATURE DATA] [PRECIPITATION DATA] SYMBOLS USED IN COLUMN 16
AVERAGE MONTHLY: 35.5 TOTAL FOR MONTH: T 1 = FOG OR MIST
DPTR FM NORMAL: 5.2 DPTR FM NORMAL: -0.69 2 = FOG REDUCING VISIBILITY
HIGHEST: 71 ON 9 GRTST 24HR T ON 11-11 TO 1/4 MILE OR LESS
LOWEST: 6 ON 14 3 = THUNDER
SNOW, ICE PELLETS, HAIL 4 = ICE PELLETS
TOTAL MONTH: M 5 = HAIL
GRTST 24HR M ON M 6 = FREEZING RAIN OR DRIZZLE
GRTST DEPTH: M ON M 7 = DUSTSTORM OR SANDSTORM:
VSBY 1/2 MILE OR LESS
8 = SMOKE OR HAZE
[NO. OF DAYS WITH] [WEATHER - DAYS WITH] 9 = BLOWING SNOW
X = TORNADO
MAX 32 OR BELOW: 1 0.01 INCH OR MORE: 0
MAX 90 OR ABOVE: 0 0.10 INCH OR MORE: 0
MIN 32 OR BELOW: 31 0.50 INCH OR MORE: 0
MIN 0 OR BELOW: 0 1.00 INCH OR MORE: 0
[HDD (BASE 65) ]
TOTAL THIS MO. 908 CLEAR (SCALE 0-3) 20
DPTR FM NORMAL -169 PTCLDY (SCALE 4-7) 6
TOTAL FM JUL 1 1987 CLOUDY (SCALE 8-10) 5
DPTR FM NORMAL -256
[CDD (BASE 65) ]
TOTAL THIS MO. 0
DPTR FM NORMAL 0 [PRESSURE DATA]
TOTAL FM JAN 1 1474 HIGHEST SLP 30.45 ON 28
DPTR FM NORMAL 174 LOWEST SLP 29.33 ON 22
[REMARKS]
#FINAL-12-20#