000
CXUS51 KPBZ 010730
CF6HLG
PRELIMINARY LOCAL CLIMATOLOGICAL DATA (WS FORM: F-6)
STATION: WHEELING WV
MONTH: SEPTEMBER
YEAR: 2021
LATITUDE: 40 10 N
LONGITUDE: 80 39 W
TEMPERATURE IN F: :PCPN: SNOW: WIND :SUNSHINE: SKY :PK WND
================================================================================
1 2 3 4 5 6A 6B 7 8 9 10 11 12 13 14 15 16 17 18
12Z AVG MX 2MIN
DY MAX MIN AVG DEP HDD CDD WTR SNW DPTH SPD SPD DIR MIN PSBL S-S WX SPD DR
================================================================================
1 69 59 64 -5 1 0 2.28 M M 10.0 22 60 M M 9 1 27 60
2 74 52 63 -6 2 0 0.00 M M 5.6 14 320 M M 2 12 19 330
3 74 46 60 -9 5 0 0.00 M M 2.8 9 10 M M 2 12 12 10
4 78 57 68 0 0 3 0.03 M M 4.2 10 220 M M 3 1 14 210
5 74 60 67 -1 0 2 0.28 M M 6.0 15 230 M M 8 128 23 220
6 78 58 68 0 0 3 0.00 M M 6.6 17 270 M M 3 12 23 250
7 81 57 69 1 0 4 0.00 M M 7.7 17 200 M M 1 1 23 230
8 72 64 68 1 0 3 0.22 M M 7.9 16 210 M M 4 1 20 190
9 73 56 65 -2 0 0 0.00 M M 6.4 18 320 M M 4 12 23 320
10 73 53 63 -4 2 0 0.00 M M 4.4 14 320 M M 3 1 16 290
11 76 53 65 -2 0 0 0.00 M M 7.8 17 180 M M 0 23 210
12 82 65 74 8 0 9 0.00 M M 11.7 22 230 M M 0 31 220
13 81 68 75 9 0 10 0.00 M M 7.5 14 210 M M 3 19 220
14 84 67 76 10 0 11 0.00 M M 8.2 16 180 M M 1 22 190
15 77 61 69 4 0 4 0.00 M M 6.1 20 360 M M 6 3 25 360
16 78 59 69 4 0 4 0.00 M M 4.8 10 60 M M 5 12 12 70
17 85 63 74 9 0 9 0.00 M M 4.1 10 190 M M 2 1 14 180
18 85 65 75 11 0 10 0.03 M M 3.9 12 10 M M 2 1 15 360
19 83 62 73 9 0 8 0.00 M M 4.6 13 70 M M 1 1 15 70
20 86 63 75 11 0 10 0.00 M M 7.1 15 230 M M 2 3 20 230
21 76 65 71 8 0 6 0.23 M M 7.1 17 190 M M 7 1 21 190
22 81 57 69 6 0 4 0.21 M M 9.7 24 230 M M 9 13 34 230
23 60 51 56 -7 9 0 T M M 11.3 22 220 M M 9 30 200
24 70 50 60 -2 5 0 T M M 8.5 17 220 M M 2 8 22 220
25 71 51 61 -1 4 0 0.00 M M 7.3 18 250 M M 1 8 25 240
26 71 48 60 -2 5 0 0.00 M M 9.0 18 240 M M 0 25 220
27 79 56 68 7 0 3 0.02 M M 12.6 24 220 M M 0 3 30 220
28 74 56 65 4 0 0 0.24 M M 7.2 22 220 M M 7 13 33 220
29 71 48 60 -1 5 0 0.00 M M 2.9 10 80 M M 1 1 13 90
30 70 45 58 -2 7 0 0.00 M M 3.5 10 300 M M 2 12 13 330
================================================================================
SM 2286 1715 45 103 3.54 M 206.5 M 99
================================================================================
AV 76.2 57.2 6.9 FASTST M M 3 MAX(MPH)
MISC ----> # 24 230 34 230
================================================================================
NOTES:
# LAST OF SEVERAL OCCURRENCES
COLUMN 17 PEAK WIND IN M.P.H.
PRELIMINARY LOCAL CLIMATOLOGICAL DATA (WS FORM: F-6) , PAGE 2
STATION: WHEELING WV
MONTH: SEPTEMBER
YEAR: 2021
LATITUDE: 40 10 N
LONGITUDE: 80 39 W
[TEMPERATURE DATA] [PRECIPITATION DATA] SYMBOLS USED IN COLUMN 16
AVERAGE MONTHLY: 66.7 TOTAL FOR MONTH: 3.54 1 = FOG OR MIST
DPTR FM NORMAL: 1.6 DPTR FM NORMAL: 0.33 2 = FOG REDUCING VISIBILITY
HIGHEST: 86 ON 20 GRTST 24HR 3.16 ON 31- 1 TO 1/4 MILE OR LESS
LOWEST: 45 ON 30 3 = THUNDER
SNOW, ICE PELLETS, HAIL 4 = ICE PELLETS
TOTAL MONTH: M 5 = HAIL
GRTST 24HR M ON M 6 = FREEZING RAIN OR DRIZZLE
GRTST DEPTH: M ON M 7 = DUSTSTORM OR SANDSTORM:
VSBY 1/2 MILE OR LESS
8 = SMOKE OR HAZE
[NO. OF DAYS WITH] [WEATHER - DAYS WITH] 9 = BLOWING SNOW
X = TORNADO
MAX 32 OR BELOW: 0 0.01 INCH OR MORE: 9
MAX 90 OR ABOVE: 0 0.10 INCH OR MORE: 6
MIN 32 OR BELOW: 0 0.50 INCH OR MORE: 1
MIN 0 OR BELOW: 0 1.00 INCH OR MORE: 1
[HDD (BASE 65) ]
TOTAL THIS MO. 45 CLEAR (SCALE 0-3) 19
DPTR FM NORMAL -38 PTCLDY (SCALE 4-7) 8
TOTAL FM JUL 1 45 CLOUDY (SCALE 8-10) 3
DPTR FM NORMAL -48
[CDD (BASE 65) ]
TOTAL THIS MO. 103
DPTR FM NORMAL 19 [PRESSURE DATA]
TOTAL FM JAN 1 964 HIGHEST SLP 30.27 ON 30
DPTR FM NORMAL 198 LOWEST SLP 29.60 ON 22
[REMARKS]
#FINAL-09-21#