000
CXHW50 PHFO 011250
CF6HNL
PRELIMINARY LOCAL CLIMATOLOGICAL DATA (WS FORM: F-6)
STATION: HONOLULU HI
MONTH: MARCH
YEAR: 2024
LATITUDE: 21 21 N
LONGITUDE: 157 56 W
TEMPERATURE IN F: :PCPN: SNOW: WIND :SUNSHINE: SKY :PK WND
================================================================================
1 2 3 4 5 6A 6B 7 8 9 10 11 12 13 14 15 16 17 18
12Z AVG MX 2MIN
DY MAX MIN AVG DEP HDD CDD WTR SNW DPTH SPD SPD DIR MIN PSBL S-S WX SPD DR
================================================================================
1 82 69 76 2 0 11 0.00 M M 13.7 26 70 M M 3 35 60
2 82 71 77 3 0 12 T M M 12.0 23 70 M M 3 34 50
3 82 69 76 2 0 11 0.00 M M 9.0 20 40 M M 5 32 30
4 82 71 77 3 0 12 0.03 M M 12.4 25 80 M M 5 1 35 60
5 80 70 75 1 0 10 T M M 14.5 25 70 M M 5 40 80
6 79 68 74 0 0 9 0.12 M M 14.9 25 60 M M 7 1 35 30
7 80 68 74 0 0 9 0.05 M M 13.1 23 60 M M 5 33 70
8 79 70 75 1 0 10 0.00 M M 15.7 26 50 M M 5 37 80
9 81 71 76 2 0 11 T M M 14.9 28 80 M M 5 39 80
10 79 71 75 1 0 10 T M M 15.7 25 60 M M 5 34 50
11 81 72 77 3 0 12 T M M 14.2 22 60 M M 7 33 50
12 81 71 76 2 0 11 T M M 7.1 18 80 M M 4 28 70
13 82 70 76 2 0 11 0.01 M M 4.9 21 240 M M 6 1 25 240
14 79 69 74 0 0 9 0.00 M M 10.3 18 340 M M 8 29 10
15 79 67 73 -1 0 8 T M M 7.7 15 350 M M 7 24 50
16 79 63 71 -4 0 6 0.00 M M 8.7 17 40 M M 3 27 10
17 81 68 75 0 0 10 0.00 M M 10.1 20 40 M M 4 32 30
18 80 64 72 -3 0 7 0.00 M M 6.6 17 80 M M 4 23 80
19 80 65 73 -2 0 8 0.00 M M 9.8 17 40 M M 5 29 30
20 80 69 75 0 0 10 0.00 M M 12.3 21 70 M M 5 29 30
21 81 67 74 -1 0 9 T M M 11.0 22 40 M M 4 32 40
22 83 68 76 1 0 11 T M M 14.3 24 50 M M 5 33 20
23 82 68 75 0 0 10 0.02 M M 12.9 23 70 M M 5 35 90
24 83 71 77 2 0 12 0.00 M M 13.2 22 60 M M 4 30 70
25 83 72 78 3 0 13 0.00 M M 9.8 21 70 M M 6 27 60
26 85 73 79 4 0 14 0.00 M M 13.7 22 70 M M 5 29 70
27 83 72 78 3 0 13 T M M 14.9 25 70 M M 5 36 80
28 82 71 77 2 0 12 T M M 17.4 29 70 M M 4 42 80
29 83 73 78 2 0 13 T M M 16.0 25 70 M M 3 36 80
30 82 71 77 1 0 12 T M M 12.4 21 60 M M 4 30 40
31 84 69 77 1 0 12 T M M 10.5 20 70 M M 3 1 31 20
================================================================================
SM 2519 2151 0 328 0.23 M 373.7 M 149
================================================================================
AV 81.3 69.4 12.1 FASTST M M 5 MAX(MPH)
MISC ----> 29 70 42 80
================================================================================
NOTES:
# LAST OF SEVERAL OCCURRENCES
COLUMN 17 PEAK WIND IN M.P.H.
PRELIMINARY LOCAL CLIMATOLOGICAL DATA (WS FORM: F-6) , PAGE 2
STATION: HONOLULU HI
MONTH: MARCH
YEAR: 2024
LATITUDE: 21 21 N
LONGITUDE: 157 56 W
[TEMPERATURE DATA] [PRECIPITATION DATA] SYMBOLS USED IN COLUMN 16
AVERAGE MONTHLY: 75.3 TOTAL FOR MONTH: 0.23 1 = FOG OR MIST
DPTR FM NORMAL: 0.6 DPTR FM NORMAL: -2.13 2 = FOG REDUCING VISIBILITY
HIGHEST: 85 ON 26 GRTST 24HR 0.16 ON 6- 7 TO 1/4 MILE OR LESS
LOWEST: 63 ON 16 3 = THUNDER
SNOW, ICE PELLETS, HAIL 4 = ICE PELLETS
TOTAL MONTH: M 5 = HAIL
GRTST 24HR M ON M 6 = FREEZING RAIN OR DRIZZLE
GRTST DEPTH: M ON M 7 = DUSTSTORM OR SANDSTORM:
VSBY 1/2 MILE OR LESS
8 = SMOKE OR HAZE
[NO. OF DAYS WITH] [WEATHER - DAYS WITH] 9 = BLOWING SNOW
X = TORNADO
MAX 32 OR BELOW: 0 0.01 INCH OR MORE: 5
MAX 90 OR ABOVE: 0 0.10 INCH OR MORE: 1
MIN 32 OR BELOW: 0 0.50 INCH OR MORE: 0
MIN 0 OR BELOW: 0 1.00 INCH OR MORE: 0
[HDD (BASE 65) ]
TOTAL THIS MO. 0 CLEAR (SCALE 0-3) 3
DPTR FM NORMAL 0 PTCLDY (SCALE 4-7) 28
TOTAL FM JUL 1 0 CLOUDY (SCALE 8-10) 0
DPTR FM NORMAL 0
[CDD (BASE 65) ]
TOTAL THIS MO. 328
DPTR FM NORMAL 29 [PRESSURE DATA]
TOTAL FM JAN 1 849 HIGHEST SLP 30.27 ON 24
DPTR FM NORMAL 36 LOWEST SLP 29.90 ON 15
[REMARKS]
#FINAL-03-24#