000
CXUS54 KMAF 011110
CF6HOB
PRELIMINARY LOCAL CLIMATOLOGICAL DATA (WS FORM: F-6)
STATION: LEA AIRPORT, HOBBS
MONTH: MAY
YEAR: 2023
LATITUDE: 32 40 N
LONGITUDE: 103-12 E
TEMPERATURE IN F: :PCPN: SNOW: WIND :SUNSHINE: SKY :PK WND
================================================================================
1 2 3 4 5 6A 6B 7 8 9 10 11 12 13 14 15 16 17 18
12Z AVG MX 2MIN
DY MAX MIN AVG DEP HDD CDD WTR SNW DPTH SPD SPD DIR MIN PSBL S-S WX SPD DR
================================================================================
1 77 46 62 M 3 0 0.00 M M 10.5 15 70 M M 1 18 130
2 84 54 69 M 0 4 0.31 M M 11.4 20 30 M M 3 3 39 80
3 82 54 68 M 0 3 0.00 M M 9.4 17 140 M M 3 23 140
4 86 61 74 M 0 9 0.00 M M 9.7 20 220 M M 3 30 250
5 88 54 71 M 0 6 0.00 M M 12.3 21 220 M M 0 31 220
6 90 54 72 M 0 7 0.00 M M 9.3 15 200 M M 0 25 200
7 91 54 73 M 0 8 0.00 M M 9.7 18 230 M M 0 29 230
8 91 54 73 M 0 8 0.00 M M 7.6 15 240 M M 1 12 22 240
9 93 59 76 M 0 11 0.00 M M 12.0 28 130 M M 1 40 130
10 90 59 75 M 0 10 0.00 M M 13.9 24 150 M M 1 32 140
11 82 52 67 M 0 2 0.00 M M 12.1 21 220 M M 0 30 220
12 91 54 73 M 0 8 0.00 M M 11.3 28 140 M M 1 40 140
13 66 57 62 M 3 0 0.00 M M 14.0 28 10 M M 7 31 10
14 75 54 65 M 0 0 0.00 M M 12.4 20 350 M M 8 M M
15 77 57 67 M 0 2 0.00 M M 12.7 17 360 M M 7 1 26 360
16 82 54 68 M 0 3 0.00 M M 5.1 8 210 M M 4 14 210
17 84 57 71 M 0 6 0.00 M M 10.2 21 150 M M 5 28 150
18 88 61 75 M 0 10 0.00 M M 9.1 13 180 M M 7 18 250
19 84 59 72 M 0 7 0.32 M M 14.3 36 10 M M 5 1 49 10
20 70 54 62 M 3 0 0.03 M M 8.8 17 30 M M 7 1 25 50
21 81 57 69 M 0 4 0.01 M M 8.3 16 30 M M 5 138 28 0
22 90 59 75 M 0 10 0.00 M M 8.3 13 190 M M 3 1 24 200
23 93 55 74 M 0 9 0.00 M M 9.3 17 90 M M 1 24 230
24 86 63 75 M 0 10 0.00 M M 13.5 24 140 M M 3 32 140
25 81 59 70 M 0 5 0.00 M M 14.7 23 60 M M 7 30 60
26 82 61 72 M 0 7 0.00 M M 15.8 23 150 M M 8 31 90
27 84 63 74 M 0 9 0.00 M M 11.5 21 150 M M 6 1 30 160
28 84 61 73 M 0 8 0.00 M M 10.0 23 160 M M 4 13 35 160
29 88 55 72 M 0 7 0.00 M M 8.4 15 110 M M 2 21 110
30 93 59 76 M 0 11 0.00 M M 9.4 20 130 M M 1 28 120
31 88 66 77 M 0 12 0.00 M M 18.5 30 130 M M 4 45 130
================================================================================
SM 2621 1766 9 196 0.67 M 343.5 M 108
================================================================================
AV 84.5 57.0 11.1 FASTST M M 3 MAX(MPH)
MISC ----> 36 10 49 10
================================================================================
NOTES:
# LAST OF SEVERAL OCCURRENCES
COLUMN 17 PEAK WIND IN M.P.H.
PRELIMINARY LOCAL CLIMATOLOGICAL DATA (WS FORM: F-6) , PAGE 2
STATION: LEA AIRPORT, HOBBS
MONTH: MAY
YEAR: 2023
LATITUDE: 32 40 N
LONGITUDE: 103-12 E
[TEMPERATURE DATA] [PRECIPITATION DATA] SYMBOLS USED IN COLUMN 16
AVERAGE MONTHLY: 70.8 TOTAL FOR MONTH: 0.67 1 = FOG OR MIST
DPTR FM NORMAL: 0.0 DPTR FM NORMAL: M 2 = FOG REDUCING VISIBILITY
HIGHEST: 93 ON 30,23 GRTST 24HR 0.32 ON 19-19 TO 1/4 MILE OR LESS
LOWEST: 46 ON 1 3 = THUNDER
SNOW, ICE PELLETS, HAIL 4 = ICE PELLETS
TOTAL MONTH: M 5 = HAIL
GRTST 24HR M ON M 6 = FREEZING RAIN OR DRIZZLE
GRTST DEPTH: M ON M 7 = DUSTSTORM OR SANDSTORM:
VSBY 1/2 MILE OR LESS
8 = SMOKE OR HAZE
[NO. OF DAYS WITH] [WEATHER - DAYS WITH] 9 = BLOWING SNOW
X = TORNADO
MAX 32 OR BELOW: 0 0.01 INCH OR MORE: 4
MAX 90 OR ABOVE: 9 0.10 INCH OR MORE: 2
MIN 32 OR BELOW: 0 0.50 INCH OR MORE: 0
MIN 0 OR BELOW: 0 1.00 INCH OR MORE: 0
[HDD (BASE 65) ]
TOTAL THIS MO. 9 CLEAR (SCALE 0-3) 16
DPTR FM NORMAL M PTCLDY (SCALE 4-7) 14
TOTAL FM JUL 1 2993 CLOUDY (SCALE 8-10) 1
DPTR FM NORMAL M
[CDD (BASE 65) ]
TOTAL THIS MO. 196
DPTR FM NORMAL M [PRESSURE DATA]
TOTAL FM JAN 1 306 HIGHEST SLP M ON M
DPTR FM NORMAL M LOWEST SLP M ON M
[REMARKS]
#FINAL-05-23#