000
CXUS53 KFSD 011503
CF6HON
PRELIMINARY LOCAL CLIMATOLOGICAL DATA (WS FORM: F-6)
STATION: HURON
MONTH: APRIL
YEAR: 2020
LATITUDE: 44 22 N
LONGITUDE: 98 13 W
TEMPERATURE IN F: :PCPN: SNOW: WIND :SUNSHINE: SKY :PK WND
================================================================================
1 2 3 4 5 6A 6B 7 8 9 10 11 12 13 14 15 16 17 18
12Z AVG MX 2MIN
DY MAX MIN AVG DEP HDD CDD WTR SNW DPTH SPD SPD DIR MIN PSBL S-S WX SPD DR
================================================================================
1 63 34 49 9 16 0 0.04 0.0 0 15.7 31 350 M M 5 1 40 330
2 34 19 27 -13 38 0 0.17 0.5 0 22.9 35 340 M M 10 1269 45 350
3 29 17 23 -18 42 0 T 0.2 1 13.1 26 330 M M 5 1 33 320
4 45 16 31 -10 34 0 0.00 0.0 0 11.8 28 150 M M 1 37 150
5 59 33 46 4 19 0 0.00 0.0 0 15.7 25 160 M M 3 38 170
6 72 44 58 16 7 0 T 0.0 0 13.8 21 190 M M 2 18 32 180
7 73 45 59 16 6 0 0.00 0.0 0 6.1 22 300 M M 1 30 290
8 53 35 44 1 21 0 0.00 0.0 0 19.5 32 340 M M 5 43 310
9 40 26 33 -11 32 0 T T 0 17.4 41 320 M M 4 52 320
10 55 24 40 -4 25 0 0.00 0.0 0 9.2 23 170 M M 1 30 160
11 55 30 43 -1 22 0 0.01 T 0 12.1 26 30 M M 5 1 37 30
12 34 20 27 -18 38 0 0.19 2.8 2 17.6 30 340 M M 8 1 37 340
13 32 21 27 -18 38 0 T T 1 17.8 30 340 M M 5 1 38 340
14 35 20 28 -18 37 0 T T 0 10.3 20 320 M M 4 28 310
15 39 19 29 -17 36 0 T T 0 5.7 16 40 M M 5 20 40
16 45 19 32 -15 33 0 0.00 0.0 0 5.2 14 260 M M 3 12 21 250
17 54 22 38 -9 27 0 0.00 0.0 0 7.8 21 280 M M 0 26 270
18 64 31 48 0 17 0 0.00 0.0 0 10.7 24 330 M M 2 33 320
19 53 33 43 -5 22 0 0.00 0.0 0 9.2 15 300 M M 2 19 300
20 66 35 51 2 14 0 0.00 0.0 0 17.3 37 330 M M 3 51 330
21 76 28 52 3 13 0 0.00 0.0 0 7.5 17 280 M M 2 23 280
22 78 41 60 11 5 0 0.00 0.0 0 9.4 22 330 M M 1 31 330
23 73 40 57 7 8 0 T 0.0 0 9.7 39 280 M M 4 55 280
24 69 41 55 5 10 0 T 0.0 0 7.9 28 330 M M 2 34 350
25 62 42 52 1 13 0 0.07 0.0 0 7.0 25 290 M M 6 32 290
26 71 35 53 2 12 0 0.00 0.0 0 9.0 21 170 M M 1 12 31 140
27 76 41 59 7 6 0 T 0.0 0 6.1 25 120 M M 1 36 130
28 62 49 56 4 9 0 0.04 0.0 0 13.4 25 50 M M 7 35 70
29 67 43 55 3 10 0 0.00 0.0 0 14.1 24 330 M M 5 32 340
30 72 38 55 2 10 0 0.00 0.0 0 8.6 18 140 M M 0 12 27 140
================================================================================
SM 1706 941 620 0 0.52 3.5 351.6 M 103
================================================================================
AV 56.9 31.4 11.7 FASTST M M 3 MAX(MPH)
MISC ----> 41 320 55 280
================================================================================
NOTES:
# LAST OF SEVERAL OCCURRENCES
-COLUMN 17 PEAK WIND IN M.P.H.
-PRECIPITATION AMOUNTS IN COLUMNS 7,8, AND 9, ARE THE OFFICIAL PRECIPITATION
AMOUNTS FOR HURON, SD.
-SNOW DEPTH IN COLUMN 9 IS RECORDED AT 6 AM CST (12Z).
PRELIMINARY LOCAL CLIMATOLOGICAL DATA (WS FORM: F-6) , PAGE 2
STATION: HURON
MONTH: APRIL
YEAR: 2020
LATITUDE: 44 22 N
LONGITUDE: 98 13 W
[TEMPERATURE DATA] [PRECIPITATION DATA] SYMBOLS USED IN COLUMN 16
AVERAGE MONTHLY: 44.1 TOTAL FOR MONTH: 0.52 1 = FOG OR MIST
DPTR FM NORMAL: -2.4 DPTR FM NORMAL: -1.79 2 = FOG REDUCING VISIBILITY
HIGHEST: 78 ON 22 GRTST 24HR 0.20 ON 11-12 TO 1/4 MILE OR LESS
LOWEST: 16 ON 4 3 = THUNDER
SNOW, ICE PELLETS, HAIL 4 = ICE PELLETS
TOTAL MONTH: 3.5 INCHES 5 = HAIL
GRTST 24HR 2.8 ON 12-12 6 = FREEZING RAIN OR DRIZZLE
GRTST DEPTH: 2 ON 12 7 = DUSTSTORM OR SANDSTORM:
VSBY 1/2 MILE OR LESS
8 = SMOKE OR HAZE
[NO. OF DAYS WITH] [WEATHER - DAYS WITH] 9 = BLOWING SNOW
X = TORNADO
MAX 32 OR BELOW: 2 0.01 INCH OR MORE: 6
MAX 90 OR ABOVE: 0 0.10 INCH OR MORE: 2
MIN 32 OR BELOW: 14 0.50 INCH OR MORE: 0
MIN 0 OR BELOW: 0 1.00 INCH OR MORE: 0
[HDD (BASE 65) ]
TOTAL THIS MO. 620 CLEAR (SCALE 0-3) 14
DPTR FM NORMAL 61 PTCLDY (SCALE 4-7) 14
TOTAL FM JUL 1 7366 CLOUDY (SCALE 8-10) 2
DPTR FM NORMAL -12
[CDD (BASE 65) ]
TOTAL THIS MO. 0
DPTR FM NORMAL -4 [PRESSURE DATA]
TOTAL FM JAN 1 0 HIGHEST SLP 30.36 ON 3
DPTR FM NORMAL -4 LOWEST SLP 29.58 ON 7
[REMARKS]
#FINAL-04-20#