000
CXUS54 KLZK 011230
CF6HOT
PRELIMINARY LOCAL CLIMATOLOGICAL DATA (WS FORM: F-6)
STATION: HOT SPRINGS MEMORIAL FIELD
MONTH: MAY
YEAR: 2023
LATITUDE: 34 28 N
LONGITUDE: 93 6 W
TEMPERATURE IN F: :PCPN: SNOW: WIND :SUNSHINE: SKY :PK WND
================================================================================
1 2 3 4 5 6A 6B 7 8 9 10 11 12 13 14 15 16 17 18
12Z AVG MX 2MIN
DY MAX MIN AVG DEP HDD CDD WTR SNW DPTH SPD SPD DIR MIN PSBL S-S WX SPD DR
================================================================================
1 71 41 56 -11 9 0 0.00 M M 5.4 16 280 M M 0 24 280
2 78 43 61 -6 4 0 0.00 M M 4.7 14 310 M M 1 23 330
3 77 42 60 -7 5 0 0.00 M M 2.3 9 250 M M 0 13 250
4 74 50 62 -5 3 0 0.05 M M 5.4 14 70 M M 4 1 18 70
5 69 59 64 -4 1 0 0.15 M M 6.0 14 90 M M 10 13 17 130
6 89 69 79 11 0 14 0.00 M M 6.7 12 190 M M 5 18 19 190
7 83 67 75 7 0 10 0.02 M M 7.1 20 240 M M 6 13 26 240
8 86 70 78 10 0 13 0.00 M M 6.1 16 210 M M 5 1 24 230
9 87 63 75 6 0 10 0.00 M M 4.0 9 160 M M 2 13 170
10 79 66 73 4 0 8 1.90 M M 4.2 20 60 M M 6 1 23 60
11 78 67 73 4 0 8 2.81 M M 6.2 15 140 M M 9 12 23 150
12 84 66 75 5 0 10 0.22 M M 5.0 14 60 M M 7 13 24 310
13 88 74 81 11 0 16 0.00 M M 5.6 12 140 M M 5 1 17 190
14 89 70 80 10 0 15 0.00 M M 3.9 12 250 M M 0 1 16 240
15 86 67 77 6 0 12 0.00 M M 4.9 16 260 M M 1 1 21 250
16 85 67 76 5 0 11 0.00 M M 4.5 10 300 M M 3 3 16 260
17 80 66 73 2 0 8 0.00 M M 3.5 10 60 M M 9 15 30
18 85 62 74 2 0 9 0.00 M M 2.2 8 100 M M 2 1 12 80
19 84 64 74 2 0 9 0.77 M M 2.5 23 10 M M 4 13 37 10
20 77 60 69 -3 0 4 0.00 M M 4.1 12 50 M M 7 18 16 10
21 76 54 65 -7 0 0 0.00 M M 3.5 13 60 M M 1 1 17 20
22 81 56 69 -4 0 4 0.00 M M 2.2 10 60 M M 1 1 14 70
23 85 57 71 -2 0 6 0.00 M M 3.2 12 110 M M 1 1 17 100
24 82 65 74 0 0 9 0.00 M M 6.2 16 60 M M 1 22 70
25 86 61 74 0 0 9 0.00 M M 4.0 16 60 M M 1 1 20 80
26 85 62 74 0 0 9 0.00 M M 5.7 15 60 M M 2 1 20 90
27 84 55 70 -4 0 5 0.00 M M 3.0 12 40 M M 0 15 50
28 85 54 70 -5 0 5 0.00 M M 2.5 10 220 M M 0 17 230
29 87 59 73 -2 0 8 0.00 M M 2.3 9 110 M M 1 18 13 230
30 87 61 74 -1 0 9 0.00 M M 1.4 9 200 M M 2 18 12 200
31 89 62 76 0 0 11 0.00 M M 2.8 12 130 M M 1 18 15 120
================================================================================
SM 2556 1879 22 232 5.92 M 131.1 M 97
================================================================================
AV 82.5 60.6 4.2 FASTST M M 3 MAX(MPH)
MISC ----> 23 10 37 10
================================================================================
NOTES:
# LAST OF SEVERAL OCCURRENCES
COLUMN 17 PEAK WIND IN M.P.H.
PRELIMINARY LOCAL CLIMATOLOGICAL DATA (WS FORM: F-6) , PAGE 2
STATION: HOT SPRINGS MEMORIAL FIELD
MONTH: MAY
YEAR: 2023
LATITUDE: 34 28 N
LONGITUDE: 93 6 W
[TEMPERATURE DATA] [PRECIPITATION DATA] SYMBOLS USED IN COLUMN 16
AVERAGE MONTHLY: 71.5 TOTAL FOR MONTH: 5.92 1 = FOG OR MIST
DPTR FM NORMAL: 0.5 DPTR FM NORMAL: 0.03 2 = FOG REDUCING VISIBILITY
HIGHEST: 89 ON 14,31 GRTST 24HR 4.71 ON 10-11 TO 1/4 MILE OR LESS
LOWEST: 41 ON 1 3 = THUNDER
SNOW, ICE PELLETS, HAIL 4 = ICE PELLETS
TOTAL MONTH: M 5 = HAIL
GRTST 24HR M ON M 6 = FREEZING RAIN OR DRIZZLE
GRTST DEPTH: M ON M 7 = DUSTSTORM OR SANDSTORM:
VSBY 1/2 MILE OR LESS
8 = SMOKE OR HAZE
[NO. OF DAYS WITH] [WEATHER - DAYS WITH] 9 = BLOWING SNOW
X = TORNADO
MAX 32 OR BELOW: 0 0.01 INCH OR MORE: 7
MAX 90 OR ABOVE: 0 0.10 INCH OR MORE: 5
MIN 32 OR BELOW: 0 0.50 INCH OR MORE: 3
MIN 0 OR BELOW: 0 1.00 INCH OR MORE: 2
[HDD (BASE 65) ]
TOTAL THIS MO. 22 CLEAR (SCALE 0-3) 19
DPTR FM NORMAL -2 PTCLDY (SCALE 4-7) 9
TOTAL FM JUL 1 2548 CLOUDY (SCALE 8-10) 3
DPTR FM NORMAL -309
[CDD (BASE 65) ]
TOTAL THIS MO. 232
DPTR FM NORMAL 22 [PRESSURE DATA]
TOTAL FM JAN 1 286 HIGHEST SLP 30.17 ON 21
DPTR FM NORMAL -6 LOWEST SLP 29.82 ON 17
[REMARKS]
#FINAL-05-23#