000
CXUS55 KSEW 010930
CF6HQM
PRELIMINARY LOCAL CLIMATOLOGICAL DATA (WS FORM: F-6)
STATION: HOQUIAM WA AIRPORT
MONTH: SEPTEMBER
YEAR: 2023
LATITUDE: 46 58 N
LONGITUDE: 123 56 W
TEMPERATURE IN F: :PCPN: SNOW: WIND :SUNSHINE: SKY :PK WND
================================================================================
1 2 3 4 5 6A 6B 7 8 9 10 11 12 13 14 15 16 17 18
12Z AVG MX 2MIN
DY MAX MIN AVG DEP HDD CDD WTR SNW DPTH SPD SPD DIR MIN PSBL S-S WX SPD DR
================================================================================
1 77 58 68 7 0 3 0.00 M M 5.8 15 330 M M 3 12 22 340
2 87 58 73 12 0 8 0.00 M M 8.4 16 200 M M 1 20 200
3 69 58 64 3 1 0 T M M 11.4 17 290 M M 10 18 23 290
4 66 53 60 -1 5 0 0.00 M M 7.4 15 290 M M 6 8 20 290
5 67 50 59 -1 6 0 0.00 M M 5.8 17 230 M M 1 21 230
6 67 52 60 0 5 0 0.00 M M 6.4 15 260 M M 7 18 270
7 66 56 61 1 4 0 0.07 M M 5.5 13 280 M M 7 1 17 270
8 70 52 61 1 4 0 0.00 M M 4.8 15 300 M M 4 1 20 330
9 75 47 61 1 4 0 0.00 M M 4.8 14 290 M M 0 17 300
10 72 56 64 4 1 0 0.00 M M 6.6 15 250 M M 6 19 250
11 M M M M M M 0.00 M M 7.4 15 260 M M 4 1 19 250
12 M M M M M M 0.10 M M 6.0 15 210 M M 8 18 18 210
13 69 54 62 2 3 0 0.00 M M 4.2 14 290 M M 4 12 20 290
14 77 49 63 3 2 0 0.00 M M 5.3 12 280 M M 1 128 15 110
15 73 50 62 2 3 0 0.00 M M 5.8 16 260 M M 0 19 270
16 66 47 57 -2 8 0 0.00 M M 7.0 21 290 M M 3 12 26 290
17 67 57 62 3 3 0 0.03 M M 8.1 17 250 M M 2 1 25 240
18 64 52 58 -1 7 0 T M M 10.5 22 290 M M 2 1 27 290
19 65 52 59 0 6 0 0.08 M M 8.2 23 260 M M 7 18 35 300
20 62 48 55 -4 10 0 T M M 5.0 14 260 M M 3 1 18 280
21 69 42 56 -2 9 0 0.00 M M 5.7 15 260 M M 0 1 18 250
22 70 45 58 0 7 0 0.00 M M 8.1 14 270 M M 1 19 280
23 61 52 57 -1 8 0 0.52 M M 6.7 21 220 M M 8 1 31 220
24 58 48 53 -5 12 0 0.38 M M 12.1 21 80 M M 8 1 32 80
25 61 55 58 0 7 0 0.18 M M 13.4 25 170 M M 9 1 37 200
26 60 53 57 0 8 0 0.79 M M 11.8 24 210 M M 9 1 32 230
27 61 53 57 0 8 0 0.18 M M 10.2 28 110 M M 8 1 37 90
28 60 50 55 -2 10 0 0.09 M M 5.9 18 230 M M 9 1 24 230
29 60 43 52 -5 13 0 0.00 M M 5.6 14 290 M M 1 18 290
30 61 37 49 -7 16 0 0.00 M M 5.3 14 260 M M 0 12 17 280
================================================================================
SM 1880 1427 170 11 2.42 M 219.2 M 132
================================================================================
AV 67.1 51.0 7.3 FASTST M M 4 MAX(MPH)
MISC ----> 28 110 # 37 200
================================================================================
NOTES:
# LAST OF SEVERAL OCCURRENCES
COLUMN 17 PEAK WIND IN M.P.H.
PRELIMINARY LOCAL CLIMATOLOGICAL DATA (WS FORM: F-6) , PAGE 2
STATION: HOQUIAM WA AIRPORT
MONTH: SEPTEMBER
YEAR: 2023
LATITUDE: 46 58 N
LONGITUDE: 123 56 W
[TEMPERATURE DATA] [PRECIPITATION DATA] SYMBOLS USED IN COLUMN 16
AVERAGE MONTHLY: 59.1 TOTAL FOR MONTH: 2.42 1 = FOG OR MIST
DPTR FM NORMAL: 0.0 DPTR FM NORMAL: -0.11 2 = FOG REDUCING VISIBILITY
HIGHEST: 87 ON 2 GRTST 24HR 0.96 ON 26-27 TO 1/4 MILE OR LESS
LOWEST: 37 ON 30 3 = THUNDER
SNOW, ICE PELLETS, HAIL 4 = ICE PELLETS
TOTAL MONTH: M 5 = HAIL
GRTST 24HR M ON M 6 = FREEZING RAIN OR DRIZZLE
GRTST DEPTH: M ON M 7 = DUSTSTORM OR SANDSTORM:
VSBY 1/2 MILE OR LESS
8 = SMOKE OR HAZE
[NO. OF DAYS WITH] [WEATHER - DAYS WITH] 9 = BLOWING SNOW
X = TORNADO
MAX 32 OR BELOW: 0 0.01 INCH OR MORE: 10
MAX 90 OR ABOVE: 0 0.10 INCH OR MORE: 6
MIN 32 OR BELOW: 0 0.50 INCH OR MORE: 2
MIN 0 OR BELOW: 0 1.00 INCH OR MORE: 0
[HDD (BASE 65) ]
TOTAL THIS MO. 170 CLEAR (SCALE 0-3) 13
DPTR FM NORMAL -14 PTCLDY (SCALE 4-7) 11
TOTAL FM JUL 1 251 CLOUDY (SCALE 8-10) 6
DPTR FM NORMAL -217
[CDD (BASE 65) ]
TOTAL THIS MO. 11
DPTR FM NORMAL 3 [PRESSURE DATA]
TOTAL FM JAN 1 108 HIGHEST SLP M ON M
DPTR FM NORMAL 83 LOWEST SLP 29.60 ON 27
[REMARKS]
#FINAL-09-23#