000
CXUS54 KBRO 010900
CF6HRL
PRELIMINARY LOCAL CLIMATOLOGICAL DATA (WS FORM: F-6)
STATION: HARLINGEN
MONTH: FEBRUARY
YEAR: 2021
LATITUDE: 26 13 N
LONGITUDE: 97 40 W
TEMPERATURE IN F: :PCPN: SNOW: WIND :SUNSHINE: SKY :PK WND
================================================================================
1 2 3 4 5 6A 6B 7 8 9 10 11 12 13 14 15 16 17 18
12Z AVG MX 2MIN
DY MAX MIN AVG DEP HDD CDD WTR SNW DPTH SPD SPD DIR MIN PSBL S-S WX SPD DR
================================================================================
1 70 45 58 -4 7 0 0.00 0.0 0 9.1 17 70 M M M 22 40
2 73 40 57 -5 8 0 0.00 0.0 0 6.2 16 120 M M M 17 170
3 81 50 66 4 0 1 0.00 0.0 0 10.8 23 150 M M 2 28 160
4 85 62 74 12 0 9 0.00 0.0 0 15.6 31 170 M M 1 1 41 170
5 71 59 65 3 0 0 0.00 0.0 0 10.2 21 20 M M 9 12 24 20
6 74 50 62 0 3 0 0.00 0.0 0 6.6 17 360 M M 7 12 22 360
7 79 45 62 0 3 0 0.00 0.0 0 8.9 21 130 M M 3 12 26 140
8 81 60 71 9 0 6 T 0.0 0 10.0 20 140 M M 6 12 22 140
9 82 63 73 11 0 8 0.00 0.0 0 6.9 18 100 M M 9 128 22 80
10 85 70 78 15 0 13 T 0.0 0 13.0 22 130 M M 8 18 26 140
11 71 40 56 -7 9 0 0.02 0.0 0 15.8 25 350 M M 10 13 30 40
12 41 37 39 -24 26 0 0.02 0.0 0 16.1 28 360 M M 10 13 32 10
13 39 35 37 -26 28 0 T 0.0 0 14.9 21 330 M M 10 1 24 350
14 39 30 35 -28 30 0 T T 0 18.3 30 340 M M 10 1 38 350
15 34 22 28 -35 37 0 T T 0 16.3 32 330 M M M 14 39 330
16 43 22 33 -31 32 0 0.00 0.0 0 9.1 18 340 M M M 20 340
17 50 33 42 -22 23 0 0.02 T 0 15.3 24 330 M M M 14 29 330
18 46 36 41 -23 24 0 0.00 0.0 0 16.4 24 340 M M M 1 30 340
19 56 29 43 -21 22 0 0.00 0.0 0 10.3 23 340 M M 0 26 340
20 70 30 50 -14 15 0 0.00 0.0 0 8.6 21 130 M M 1 1 25 150
21 80 51 66 2 0 1 0.00 0.0 0 14.0 33 170 M M 4 42 160
22 79 53 66 2 0 1 0.00 0.0 0 8.0 17 60 M M 5 12 23 50
23 83 51 67 2 0 2 0.00 0.0 0 10.2 23 130 M M 7 12 27 130
24 88 65 77 12 0 12 0.00 0.0 0 17.8 30 180 M M 4 38 190
25 87 66 77 12 0 12 0.00 0.0 0 18.7 30 150 M M 4 1 38 160
26 89 66 78 13 0 13 0.00 0.0 0 17.5 29 170 M M 4 1 35 170
27 85 71 78 13 0 13 0.00 0.0 0 18.5 32 160 M M 8 1 39 160
28 89 72 81 15 0 16 0.00 0.0 0 19.1 32 170 M M 8 1 40 170
================================================================================
SM 1950 1353 267 107 0.06 T 362.2 M 130
================================================================================
AV 69.6 48.3 12.9 FASTST M M 6 MAX(MPH)
MISC ----> 33 170 42 160
================================================================================
NOTES:
# LAST OF SEVERAL OCCURRENCES
COLUMN 17 PEAK WIND IN M.P.H.
PRELIMINARY LOCAL CLIMATOLOGICAL DATA (WS FORM: F-6) , PAGE 2
STATION: HARLINGEN
MONTH: FEBRUARY
YEAR: 2021
LATITUDE: 26 13 N
LONGITUDE: 97 40 W
[TEMPERATURE DATA] [PRECIPITATION DATA] SYMBOLS USED IN COLUMN 16
AVERAGE MONTHLY: 59.0 TOTAL FOR MONTH: 0.06 1 = FOG OR MIST
DPTR FM NORMAL: -4.4 DPTR FM NORMAL: -1.35 2 = FOG REDUCING VISIBILITY
HIGHEST: 89 ON 28,26 GRTST 24HR 0.04 ON 11-12 TO 1/4 MILE OR LESS
LOWEST: 22 ON 16,15 3 = THUNDER
SNOW, ICE PELLETS, HAIL 4 = ICE PELLETS
TOTAL MONTH: T 5 = HAIL
GRTST 24HR T ON 14-14 6 = FREEZING RAIN OR DRIZZLE
GRTST DEPTH: 0 7 = DUSTSTORM OR SANDSTORM:
VSBY 1/2 MILE OR LESS
8 = SMOKE OR HAZE
[NO. OF DAYS WITH] [WEATHER - DAYS WITH] 9 = BLOWING SNOW
X = TORNADO
MAX 32 OR BELOW: 0 0.01 INCH OR MORE: 3
MAX 90 OR ABOVE: 0 0.10 INCH OR MORE: 0
MIN 32 OR BELOW: 5 0.50 INCH OR MORE: 0
MIN 0 OR BELOW: 0 1.00 INCH OR MORE: 0
[HDD (BASE 65) ]
TOTAL THIS MO. 267 CLEAR (SCALE 0-3) 5
DPTR FM NORMAL 147 PTCLDY (SCALE 4-7) 10
TOTAL FM JUL 1 610 CLOUDY (SCALE 8-10) 13
DPTR FM NORMAL 43
[CDD (BASE 65) ]
TOTAL THIS MO. 107
DPTR FM NORMAL 31 [PRESSURE DATA]
TOTAL FM JAN 1 184 HIGHEST SLP 30.61 ON 19
DPTR FM NORMAL 59 LOWEST SLP 29.71 ON 6
[REMARKS]
#FINAL-02-21#