000
CXUS52 KMHX 010600
CF6HSE
PRELIMINARY LOCAL CLIMATOLOGICAL DATA (WS FORM: F-6)
STATION: CAPE HATTERAS NC
MONTH: OCTOBER
YEAR: 2022
LATITUDE: 35 13 N
LONGITUDE: 75 37 W
TEMPERATURE IN F: :PCPN: SNOW: WIND :SUNSHINE: SKY :PK WND
================================================================================
1 2 3 4 5 6A 6B 7 8 9 10 11 12 13 14 15 16 17 18
12Z AVG MX 2MIN
DY MAX MIN AVG DEP HDD CDD WTR SNW DPTH SPD SPD DIR MIN PSBL S-S WX SPD DR
================================================================================
1 78 68 73 0 0 8 T 0.0 0 10.1 21 210 M M 5 18 32 200
2 74 64 69 -4 0 4 T 0.0 0 5.0 12 320 M M 4 17 320
3 66 55 61 -11 4 0 T 0.0 0 11.2 17 340 M M 10 33 330
4 58 54 56 -16 9 0 0.01 0.0 0 8.6 14 300 M M 10 1 23 330
5 65 54 60 -12 5 0 0.00 0.0 0 9.8 15 300 M M 9 22 290
6 72 62 67 -5 0 2 0.00 0.0 0 5.3 10 310 M M 5 14 310
7 79 63 71 0 0 6 0.00 0.0 0 6.8 12 220 M M 0 16 210
8 70 59 65 -6 0 0 0.00 0.0 0 8.5 15 10 M M 1 27 10
9 66 48 57 -14 8 0 0.00 0.0 0 4.9 9 130 M M 0 16 20
10 71 47 59 -11 6 0 0.00 0.0 0 4.8 9 30 M M 2 13 30
11 70 56 63 -7 2 0 0.00 0.0 0 6.4 14 30 M M 0 22 30
12 78 63 71 1 0 6 0.00 0.0 0 4.8 9 120 M M 1 13 70
13 76 63 70 1 0 5 0.35 0.0 0 7.7 23 120 M M 3 13 30 100
14 72 62 67 -2 0 2 0.00 0.0 0 6.4 13 40 M M 5 1 22 60
15 72 57 65 -3 0 0 0.00 0.0 0 5.3 12 230 M M 0 18 210
16 75 64 70 2 0 5 0.00 0.0 0 7.1 16 230 M M 0 23 220
17 78 67 73 5 0 8 0.00 0.0 0 12.2 23 210 M M 0 33 210
18 73 54 64 -4 1 0 0.00 0.0 0 8.0 20 230 M M 6 29 240
19 58 50 54 -13 11 0 0.00 0.0 0 7.9 14 330 M M 1 21 330
20 63 41 52 -15 13 0 0.00 0.0 0 3.3 7 350 M M 0 11 320
21 69 49 59 -7 6 0 0.00 0.0 0 6.1 12 10 M M 0 17 20
22 68 62 65 -1 0 0 0.00 0.0 0 8.3 14 40 M M 1 24 20
23 64 60 62 -4 3 0 0.99 0.0 0 8.8 15 360 M M 10 1 33 10
24 61 58 60 -5 5 0 0.00 0.0 0 4.4 10 340 M M 10 1 17 340
25 66 60 63 -2 2 0 0.03 0.0 0 6.1 10 20 M M 10 12 19 360
26 69 60 65 0 0 0 0.00 0.0 0 3.4 8 230 M M 9 12 12 320
27 67 61 64 0 1 0 T 0.0 0 9.9 17 30 M M 6 28 40
28 70 63 67 3 0 2 T 0.0 0 9.8 16 30 M M 10 1 29 40
29 69 60 65 1 0 0 T 0.0 0 11.1 17 30 M M 10 28 30
30 68 60 64 1 1 0 0.00 0.0 0 7.9 15 30 M M 7 22 30
31 74 59 67 4 0 2 T 0.0 0 4.6 9 190 M M 4 18 14 10
================================================================================
SM 2159 1803 77 50 1.38 0.0 224.5 M 139
================================================================================
AV 69.6 58.2 7.2 FASTST M M 4 MAX(MPH)
MISC ----> # 23 120 # 33 330
================================================================================
NOTES:
# LAST OF SEVERAL OCCURRENCES
COLUMN 17 PEAK WIND IN M.P.H.
PRELIMINARY LOCAL CLIMATOLOGICAL DATA (WS FORM: F-6) , PAGE 2
STATION: CAPE HATTERAS NC
MONTH: OCTOBER
YEAR: 2022
LATITUDE: 35 13 N
LONGITUDE: 75 37 W
[TEMPERATURE DATA] [PRECIPITATION DATA] SYMBOLS USED IN COLUMN 16
AVERAGE MONTHLY: 63.9 TOTAL FOR MONTH: 1.38 1 = FOG OR MIST
DPTR FM NORMAL: -4.3 DPTR FM NORMAL: -4.21 2 = FOG REDUCING VISIBILITY
HIGHEST: 79 ON 7 GRTST 24HR 1.05 ON 30- 1 TO 1/4 MILE OR LESS
LOWEST: 41 ON 20 3 = THUNDER
SNOW, ICE PELLETS, HAIL 4 = ICE PELLETS
TOTAL MONTH: 0.0 INCH 5 = HAIL
GRTST 24HR 0.0 6 = FREEZING RAIN OR DRIZZLE
GRTST DEPTH: 0 7 = DUSTSTORM OR SANDSTORM:
VSBY 1/2 MILE OR LESS
8 = SMOKE OR HAZE
[NO. OF DAYS WITH] [WEATHER - DAYS WITH] 9 = BLOWING SNOW
X = TORNADO
MAX 32 OR BELOW: 0 0.01 INCH OR MORE: 4
MAX 90 OR ABOVE: 0 0.10 INCH OR MORE: 2
MIN 32 OR BELOW: 0 0.50 INCH OR MORE: 1
MIN 0 OR BELOW: 0 1.00 INCH OR MORE: 0
[HDD (BASE 65) ]
TOTAL THIS MO. 77 CLEAR (SCALE 0-3) 14
DPTR FM NORMAL 31 PTCLDY (SCALE 4-7) 8
TOTAL FM JUL 1 77 CLOUDY (SCALE 8-10) 9
DPTR FM NORMAL 33
[CDD (BASE 65) ]
TOTAL THIS MO. 50
DPTR FM NORMAL -94 [PRESSURE DATA]
TOTAL FM JAN 1 2088 HIGHEST SLP M ON M
DPTR FM NORMAL -7 LOWEST SLP 29.59 ON 18
[REMARKS]
#FINAL-10-22#