000
CXUS52 KMHX 010650
CF6HSE
PRELIMINARY LOCAL CLIMATOLOGICAL DATA (WS FORM: F-6)
STATION: CAPE HATTERAS NC
MONTH: JUNE
YEAR: 2022
LATITUDE: 35 13 N
LONGITUDE: 75 37 W
TEMPERATURE IN F: :PCPN: SNOW: WIND :SUNSHINE: SKY :PK WND
================================================================================
1 2 3 4 5 6A 6B 7 8 9 10 11 12 13 14 15 16 17 18
12Z AVG MX 2MIN
DY MAX MIN AVG DEP HDD CDD WTR SNW DPTH SPD SPD DIR MIN PSBL S-S WX SPD DR
================================================================================
1 89 76 83 9 0 18 0.00 0.0 0 7.6 13 240 M M 0 19 240
2 85 76 81 7 0 16 0.00 0.0 0 10.4 17 210 M M 0 1 23 210
3 86 71 79 5 0 14 0.37 0.0 0 7.1 15 230 M M 4 138 21 230
4 81 69 75 0 0 10 0.05 0.0 0 7.4 14 70 M M 3 1 21 20
5 82 72 77 2 0 12 0.00 0.0 0 10.0 18 40 M M 2 29 40
6 80 69 75 0 0 10 0.00 0.0 0 7.8 13 30 M M 0 18 30
7 87 74 81 5 0 16 T 0.0 0 10.3 16 160 M M 2 22 180
8 86 76 81 5 0 16 0.00 0.0 0 6.9 13 210 M M 0 1 16 180
9 85 78 82 6 0 17 T 0.0 0 10.5 17 230 M M 2 18 25 220
10 81 72 77 1 0 12 0.00 0.0 0 7.4 15 30 M M 8 24 50
11 86 67 77 1 0 12 0.00 0.0 0 5.7 13 120 M M 2 15 90
12 85 74 80 3 0 15 0.01 0.0 0 6.8 13 230 M M 2 138 18 210
13 87 78 83 6 0 18 0.00 0.0 0 9.6 16 210 M M 1 18 22 210
14 89 77 83 6 0 18 T 0.0 0 10.3 16 240 M M 3 18 25 330
15 85 73 79 1 0 14 0.00 0.0 0 7.6 14 30 M M 0 20 50
16 86 71 79 1 0 14 T 0.0 0 5.2 14 140 M M 2 3 18 210
17 87 75 81 3 0 16 0.37 0.0 0 9.8 30 300 M M 1 138 46 280
18 89 74 82 4 0 17 0.00 0.0 0 8.1 15 30 M M 2 8 24 30
19 79 62 71 -7 0 6 0.00 0.0 0 5.8 12 40 M M 1 8 19 10
20 83 59 71 -8 0 6 0.00 0.0 0 6.0 12 310 M M 0 8 18 320
21 86 65 76 -3 0 11 0.00 0.0 0 7.0 13 160 M M 0 16 170
22 85 71 78 -1 0 13 0.37 0.0 0 8.6 18 190 M M 3 138 23 180
23 84 71 78 -1 0 13 0.03 0.0 0 6.1 13 100 M M 8 18 40
24 81 69 75 -4 0 10 0.00 0.0 0 6.4 13 60 M M 0 19 20
25 85 71 78 -2 0 13 0.00 0.0 0 5.3 12 120 M M 1 18 90
26 87 70 79 -1 0 14 0.00 0.0 0 7.7 14 170 M M 1 18 190
27 86 78 82 2 0 17 T 0.0 0 9.4 15 200 M M 1 21 210
28 82 71 77 -3 0 12 0.94 0.0 0 8.1 17 210 M M 3 1 24 210
29 83 72 78 -2 0 13 0.01 0.0 0 4.0 8 110 M M 3 10 100
30 90 72 81 1 0 16 0.00 0.0 0 7.3 14 130 M M 2 17 130
================================================================================
SM 2547 2153 0 409 2.15 0.0 230.2 M 57
================================================================================
AV 84.9 71.8 7.7 FASTST M M 2 MAX(MPH)
MISC ----> 30 300 46 280
================================================================================
NOTES:
# LAST OF SEVERAL OCCURRENCES
COLUMN 17 PEAK WIND IN M.P.H.
PRELIMINARY LOCAL CLIMATOLOGICAL DATA (WS FORM: F-6) , PAGE 2
STATION: CAPE HATTERAS NC
MONTH: JUNE
YEAR: 2022
LATITUDE: 35 13 N
LONGITUDE: 75 37 W
[TEMPERATURE DATA] [PRECIPITATION DATA] SYMBOLS USED IN COLUMN 16
AVERAGE MONTHLY: 78.3 TOTAL FOR MONTH: 2.15 1 = FOG OR MIST
DPTR FM NORMAL: 0.8 DPTR FM NORMAL: -2.26 2 = FOG REDUCING VISIBILITY
HIGHEST: 90 ON 30 GRTST 24HR 0.94 ON 28-28 TO 1/4 MILE OR LESS
LOWEST: 59 ON 20 3 = THUNDER
SNOW, ICE PELLETS, HAIL 4 = ICE PELLETS
TOTAL MONTH: 0.0 INCH 5 = HAIL
GRTST 24HR 0.0 6 = FREEZING RAIN OR DRIZZLE
GRTST DEPTH: 0 7 = DUSTSTORM OR SANDSTORM:
VSBY 1/2 MILE OR LESS
8 = SMOKE OR HAZE
[NO. OF DAYS WITH] [WEATHER - DAYS WITH] 9 = BLOWING SNOW
X = TORNADO
MAX 32 OR BELOW: 0 0.01 INCH OR MORE: 8
MAX 90 OR ABOVE: 1 0.10 INCH OR MORE: 4
MIN 32 OR BELOW: 0 0.50 INCH OR MORE: 1
MIN 0 OR BELOW: 0 1.00 INCH OR MORE: 0
[HDD (BASE 65) ]
TOTAL THIS MO. 0 CLEAR (SCALE 0-3) 26
DPTR FM NORMAL -1 PTCLDY (SCALE 4-7) 4
TOTAL FM JUL 1 1783 CLOUDY (SCALE 8-10) 0
DPTR FM NORMAL -384
[CDD (BASE 65) ]
TOTAL THIS MO. 409
DPTR FM NORMAL 34 [PRESSURE DATA]
TOTAL FM JAN 1 728 HIGHEST SLP M ON M
DPTR FM NORMAL 127 LOWEST SLP 29.74 ON 17
[REMARKS]
#FINAL-06-22#