000
CXUS52 KMHX 142342
CF6HSE
PRELIMINARY LOCAL CLIMATOLOGICAL DATA (WS FORM: F-6)
STATION: CAPE HATTERAS NC
MONTH: FEBRUARY
YEAR: 2022
LATITUDE: 35 13 N
LONGITUDE: 75 37 W
TEMPERATURE IN F: :PCPN: SNOW: WIND :SUNSHINE: SKY :PK WND
================================================================================
1 2 3 4 5 6A 6B 7 8 9 10 11 12 13 14 15 16 17 18
12Z AVG MX 2MIN
DY MAX MIN AVG DEP HDD CDD WTR SNW DPTH SPD SPD DIR MIN PSBL S-S WX SPD DR
================================================================================
1 48 41 45 -3 20 0 0.00 0.0 0 8.0 14 10 M M 0 25 20
2 58 42 50 2 15 0 0.00 0.0 0 6.9 14 30 M M 1 1 22 30
3 64 46 55 7 10 0 0.00 0.0 0 9.7 16 180 M M 1 23 170
4 69 60 65 17 0 0 0.12 0.0 0 15.5 21 230 M M 6 18 32 230
5 60 35 48 0 17 0 0.25 0.0 0 10.5 16 30 M M 5 1 29 30
6 48 36 42 -6 23 0 0.00 0.0 0 10.5 17 30 M M 5 30 10
7 56 42 49 1 16 0 0.70 0.0 0 8.6 14 320 M M 9 1 23 330
8 45 42 44 -4 21 0 0.02 0.0 0 6.2 12 310 M M 6 1 18 330
9 53 39 46 -2 19 0 0.00 0.0 0 6.3 13 10 M M 1 22 20
10 59 42 51 3 14 0 0.00 0.0 0 6.1 12 250 M M 0 17 260
11 63 50 57 8 8 0 0.00 0.0 0 6.5 12 250 M M 0 16 240
12 67 50 59 10 6 0 0.00 0.0 0 6.4 10 230 M M 2 17 260
13 60 39 50 1 15 0 0.28 0.0 0 8.7 15 10 M M 9 18 29 10
14 46 35 41 -8 24 0 0.00 0.0 0 6.8 13 330 M M 2 24 320
15 45 29 37 -12 28 0 0.00 0.0 0 5.8 13 30 M M 0 20 30
16 64 42 53 4 12 0 0.00 0.0 0 8.3 16 160 M M 3 21 160
17 69 57 63 14 2 0 0.03 0.0 0 10.5 26 200 M M 4 18 36 200
18 69 48 59 10 6 0 0.14 0.0 0 17.3 30 200 M M 10 18 45 220
19 55 43 49 -1 16 0 0.00 0.0 0 9.0 18 30 M M 2 30 10
20 48 38 43 -7 22 0 0.00 0.0 0 8.3 17 20 M M 0 31 10
21 71 43 57 7 8 0 0.13 0.0 0 5.4 14 240 M M 5 1 19 240
22 70 64 67 17 0 2 0.00 0.0 0 10.6 16 210 M M 6 21 210
23 71 64 68 18 0 3 T 0.0 0 9.4 17 230 M M 5 18 24 220
24 65 48 57 7 8 0 0.00 0.0 0 7.3 16 10 M M 9 1 27 40
25 73 48 61 11 4 0 0.00 0.0 0 10.7 24 230 M M 6 18 37 240
26 58 43 51 1 14 0 T 0.0 0 12.1 20 30 M M 10 34 30
27 48 42 45 -6 20 0 0.33 0.0 0 6.2 12 300 M M 10 1 19 300
28 54 43 49 -2 16 0 0.00 0.0 0 9.4 16 40 M M 1 26 30
================================================================================
SM 1656 1251 364 5 2.00 0.0 247.0 M 118
================================================================================
AV 59.1 44.7 8.8 FASTST M M 4 MAX(MPH)
MISC ----> 30 200 45 220
================================================================================
NOTES:
# LAST OF SEVERAL OCCURRENCES
COLUMN 17 PEAK WIND IN M.P.H.
PRELIMINARY LOCAL CLIMATOLOGICAL DATA (WS FORM: F-6) , PAGE 2
STATION: CAPE HATTERAS NC
MONTH: FEBRUARY
YEAR: 2022
LATITUDE: 35 13 N
LONGITUDE: 75 37 W
[TEMPERATURE DATA] [PRECIPITATION DATA] SYMBOLS USED IN COLUMN 16
AVERAGE MONTHLY: 51.9 TOTAL FOR MONTH: 2.00 1 = FOG OR MIST
DPTR FM NORMAL: 2.8 DPTR FM NORMAL: -2.34 2 = FOG REDUCING VISIBILITY
HIGHEST: 73 ON 25 GRTST 24HR 0.72 ON 7- 8 TO 1/4 MILE OR LESS
LOWEST: 29 ON 15 3 = THUNDER
SNOW, ICE PELLETS, HAIL 4 = ICE PELLETS
TOTAL MONTH: 0.0 INCH 5 = HAIL
GRTST 24HR 0.0 6 = FREEZING RAIN OR DRIZZLE
GRTST DEPTH: 0 7 = DUSTSTORM OR SANDSTORM:
VSBY 1/2 MILE OR LESS
8 = SMOKE OR HAZE
[NO. OF DAYS WITH] [WEATHER - DAYS WITH] 9 = BLOWING SNOW
X = TORNADO
MAX 32 OR BELOW: 0 0.01 INCH OR MORE: 9
MAX 90 OR ABOVE: 0 0.10 INCH OR MORE: 7
MIN 32 OR BELOW: 1 0.50 INCH OR MORE: 1
MIN 0 OR BELOW: 0 1.00 INCH OR MORE: 0
[HDD (BASE 65) ]
TOTAL THIS MO. 364 CLEAR (SCALE 0-3) 13
DPTR FM NORMAL -83 PTCLDY (SCALE 4-7) 9
TOTAL FM JUL 1 1446 CLOUDY (SCALE 8-10) 6
DPTR FM NORMAL -197
[CDD (BASE 65) ]
TOTAL THIS MO. 5
DPTR FM NORMAL 4 [PRESSURE DATA]
TOTAL FM JAN 1 14 HIGHEST SLP 30.69 ON 16
DPTR FM NORMAL 13 LOWEST SLP 29.82 ON 18
[REMARKS]
#FINAL-02-22#