000
CXUS53 KGID 021231 CCA
CF6HSI
PRELIMINARY LOCAL CLIMATOLOGICAL DATA (WS FORM: F-6)
STATION: HASTINGS NE
MONTH: JULY
YEAR: 2021
LATITUDE: 40 35 N
LONGITUDE: 98 26 W
TEMPERATURE IN F: :PCPN: SNOW: WIND :SUNSHINE: SKY :PK WND
================================================================================
1 2 3 4 5 6A 6B 7 8 9 10 11 12 13 14 15 16 17 18
12Z AVG MX 2MIN
DY MAX MIN AVG DEP HDD CDD WTR SNW DPTH SPD SPD DIR MIN PSBL S-S WX SPD DR
================================================================================
1 84 65 75 -1 0 10 0.00 0.0 0 5.4 14 70 M M 1 18 20 90
2 85 59 72 -4 0 7 0.00 0.0 0 4.4 12 130 M M 2 18 19 190
3 88 67 78 2 0 13 0.00 0.0 0 8.4 15 210 M M 1 25 160
4 91 66 79 3 0 14 0.00 0.0 0 8.8 15 160 M M 1 23 200
5 91 67 79 2 0 14 0.00 0.0 0 7.3 14 170 M M 0 20 170
6 89 66 78 1 0 13 0.09 0.0 0 7.1 23 310 M M 2 13 32 330
7 89 66 78 1 0 13 0.00 0.0 0 7.1 23 310 M M 7 1 32 330
8 91 62 77 0 0 12 0.00 0.0 0 11.4 22 170 M M 0 1 32 160
9 96 65 81 4 0 16 1.15 0.0 0 11.0 44 320 M M 1 13 63 320
10 83 64 74 -3 0 9 0.71 0.0 0 12.8 37 330 M M 2 13 51 340
11 79 60 70 -7 0 5 T 0.0 0 9.4 20 360 M M 3 1 26 10
12 82 58 70 -7 0 5 0.00 0.0 0 3.2 12 160 M M 0 18 18 160
13 86 63 75 -2 0 10 0.00 0.0 0 6.6 14 130 M M 0 20 120
14 82 69 76 -1 0 11 0.26 0.0 0 9.2 18 140 M M 6 13 31 140
15 78 68 73 -4 0 8 0.17 0.0 0 7.4 14 80 M M 7 1 19 80
16 84 69 77 0 0 12 0.00 0.0 0 6.3 12 120 M M 7 1 17 120
17 84 67 76 -1 0 11 0.24 0.0 0 7.3 24 160 M M 3 13 33 150
18 81 67 74 -3 0 9 0.10 0.0 0 9.2 22 130 M M 5 12 32 130
19 82 61 72 -5 0 7 0.00 0.0 0 4.5 13 80 M M 1 1 18 150
20 82 60 71 -6 0 6 0.00 0.0 0 4.1 12 120 M M 1 18 17 160
21 84 64 74 -3 0 9 0.00 0.0 0 9.2 17 160 M M 1 25 160
22 90 64 77 0 0 12 0.00 0.0 0 10.1 16 210 M M 0 18 25 180
23 93 66 80 3 0 15 0.00 0.0 0 9.7 15 210 M M 0 24 170
24 88 70 79 2 0 14 0.00 0.0 0 7.0 14 60 M M 3 19 70
25 80 65 73 -4 0 8 0.06 0.0 0 3.3 17 150 M M 2 13 25 150
26 88 67 78 1 0 13 0.00 0.0 0 9.0 17 160 M M 3 12 28 170
27 92 69 81 4 0 16 0.00 0.0 0 6.9 12 200 M M 0 17 200
28 96 72 84 7 0 19 0.00 0.0 0 8.9 16 180 M M 0 23 170
29 95 72 84 7 0 19 0.00 0.0 0 7.8 16 40 M M 2 30 350
30 93 74 84 7 0 19 0.00 0.0 0 7.8 14 70 M M 4 1 21 60
31 79 67 73 -4 0 8 0.00 0.0 0 8.2 22 20 M M 4 18 30 30
================================================================================
SM 2685 2039 0 357 2.78 0.0 238.8 M 69
================================================================================
AV 86.6 65.8 7.7 FASTST M M 2 MAX(MPH)
MISC ----> 44 320 63 320
================================================================================
NOTES:
# LAST OF SEVERAL OCCURRENCES
COLUMN 17 PEAK WIND IN M.P.H.
PRELIMINARY LOCAL CLIMATOLOGICAL DATA (WS FORM: F-6) , PAGE 2
STATION: HASTINGS NE
MONTH: JULY
YEAR: 2021
LATITUDE: 40 35 N
LONGITUDE: 98 26 W
[TEMPERATURE DATA] [PRECIPITATION DATA] SYMBOLS USED IN COLUMN 16
AVERAGE MONTHLY: 76.2 TOTAL FOR MONTH: 2.78 1 = FOG OR MIST
DPTR FM NORMAL: -0.8 DPTR FM NORMAL: -0.84 2 = FOG REDUCING VISIBILITY
HIGHEST: 96 ON 28, 9 GRTST 24HR 1.60 ON 9-10 TO 1/4 MILE OR LESS
LOWEST: 58 ON 12 3 = THUNDER
SNOW, ICE PELLETS, HAIL 4 = ICE PELLETS
TOTAL MONTH: 0.0 INCH 5 = HAIL
GRTST 24HR 0.0 6 = FREEZING RAIN OR DRIZZLE
GRTST DEPTH: 0 7 = DUSTSTORM OR SANDSTORM:
VSBY 1/2 MILE OR LESS
8 = SMOKE OR HAZE
[NO. OF DAYS WITH] [WEATHER - DAYS WITH] 9 = BLOWING SNOW
X = TORNADO
MAX 32 OR BELOW: 0 0.01 INCH OR MORE: 8
MAX 90 OR ABOVE: 10 0.10 INCH OR MORE: 6
MIN 32 OR BELOW: 0 0.50 INCH OR MORE: 2
MIN 0 OR BELOW: 0 1.00 INCH OR MORE: 1
[HDD (BASE 65) ]
TOTAL THIS MO. 0 CLEAR (SCALE 0-3) 24
DPTR FM NORMAL -2 PTCLDY (SCALE 4-7) 7
TOTAL FM JUL 1 0 CLOUDY (SCALE 8-10) 0
DPTR FM NORMAL 0
[CDD (BASE 65) ]
TOTAL THIS MO. 357
DPTR FM NORMAL -16 [PRESSURE DATA]
TOTAL FM JAN 1 742 HIGHEST SLP 30.22 ON 19
DPTR FM NORMAL 48 LOWEST SLP 29.69 ON 9
[REMARKS]
#FINAL-07-21#