000
CXUS53 KAPX 010534
CLMHTL
CLIMATE REPORT
NATIONAL WEATHER SERVICE
134 AM EDT SUN OCT 01 2023
...................................
...THE HOUGHTON LAKE MI CLIMATE SUMMARY FOR THE MONTH OF SEPTEMBER 2023...
CLIMATE NORMAL PERIOD: 1991 TO 2020
CLIMATE RECORD PERIOD: 1913 TO 2023
WEATHER OBSERVED NORMAL DEPART LAST YEAR`S
VALUE DATE(S) VALUE FROM VALUE
NORMAL
..............................................................
TEMPERATURE (F)
HIGHEST 89 09/05 MM MM
LOWEST 33 09/19 MM MM
AVG. MAXIMUM 71.8 70.6 1.2
AVG. MINIMUM 49.0 46.1 2.9
MEAN 60.4 58.3 2.1
DAYS MAX >= 90 0 0.3 -0.3
DAYS MAX <= 32 0 0.0 0.0
DAYS MIN <= 32 0 1.9 -1.9
DAYS MIN <= 0 0 0.0 0.0
PRECIPITATION (INCHES)
TOTALS 1.08 2.59 -1.51
DAYS >= .01 8 10.9 -2.9
DAYS >= .10 3 6.2 -3.2
DAYS >= .50 1 1.6 -0.6
DAYS >= 1.00 0 0.5 -0.5
GREATEST
24 HR. TOTAL 0.53 09/11 TO 09/12
SNOWFALL (INCHES)
RECORDS
TOTAL MM MM
24 HR TOTAL MM
TOTALS 0.0 0.0 0.0
DAYS >= TRACE 0 0.0 0.0
DAYS >= 1.0 0 0.0 0.0
GREATEST
SNOW DEPTH 0
24 HR TOTAL MM
DEGREE DAYS
HEATING TOTAL 168 227 -59
SINCE 7/1 287 335 -48
COOLING TOTAL 37 28 9
SINCE 1/1 264 335 -71
..............................................................
WIND (MPH)
AVERAGE WIND SPEED 5.1
HIGHEST WIND SPEED/DIRECTION 20/110 DATE 09/25
HIGHEST GUST SPEED/DIRECTION 30/130 DATE 09/25
SKY COVER
AVERAGE SKY COVER 0.52
AVERAGE RH (PERCENT) 80
- INDICATES NEGATIVE NUMBERS.
R INDICATES RECORD WAS SET OR TIED.
MM INDICATES DATA IS MISSING.
T INDICATES TRACE AMOUNT.
$$