000
CXUS53 KIND 010600
CF6HUF
PRELIMINARY LOCAL CLIMATOLOGICAL DATA (WS FORM: F-6)
STATION: TERRE HAUTE IN
MONTH: AUGUST
YEAR: 2020
LATITUDE: 39 27 N
LONGITUDE: 87 18 W
TEMPERATURE IN F: :PCPN: SNOW: WIND :SUNSHINE: SKY :PK WND
================================================================================
1 2 3 4 5 6A 6B 7 8 9 10 11 12 13 14 15 16 17 18
12Z AVG MX 2MIN
DY MAX MIN AVG DEP HDD CDD WTR SNW DPTH SPD SPD DIR MIN PSBL S-S WX SPD DR
================================================================================
1 71 64 68 -6 0 3 0.33 M M 8.1 17 330 M M 10 1 28 340
2 81 61 71 -3 0 6 0.59 M M 6.2 23 220 M M 5 12 36 240
3 78 62 70 -4 0 5 0.61 M M 2.7 16 350 M M 7 123 23 360
4 77 56 67 -7 0 2 0.00 M M 6.6 14 320 M M 5 22 350
5 77 52 65 -9 0 0 0.00 M M 1.8 8 80 M M 2 12 11 60
6 80 56 68 -6 0 3 0.00 M M 3.5 12 60 M M 4 16 70
7 83 55 69 -5 0 4 0.00 M M 2.9 10 70 M M 0 12 16 80
8 84 57 71 -3 0 6 T M M 2.8 10 140 M M 0 15 160
9 85 66 76 3 0 11 0.00 M M 5.9 18 200 M M 1 27 190
10 93 69 81 8 0 16 0.28 M M 7.4 28 350 M M 5 13 46 340
11 85 65 75 2 0 10 0.00 M M 2.8 13 350 M M 3 1 17 340
12 87 66 77 4 0 12 0.00 M M 1.8 6 20 M M 1 1 11 60
13 85 66 76 3 0 11 T M M 3.9 12 60 M M 2 12 18 20
14 88 67 78 5 0 13 0.00 M M 1.6 9 20 M M 2 1 13 10
15 89 63 76 3 0 11 0.00 M M 1.9 8 40 M M 2 12 13 10
16 84 66 75 2 0 10 0.00 M M 5.6 16 20 M M 1 1 23 10
17 87 64 76 3 0 11 0.00 M M 4.4 14 250 M M 1 18 250
18 80 62 71 -2 0 6 T M M 7.6 15 10 M M 5 22 30
19 81 55 68 -5 0 3 0.00 M M 5.6 14 50 M M 0 21 50
20 83 52 68 -5 0 3 0.00 M M 1.9 10 140 M M 0 12 16 120
21 85 53 69 -4 0 4 0.00 M M 1.2 8 180 M M 1 12 12 130
22 87 59 73 1 0 8 0.00 M M 0.6 7 80 M M 2 1 10 30
23 89 61 75 3 0 10 0.00 M M 4.8 13 210 M M 2 12 18 190
24 93 70 82 10 0 17 0.00 M M 5.5 13 250 M M 2 3 20 240
25 93 67 80 8 0 15 0.00 M M 2.8 10 260 M M 1 12 14 210
26 90 66 78 6 0 13 0.00 M M 5.6 14 210 M M 2 128 20 190
27 85 74 80 8 0 15 T M M 6.4 10 180 M M 1 14 160
28 90 72 81 9 0 16 0.00 M M 5.8 17 160 M M 2 23 160
29 87 61 74 2 0 9 0.00 M M 6.4 17 310 M M 3 1 28 340
30 82 53 68 -3 0 3 0.00 M M 4.4 13 70 M M 0 12 18 80
31 84 59 72 1 0 7 0.00 M M 4.9 12 200 M M 5 12 17 210
================================================================================
SM 2623 1919 0 263 1.81 M 133.4 M 77
================================================================================
AV 84.6 61.9 4.3 FASTST M M 2 MAX(MPH)
MISC ----> 28 350 46 340
================================================================================
NOTES:
# LAST OF SEVERAL OCCURRENCES
COLUMN 17 PEAK WIND IN M.P.H.
PRELIMINARY LOCAL CLIMATOLOGICAL DATA (WS FORM: F-6) , PAGE 2
STATION: TERRE HAUTE IN
MONTH: AUGUST
YEAR: 2020
LATITUDE: 39 27 N
LONGITUDE: 87 18 W
[TEMPERATURE DATA] [PRECIPITATION DATA] SYMBOLS USED IN COLUMN 16
AVERAGE MONTHLY: 73.3 TOTAL FOR MONTH: 1.81 1 = FOG OR MIST
DPTR FM NORMAL: 0.5 DPTR FM NORMAL: -1.80 2 = FOG REDUCING VISIBILITY
HIGHEST: 93 ON 25,24 GRTST 24HR 1.14 ON 2- 3 TO 1/4 MILE OR LESS
LOWEST: 52 ON 20, 5 3 = THUNDER
SNOW, ICE PELLETS, HAIL 4 = ICE PELLETS
TOTAL MONTH: M 5 = HAIL
GRTST 24HR M ON M 6 = FREEZING RAIN OR DRIZZLE
GRTST DEPTH: M ON M 7 = DUSTSTORM OR SANDSTORM:
VSBY 1/2 MILE OR LESS
8 = SMOKE OR HAZE
[NO. OF DAYS WITH] [WEATHER - DAYS WITH] 9 = BLOWING SNOW
X = TORNADO
MAX 32 OR BELOW: 0 0.01 INCH OR MORE: 4
MAX 90 OR ABOVE: 5 0.10 INCH OR MORE: 4
MIN 32 OR BELOW: 0 0.50 INCH OR MORE: 2
MIN 0 OR BELOW: 0 1.00 INCH OR MORE: 0
[HDD (BASE 65) ]
TOTAL THIS MO. 0 CLEAR (SCALE 0-3) 23
DPTR FM NORMAL -4 PTCLDY (SCALE 4-7) 7
TOTAL FM JUL 1 0 CLOUDY (SCALE 8-10) 1
DPTR FM NORMAL -1
[CDD (BASE 65) ]
TOTAL THIS MO. 263
DPTR FM NORMAL 16 [PRESSURE DATA]
TOTAL FM JAN 1 1040 HIGHEST SLP M ON M
DPTR FM NORMAL 161 LOWEST SLP 29.67 ON 28
[REMARKS]
#FINAL-08-20#