000
CXUS56 KTFX 011110
CF6HVR
PRELIMINARY LOCAL CLIMATOLOGICAL DATA (WS FORM: F-6)
STATION: HAVRE MT
MONTH: MARCH
YEAR: 2021
LATITUDE: 48 32 N
LONGITUDE: 109 46 W
TEMPERATURE IN F: :PCPN: SNOW: WIND :SUNSHINE: SKY :PK WND
================================================================================
1 2 3 4 5 6A 6B 7 8 9 10 11 12 13 14 15 16 17 18
12Z AVG MX 2MIN
DY MAX MIN AVG DEP HDD CDD WTR SNW DPTH SPD SPD DIR MIN PSBL S-S WX SPD DR
================================================================================
1 45 34 40 14 25 0 0.00 0.0 0 19.9 32 230 M M 0 41 240
2 53 34 44 17 21 0 0.00 0.0 0 16.9 26 240 M M 0 33 240
3 55 30 43 16 22 0 0.00 0.0 0 8.0 18 220 M M 0 22 220
4 56 23 40 12 25 0 0.00 0.0 0 2.7 8 90 M M 0 9 60
5 60 25 43 15 22 0 0.00 0.0 0 4.6 14 240 M M 0 18 18 230
6 56 27 42 14 23 0 T 0.0 0 7.2 25 300 M M 2 8 33 310
7 52 28 40 11 25 0 0.00 0.0 0 11.4 24 250 M M 2 30 240
8 47 30 39 10 26 0 0.03 0.9 0 7.5 16 350 M M 7 1 21 340
9 38 23 31 1 34 0 0.00 0.0 1 8.5 18 220 M M 6 1 21 220
10 47 18 33 3 32 0 T T 0 7.7 24 300 M M 3 8 29 290
11 43 23 33 3 32 0 0.03 0.6 1 5.8 15 90 M M 6 1 19 90
12 54 22 38 7 27 0 0.00 0.0 0 10.3 25 230 M M 0 32 230
13 60 24 42 11 23 0 0.00 0.0 0 7.3 17 70 M M 0 21 60
14 63 28 46 14 19 0 0.00 0.0 0 13.6 28 160 M M 0 35 160
15 52 25 39 7 26 0 0.00 0.0 0 8.3 24 20 M M 1 34 10
16 52 22 37 4 28 0 0.00 0.0 0 5.5 12 60 M M 2 18 290
17 59 21 40 7 25 0 0.00 0.0 0 4.9 14 130 M M 0 27 120
18 67 23 45 11 20 0 0.00 0.0 0 6.4 20 240 M M 0 27 230
19 66 26 46 12 19 0 0.00 0.0 0 8.8 21 230 M M 1 30 250
20 55 31 43 8 22 0 0.00 0.0 0 11.6 24 270 M M 1 33 260
21 49 27 38 3 27 0 0.00 0.0 0 10.3 23 210 M M 4 31 220
22 53 32 43 7 22 0 0.00 0.0 0 12.5 23 260 M M 5 29 240
23 41 21 31 -5 34 0 T T 0 8.7 17 340 M M 7 22 340
24 52 19 36 0 29 0 0.00 0.0 0 15.0 30 220 M M 5 36 220
25 38 28 33 -4 32 0 0.06 0.5 T 11.0 23 320 M M 10 18 31 320
26 43 21 32 -5 33 0 0.02 0.5 0 6.2 21 320 M M 9 1 26 320
27 58 26 42 4 23 0 T 0.1 1 7.9 18 230 M M 4 12 25 270
28 68 39 54 16 11 0 0.00 0.0 0 19.7 36 230 M M 0 45 250
29 51 16 34 -4 31 0 0.01 0.3 T 25.0 43 280 M M 8 128 59 290
30 39 16 28 -11 37 0 0.00 0.0 T 14.6 26 300 M M 4 39 290
31 55 20 38 -1 27 0 0.00 0.0 0 14.6 24 250 M M 0 33 250
================================================================================
SM 1627 782 802 0 0.15 2.9 322.4 M 87
================================================================================
AV 52.5 25.2 10.4 FASTST M M 3 MAX(MPH)
MISC ----> 43 280 59 290
================================================================================
NOTES:
# LAST OF SEVERAL OCCURRENCES
COLUMN 17 PEAK WIND IN M.P.H.
PRELIMINARY LOCAL CLIMATOLOGICAL DATA (WS FORM: F-6) , PAGE 2
STATION: HAVRE MT
MONTH: MARCH
YEAR: 2021
LATITUDE: 48 32 N
LONGITUDE: 109 46 W
[TEMPERATURE DATA] [PRECIPITATION DATA] SYMBOLS USED IN COLUMN 16
AVERAGE MONTHLY: 38.9 TOTAL FOR MONTH: 0.15 1 = FOG OR MIST
DPTR FM NORMAL: 6.1 DPTR FM NORMAL: -0.39 2 = FOG REDUCING VISIBILITY
HIGHEST: 68 ON 28 GRTST 24HR 0.06 ON 25-25 TO 1/4 MILE OR LESS
LOWEST: 16 ON 30,29 3 = THUNDER
SNOW, ICE PELLETS, HAIL 4 = ICE PELLETS
TOTAL MONTH: 2.9 INCHES 5 = HAIL
GRTST 24HR 0.9 ON 8- 8 6 = FREEZING RAIN OR DRIZZLE
GRTST DEPTH: 1 ON 27,11 7 = DUSTSTORM OR SANDSTORM:
VSBY 1/2 MILE OR LESS
8 = SMOKE OR HAZE
[NO. OF DAYS WITH] [WEATHER - DAYS WITH] 9 = BLOWING SNOW
X = TORNADO
MAX 32 OR BELOW: 0 0.01 INCH OR MORE: 5
MAX 90 OR ABOVE: 0 0.10 INCH OR MORE: 0
MIN 32 OR BELOW: 28 0.50 INCH OR MORE: 0
MIN 0 OR BELOW: 0 1.00 INCH OR MORE: 0
[HDD (BASE 65) ]
TOTAL THIS MO. 802 CLEAR (SCALE 0-3) 19
DPTR FM NORMAL -196 PTCLDY (SCALE 4-7) 10
TOTAL FM JUL 1 6538 CLOUDY (SCALE 8-10) 2
DPTR FM NORMAL -581
[CDD (BASE 65) ]
TOTAL THIS MO. 0
DPTR FM NORMAL 0 [PRESSURE DATA]
TOTAL FM JAN 1 0 HIGHEST SLP 30.39 ON 31
DPTR FM NORMAL 0 LOWEST SLP 29.23 ON 28
[REMARKS]
#FINAL-03-21#