000
CXUS55 KPIH 020031
CF6IDA
PRELIMINARY LOCAL CLIMATOLOGICAL DATA (WS FORM: F-6)
STATION: IDAHO FALLS
MONTH: JULY
YEAR: 2023
LATITUDE: 43 31 N
LONGITUDE: 112 4 W
TEMPERATURE IN F: :PCPN: SNOW: WIND :SUNSHINE: SKY :PK WND
================================================================================
1 2 3 4 5 6A 6B 7 8 9 10 11 12 13 14 15 16 17 18
12Z AVG MX 2MIN
DY MAX MIN AVG DEP HDD CDD WTR SNW DPTH SPD SPD DIR MIN PSBL S-S WX SPD DR
================================================================================
1 89 53 71 7 0 6 T M M 9.1 31 70 M M 1 3 42 230
2 90 48 69 4 0 4 0.00 M M 8.7 24 180 M M 0 34 210
3 90 49 70 5 0 5 0.00 M M 9.9 25 200 M M 0 33 190
4 80 50 65 0 0 0 T M M 9.2 30 330 M M 1 43 330
5 81 45 63 -3 2 0 0.00 M M 5.9 12 330 M M 0 16 320
6 86 46 66 0 0 1 T M M 6.3 24 40 M M 0 3 35 30
7 87 49 68 2 0 3 0.00 M M 8.3 23 310 M M 1 33 310
8 86 53 70 3 0 5 0.00 M M 6.0 18 250 M M 0 3 28 250
9 93 52 73 6 0 8 T M M 6.0 12 160 M M 0 18 150
10 94 54 74 7 0 9 0.00 M M 9.6 23 210 M M 0 29 220
11 89 60 75 8 0 10 0.00 M M 14.4 25 200 M M 0 34 220
12 91 47 69 1 0 4 0.00 M M 6.0 20 200 M M 0 25 200
13 90 48 69 1 0 4 0.00 M M 9.4 28 190 M M 1 37 200
14 87 50 69 1 0 4 0.00 M M 6.7 17 210 M M 1 24 190
15 90 49 70 2 0 5 0.00 M M 7.7 18 190 M M 0 24 180
16 98 50 74 6 0 9 0.00 M M 5.9 14 190 M M 0 8 22 210
17 91 56 74 5 0 9 0.00 M M 9.8 25 200 M M 0 8 34 220
18 92 58 75 6 0 10 0.00 M M 14.0 24 200 M M 0 32 180
19 93 51 72 3 0 7 0.00 M M 5.3 13 180 M M 0 19 230
20 91 56 74 5 0 9 T M M 6.2 33 300 M M 1 3 53 290
21 95 52 74 5 0 9 0.00 M M 5.2 12 360 M M 0 14 120
22 99 51 75 6 0 10 0.00 M M 5.9 16 190 M M 0 21 180
23 101 57 79 9 0 14 T M M 7.6 33 210 M M 0 3 42 220
24 92 59 76 6 0 11 T M M 8.6 23 190 M M 2 32 190
25 90 54 72 2 0 7 0.00 M M 9.7 26 210 M M 0 33 200
26 94 48 71 1 0 6 0.00 M M 9.3 25 200 M M 0 32 190
27 93 60 77 7 0 12 T M M 11.0 25 210 M M 1 3 37 310
28 94 48 71 1 0 6 0.00 M M 6.5 22 200 M M 0 30 220
29 97 53 75 5 0 10 0.00 M M 6.4 13 20 M M 0 17 40
30 96 50 73 3 0 8 0.00 M M 7.6 21 210 M M 0 26 210
31 96 54 75 5 0 10 0.00 M M 7.1 26 130 M M 0 34 130
================================================================================
SM 2835 1610 2 215 T M 249.3 M 9
================================================================================
AV 91.5 51.9 8.0 FASTST M M 0 MAX(MPH)
MISC ----> # 33 300 53 290
================================================================================
NOTES:
# LAST OF SEVERAL OCCURRENCES
COLUMN 17 PEAK WIND IN M.P.H.
PRELIMINARY LOCAL CLIMATOLOGICAL DATA (WS FORM: F-6) , PAGE 2
STATION: IDAHO FALLS
MONTH: JULY
YEAR: 2023
LATITUDE: 43 31 N
LONGITUDE: 112 4 W
[TEMPERATURE DATA] [PRECIPITATION DATA] SYMBOLS USED IN COLUMN 16
AVERAGE MONTHLY: 71.7 TOTAL FOR MONTH: T 1 = FOG OR MIST
DPTR FM NORMAL: 3.7 DPTR FM NORMAL: -0.46 2 = FOG REDUCING VISIBILITY
HIGHEST: 101 ON 23 GRTST 24HR T ON 1- 1 TO 1/4 MILE OR LESS
LOWEST: 45 ON 5 3 = THUNDER
SNOW, ICE PELLETS, HAIL 4 = ICE PELLETS
TOTAL MONTH: M 5 = HAIL
GRTST 24HR M ON M 6 = FREEZING RAIN OR DRIZZLE
GRTST DEPTH: M ON M 7 = DUSTSTORM OR SANDSTORM:
VSBY 1/2 MILE OR LESS
8 = SMOKE OR HAZE
[NO. OF DAYS WITH] [WEATHER - DAYS WITH] 9 = BLOWING SNOW
X = TORNADO
MAX 32 OR BELOW: 0 0.01 INCH OR MORE: 0
MAX 90 OR ABOVE: 23 0.10 INCH OR MORE: 0
MIN 32 OR BELOW: 0 0.50 INCH OR MORE: 0
MIN 0 OR BELOW: 0 1.00 INCH OR MORE: 0
[HDD (BASE 65) ]
TOTAL THIS MO. 2 CLEAR (SCALE 0-3) 31
DPTR FM NORMAL -27 PTCLDY (SCALE 4-7) 0
TOTAL FM JUL 1 2 CLOUDY (SCALE 8-10) 0
DPTR FM NORMAL -24
[CDD (BASE 65) ]
TOTAL THIS MO. 215
DPTR FM NORMAL 95 [PRESSURE DATA]
TOTAL FM JAN 1 222 HIGHEST SLP 30.19 ON 20
DPTR FM NORMAL 76 LOWEST SLP 25.25 ON 23
[REMARKS]
16TH: HIGH OF 98 BREAKS THE OLD RECORD OF 97 SET IN 1971.
22ND: HIGH OF 99 TIES THE OLD RECORD SET IN 2000.
23RD: HIGH OF 101 BREAKS THE OLD RECORD OF 100 SET IN 2003.
29TH: HIGH OF 97 BREAKS THE OLD RECORD OF 96 SET IN 2000.
#FINAL-07-23#