000
CXUS53 KUNR 011030
CF6IEN
PRELIMINARY LOCAL CLIMATOLOGICAL DATA (WS FORM: F-6)
STATION: PINE RIDGE SD
MONTH: NOVEMBER
YEAR: 2020
LATITUDE: 43 1 N
LONGITUDE: 102 31 W
TEMPERATURE IN F: :PCPN: SNOW: WIND :SUNSHINE: SKY :PK WND
================================================================================
1 2 3 4 5 6A 6B 7 8 9 10 11 12 13 14 15 16 17 18
12Z AVG MX 2MIN
DY MAX MIN AVG DEP HDD CDD WTR SNW DPTH SPD SPD DIR MIN PSBL S-S WX SPD DR
================================================================================
1 62 18 40 -1 25 0 0.00 M M 5.2 21 200 M M 0 8 27 210
2 75 25 50 9 15 0 0.00 M M 3.7 13 240 M M 0 17 250
3 77 28 53 13 12 0 0.00 M M 4.1 12 260 M M 0 17 250
4 78 30 54 14 11 0 0.00 M M 4.7 13 260 M M 0 17 290
5 78 26 52 13 13 0 0.00 M M 5.9 20 200 M M 0 24 200
6 80 35 58 19 7 0 0.00 M M 7.7 16 190 M M 0 22 200
7 79 39 59 21 6 0 0.00 M M 9.6 28 170 M M 0 47 180
8 65 27 46 8 19 0 0.18 M M 13.2 32 240 M M 3 1 47 170
9 30 19 25 -12 40 0 T M M 5.9 15 10 M M 8 12 21 20
10 41 20 31 -6 34 0 T M M 5.8 24 280 M M 5 1 37 270
11 49 25 37 1 28 0 0.00 M M 7.8 17 20 M M 5 24 20
12 38 18 28 -8 37 0 T M M 6.2 17 260 M M 5 26 260
13 56 21 39 4 26 0 0.00 M M 11.3 23 180 M M 0 32 190
14 54 23 39 4 26 0 0.10 M M 10.5 31 350 M M 3 12 50 340
15 43 17 30 -4 35 0 0.00 M M 4.1 16 270 M M 0 23 270
16 53 25 39 5 26 0 0.00 M M 5.1 15 280 M M 1 21 280
17 70 28 49 16 16 0 0.00 M M 7.6 26 180 M M 0 36 190
18 71 40 56 24 9 0 0.00 M M 7.2 26 240 M M 0 37 220
19 64 23 44 12 21 0 0.00 M M 7.5 23 310 M M 1 34 280
20 50 18 34 3 31 0 0.00 M M 2.5 10 360 M M 0 14 350
21 51 17 34 3 31 0 0.00 M M 6.3 23 200 M M 2 31 200
22 47 20 34 4 31 0 0.00 M M 5.7 12 210 M M 0 17 210
23 59 27 43 13 22 0 0.00 M M 9.6 24 190 M M 1 39 180
24 46 14 30 1 35 0 0.00 M M 4.2 17 350 M M 0 24 350
25 57 14 36 7 29 0 0.00 M M 5.1 17 240 M M 0 23 240
26 47 16 32 4 33 0 0.00 M M 5.0 16 240 M M 1 21 290
27 50 13 32 4 33 0 0.00 M M 7.1 21 240 M M 0 26 240
28 58 23 41 13 24 0 0.00 M M 7.3 22 10 M M 0 8 33 10
29 38 6 22 -5 43 0 0.00 M M 8.3 21 20 M M 0 32 360
30 53 8 31 4 34 0 0.00 M M 5.8 15 240 M M 0 19 260
================================================================================
SM 1719 663 752 0 0.28 M 200.0 M 35
================================================================================
AV 57.3 22.1 6.7 FASTST M M 1 MAX(MPH)
MISC ----> 32 240 50 340
================================================================================
NOTES:
# LAST OF SEVERAL OCCURRENCES
COLUMN 17 PEAK WIND IN M.P.H.
PRELIMINARY LOCAL CLIMATOLOGICAL DATA (WS FORM: F-6) , PAGE 2
STATION: PINE RIDGE SD
MONTH: NOVEMBER
YEAR: 2020
LATITUDE: 43 1 N
LONGITUDE: 102 31 W
[TEMPERATURE DATA] [PRECIPITATION DATA] SYMBOLS USED IN COLUMN 16
AVERAGE MONTHLY: 39.7 TOTAL FOR MONTH: 0.28 1 = FOG OR MIST
DPTR FM NORMAL: 5.9 DPTR FM NORMAL: -0.29 2 = FOG REDUCING VISIBILITY
HIGHEST: 80 ON 6 GRTST 24HR 0.18 ON 8- 8 TO 1/4 MILE OR LESS
LOWEST: 6 ON 29 3 = THUNDER
SNOW, ICE PELLETS, HAIL 4 = ICE PELLETS
TOTAL MONTH: M 5 = HAIL
GRTST 24HR M ON M 6 = FREEZING RAIN OR DRIZZLE
GRTST DEPTH: M ON M 7 = DUSTSTORM OR SANDSTORM:
VSBY 1/2 MILE OR LESS
8 = SMOKE OR HAZE
[NO. OF DAYS WITH] [WEATHER - DAYS WITH] 9 = BLOWING SNOW
X = TORNADO
MAX 32 OR BELOW: 1 0.01 INCH OR MORE: 2
MAX 90 OR ABOVE: 0 0.10 INCH OR MORE: 2
MIN 32 OR BELOW: 27 0.50 INCH OR MORE: 0
MIN 0 OR BELOW: 0 1.00 INCH OR MORE: 0
[HDD (BASE 65) ]
TOTAL THIS MO. 752 CLEAR (SCALE 0-3) 25
DPTR FM NORMAL -183 PTCLDY (SCALE 4-7) 5
TOTAL FM JUL 1 1597 CLOUDY (SCALE 8-10) 0
DPTR FM NORMAL -93
[CDD (BASE 65) ]
TOTAL THIS MO. 0
DPTR FM NORMAL 0 [PRESSURE DATA]
TOTAL FM JAN 1 1039 HIGHEST SLP 30.59 ON 20
DPTR FM NORMAL 322 LOWEST SLP 29.18 ON 8
[REMARKS]
#FINAL-11-20#