000
CXUS54 KFWD 010830
CF6ILE
PRELIMINARY LOCAL CLIMATOLOGICAL DATA (WS FORM: F-6)
STATION: KILLEEN SKYLARK
MONTH: DECEMBER
YEAR: 2022
LATITUDE: 31 4 N
LONGITUDE: 97 41 W
TEMPERATURE IN F: :PCPN: SNOW: WIND :SUNSHINE: SKY :PK WND
================================================================================
1 2 3 4 5 6A 6B 7 8 9 10 11 12 13 14 15 16 17 18
12Z AVG MX 2MIN
DY MAX MIN AVG DEP HDD CDD WTR SNW DPTH SPD SPD DIR MIN PSBL S-S WX SPD DR
================================================================================
1 53 33 43 -9 22 0 0.01 M M 5.9 13 100 M M 5 1 M M
2 74 49 62 11 3 0 0.01 M M 9.8 20 190 M M 7 1 23 180
3 65 52 59 8 6 0 0.00 M M 10.0 21 360 M M 9 31 360
4 56 49 53 2 12 0 T M M 4.0 8 340 M M 10 1 M M
5 79 55 67 17 0 2 0.00 M M 10.5 22 190 M M 5 1 25 190
6 78 62 70 20 0 5 0.00 M M 8.8 15 180 M M 1 M M
7 81 68 75 25 0 10 0.00 M M 10.2 18 190 M M 6 1 23 190
8 83 68 76 26 0 11 0.00 M M 8.5 15 210 M M 7 18 200
9 80 64 72 23 0 7 0.00 M M 6.9 14 170 M M 3 1 M M
10 75 62 69 20 0 4 0.00 M M 7.6 13 20 M M 8 20 170
11 62 55 59 10 6 0 0.03 M M 6.2 12 350 M M 3 1 M M
12 67 56 62 13 3 0 0.01 M M 10.3 17 160 M M 2 1 25 150
13 73 56 65 17 0 0 0.04 M M 10.4 20 160 M M 0 13 30 140
14 64 37 51 3 14 0 0.01 M M 8.1 21 310 M M 0 3 26 310
15 62 31 47 -1 18 0 0.00 M M 3.7 8 90 M M 0 8 M M
16 46 36 41 -7 24 0 T M M 6.8 15 10 M M 0 M M
17 55 31 43 -5 22 0 0.00 M M 5.2 14 340 M M 0 M M
18 56 27 42 -6 23 0 0.00 M M 5.5 12 140 M M 0 8 M M
19 49 41 45 -3 20 0 0.07 M M 4.4 8 80 M M 3 1 M M
20 49 40 45 -2 20 0 0.01 M M 7.7 14 30 M M 1 1 M M
21 48 31 40 -7 25 0 0.00 M M 5.5 9 200 M M 0 1 M M
22 45 13 29 -18 36 0 T M M 13.5 24 340 M M 0 1 35 340
23 28 12 20 -27 45 0 0.00 M M 11.9 21 350 M M 0 31 350
24 39 16 28 -19 37 0 0.00 M M 3.4 8 20 M M 0 M M
25 52 18 35 -12 30 0 0.00 M M 4.8 9 170 M M 0 M M
26 63 28 46 -1 19 0 0.00 M M 6.8 15 270 M M 0 20 300
27 56 25 41 -6 24 0 0.00 M M 7.6 13 180 M M 0 M M
28 74 41 58 11 7 0 0.00 M M 12.9 28 200 M M 0 38 200
29 75 56 66 19 0 1 0.00 M M 9.1 21 180 M M 0 31 170
30 62 44 53 6 12 0 0.00 M M 4.8 8 290 M M 0 M M
31 78 39 59 12 6 0 0.00 M M 9.0 17 210 M M 0 30 210
================================================================================
SM 1927 1295 434 40 0.19 M 239.8 M 70
================================================================================
AV 62.2 41.8 7.7 FASTST M M 2 MAX(MPH)
MISC ----> 28 200 38 200
================================================================================
NOTES:
# LAST OF SEVERAL OCCURRENCES
COLUMN 17 PEAK WIND IN M.P.H.
PRELIMINARY LOCAL CLIMATOLOGICAL DATA (WS FORM: F-6) , PAGE 2
STATION: KILLEEN SKYLARK
MONTH: DECEMBER
YEAR: 2022
LATITUDE: 31 4 N
LONGITUDE: 97 41 W
[TEMPERATURE DATA] [PRECIPITATION DATA] SYMBOLS USED IN COLUMN 16
AVERAGE MONTHLY: 52.0 TOTAL FOR MONTH: 0.19 1 = FOG OR MIST
DPTR FM NORMAL: 3.6 DPTR FM NORMAL: -2.34 2 = FOG REDUCING VISIBILITY
HIGHEST: 83 ON 8 GRTST 24HR 0.08 ON 19-20 TO 1/4 MILE OR LESS
LOWEST: 12 ON 23 3 = THUNDER
SNOW, ICE PELLETS, HAIL 4 = ICE PELLETS
TOTAL MONTH: M 5 = HAIL
GRTST 24HR M ON M 6 = FREEZING RAIN OR DRIZZLE
GRTST DEPTH: M ON M 7 = DUSTSTORM OR SANDSTORM:
VSBY 1/2 MILE OR LESS
8 = SMOKE OR HAZE
[NO. OF DAYS WITH] [WEATHER - DAYS WITH] 9 = BLOWING SNOW
X = TORNADO
MAX 32 OR BELOW: 1 0.01 INCH OR MORE: 8
MAX 90 OR ABOVE: 0 0.10 INCH OR MORE: 0
MIN 32 OR BELOW: 10 0.50 INCH OR MORE: 0
MIN 0 OR BELOW: 0 1.00 INCH OR MORE: 0
[HDD (BASE 65) ]
TOTAL THIS MO. 434 CLEAR (SCALE 0-3) 22
DPTR FM NORMAL -85 PTCLDY (SCALE 4-7) 7
TOTAL FM JUL 1 798 CLOUDY (SCALE 8-10) 2
DPTR FM NORMAL -52
[CDD (BASE 65) ]
TOTAL THIS MO. 40
DPTR FM NORMAL 35 [PRESSURE DATA]
TOTAL FM JAN 1 3490 HIGHEST SLP 30.81 ON 23
DPTR FM NORMAL 942 LOWEST SLP 29.66 ON 13
[REMARKS]
#FINAL-12-22#