000
CXUS54 KFWD 072148
CF6ILE
PRELIMINARY LOCAL CLIMATOLOGICAL DATA (WS FORM: F-6)
STATION: KILLEEN SKYLARK
MONTH: JUNE
YEAR: 2022
LATITUDE: 31 4 N
LONGITUDE: 97 41 W
TEMPERATURE IN F: :PCPN: SNOW: WIND :SUNSHINE: SKY :PK WND
================================================================================
1 2 3 4 5 6A 6B 7 8 9 10 11 12 13 14 15 16 17 18
12Z AVG MX 2MIN
DY MAX MIN AVG DEP HDD CDD WTR SNW DPTH SPD SPD DIR MIN PSBL S-S WX SPD DR
================================================================================
1 94 76 85 8 0 20 0.01 M M 11.0 16 150 M M 4 18 23 100
2 88 68 78 0 0 13 0.04 M M 7.6 20 40 M M 1 24 40
3 87 67 77 -1 0 12 T M M 4.9 12 10 M M 1 20 330
4 90 67 79 1 0 14 0.00 M M 6.2 12 130 M M 2 M M
5 96 70 83 5 0 18 0.00 M M 14.0 21 160 M M 0 26 180
6 100 74 87 8 0 22 0.00 M M 17.3 21 160 M M 1 32 180
7 99 74 87 8 0 22 0.00 M M 14.8 21 180 M M 1 26 170
8 96 75 86 7 0 21 0.00 M M 10.6 21 180 M M 2 30 180
9 98 72 85 6 0 20 0.00 M M 7.0 14 150 M M 0 18 150
10 101 76 89 10 0 24 0.00 M M 8.7 13 180 M M 0 20 180
11 104 77 91 11 0 26 0.00 M M 10.2 14 160 M M 0 20 170
12 103 76 90 10 0 25 0.00 M M 12.9 18 190 M M 0 24 190
13 100 76 88 8 0 23 0.00 M M 16.1 22 180 M M 0 32 150
14 98 76 87 7 0 22 0.00 M M 18.4 25 170 M M 0 38 150
15 97 78 88 8 0 23 0.00 M M 14.8 21 170 M M 0 31 170
16 101 77 89 9 0 24 0.00 M M 10.3 15 180 M M 0 21 180
17 99 73 86 6 0 21 0.00 M M 6.2 13 90 M M 0 18 130
18 98 73 86 5 0 21 0.00 M M 8.0 13 130 M M 0 18 130
19 100 75 88 7 0 23 0.00 M M 7.8 16 140 M M 0 23 140
20 101 72 87 6 0 22 0.00 M M 7.7 14 150 M M 0 24 140
21 100 78 89 8 0 24 0.00 M M 8.7 17 140 M M 0 8 23 140
22 99 75 87 6 0 22 0.00 M M 6.9 14 120 M M 0 16 90
23 102 77 90 9 0 25 0.00 M M 7.1 13 100 M M 0 17 100
24 102 76 89 8 0 24 0.00 M M 9.7 16 160 M M 0 8 22 180
25 102 75 89 8 0 24 0.00 M M 10.3 17 170 M M 0 22 150
26 102 75 89 7 0 24 0.00 M M 6.9 13 100 M M 0 8 24 100
27 98 72 85 3 0 20 0.60 M M 10.5 20 120 M M 3 13 33 140
28 91 71 81 -1 0 16 0.05 M M 7.4 14 60 M M 4 17 70
29 95 68 82 0 0 17 0.00 M M 5.1 9 10 M M 0 M M
30 97 72 85 3 0 20 0.00 M M 7.0 14 150 M M 0 22 150
================================================================================
SM 2938 2211 0 632 0.70 M 294.1 M 19
================================================================================
AV 97.9 73.7 9.8 FASTST M M 1 MAX(MPH)
MISC ----> 25 170 38 150
================================================================================
NOTES:
# LAST OF SEVERAL OCCURRENCES
COLUMN 17 PEAK WIND IN M.P.H.
PRELIMINARY LOCAL CLIMATOLOGICAL DATA (WS FORM: F-6) , PAGE 2
STATION: KILLEEN SKYLARK
MONTH: JUNE
YEAR: 2022
LATITUDE: 31 4 N
LONGITUDE: 97 41 W
[TEMPERATURE DATA] [PRECIPITATION DATA] SYMBOLS USED IN COLUMN 16
AVERAGE MONTHLY: 85.8 TOTAL FOR MONTH: 0.70 1 = FOG OR MIST
DPTR FM NORMAL: 5.7 DPTR FM NORMAL: -3.46 2 = FOG REDUCING VISIBILITY
HIGHEST: 104 ON 11 GRTST 24HR 0.60 ON 27-27 TO 1/4 MILE OR LESS
LOWEST: 67 ON 4, 3 3 = THUNDER
SNOW, ICE PELLETS, HAIL 4 = ICE PELLETS
TOTAL MONTH: M 5 = HAIL
GRTST 24HR M ON M 6 = FREEZING RAIN OR DRIZZLE
GRTST DEPTH: M ON M 7 = DUSTSTORM OR SANDSTORM:
VSBY 1/2 MILE OR LESS
8 = SMOKE OR HAZE
[NO. OF DAYS WITH] [WEATHER - DAYS WITH] 9 = BLOWING SNOW
X = TORNADO
MAX 32 OR BELOW: 0 0.01 INCH OR MORE: 4
MAX 90 OR ABOVE: 28 0.10 INCH OR MORE: 1
MIN 32 OR BELOW: 0 0.50 INCH OR MORE: 1
MIN 0 OR BELOW: 0 1.00 INCH OR MORE: 0
[HDD (BASE 65) ]
TOTAL THIS MO. 0 CLEAR (SCALE 0-3) 28
DPTR FM NORMAL 0 PTCLDY (SCALE 4-7) 2
TOTAL FM JUL 1 1696 CLOUDY (SCALE 8-10) 0
DPTR FM NORMAL -470
[CDD (BASE 65) ]
TOTAL THIS MO. 632
DPTR FM NORMAL 180 [PRESSURE DATA]
TOTAL FM JAN 1 1336 HIGHEST SLP 30.18 ON 27
DPTR FM NORMAL 494 LOWEST SLP 29.59 ON 6
[REMARKS]
#FINAL-06-22#